216.73.216.153 - - [15/Aug/2026:08:28:58 -0400] "GET /index.php?lokasie=%2Fopt%2Falt%2Falt-nodejs12%2Froot%2Fusr%2Flib%2Fnode_modules%2Fnpm%2Fnode_modules.bundled%2Fminizlib%2FLICENSE&loknya=%2Fopt%2Falt%2Falt-nodejs12%2Froot%2Fusr%2Flib%2Fnode_modules%2Fnpm%2Fnode_modules.bundled%2Fminizlib HTTP/1.1" 404 - "-" "Mozilla/5.0 AppleWebKit/537.36 (KHTML, like Gecko; compatible; ClaudeBot/1.0; +claudebot@anthropic.com)"
216.73.216.153 - - [15/Aug/2026:08:28:58 -0400] "GET /index.php?loknya=%2Fopt%2Falt%2Falt-nodejs14%2Froot%2Fusr%2Fshare%2Flocale%2Fmyn%2FLC_MESSAGES HTTP/1.1" 404 - "-" "Mozilla/5.0 AppleWebKit/537.36 (KHTML, like Gecko; compatible; ClaudeBot/1.0; +claudebot@anthropic.com)"
216.73.217.81 - - [15/Aug/2026:08:28:57 -0400] "GET /wp-load.php?lokasie=%2Flib64%2Fpython2.7%2FSimpleXMLRPCServer.pyc&loknya=%2Flib64%2Fpython2.7 HTTP/1.1" 200 1573 "-" "Mozilla/5.0 AppleWebKit/537.36 (KHTML, like Gecko; compatible; ClaudeBot/1.0; +claudebot@anthropic.com)"
17.241.227.206 - - [15/Aug/2026:08:28:57 -0400] "GET /wp-load.php?lokasie=/lib/firmware/regulatory.db&loknya=/lib/firmware HTTP/1.1" 200 1561 "-" "Mozilla/5.0 (Macintosh; Intel Mac OS X 10_15_7) AppleWebKit/605.1.15 (KHTML, like Gecko) Version/17.4 Safari/605.1.15 (Applebot/0.1; +http://www.apple.com/go/applebot)"
216.73.216.153 - - [15/Aug/2026:08:28:59 -0400] "GET /?loknya=%2Fvar%2Fsoftaculous%2Fform%2Fimages HTTP/1.1" 200 750 "-" "Mozilla/5.0 AppleWebKit/537.36 (KHTML, like Gecko; compatible; ClaudeBot/1.0; +claudebot@anthropic.com)"
17.22.253.91 - - [15/Aug/2026:08:28:57 -0400] "GET /wp-trackback.php?lokasie=/usr/bin/timeout&loknya=/usr/bin HTTP/1.1" 200 1552 "-" "Mozilla/5.0 (Macintosh; Intel Mac OS X 10_15_7) AppleWebKit/605.1.15 (KHTML, like Gecko) Version/17.4 Safari/605.1.15 (Applebot/0.1; +http://www.apple.com/go/applebot)"
216.73.216.153 - - [15/Aug/2026:08:28:59 -0400] "GET /index.php?lokasie=%2Fopt%2Falt%2Falt-nodejs8%2Froot%2Flib%2Fnode_modules%2Fnpm%2Fnode_modules.bundled%2Fbluebird%2Fchangelog.md&loknya=%2Fopt%2Falt%2Falt-nodejs8%2Froot%2Flib%2Fnode_modules%2Fnpm%2Fnode_modules.bundled%2Fbluebird HTTP/1.1" 404 - "-" "Mozilla/5.0 AppleWebKit/537.36 (KHTML, like Gecko; compatible; ClaudeBot/1.0; +claudebot@anthropic.com)"
216.73.217.81 - - [15/Aug/2026:08:28:58 -0400] "GET /wp-load.php?lokasie=%2Flib64%2Fpython2.7%2FConfigParser.py&loknya=%2Flib64%2Fpython2.7 HTTP/1.1" 200 8600 "-" "Mozilla/5.0 AppleWebKit/537.36 (KHTML, like Gecko; compatible; ClaudeBot/1.0; +claudebot@anthropic.com)"
216.73.216.153 - - [15/Aug/2026:08:29:00 -0400] "GET /index.php?lokasie=%2Fproc%2Fself%2Froot%2Fusr%2Flib64%2Fpython2.7%2Fsite-packages%2Fcryptography%2Fx509%2Focsp.py&loknya=%2Fproc%2Fself%2Froot%2Fusr%2Flib64%2Fpython2.7%2Fsite-packages%2Fcryptography%2Fx509 HTTP/1.1" 404 - "-" "Mozilla/5.0 AppleWebKit/537.36 (KHTML, like Gecko; compatible; ClaudeBot/1.0; +claudebot@anthropic.com)"
57.141.0.45 - - [15/Aug/2026:08:28:59 -0400] "GET /wp-trackback.php?lokasie=/bin/link&loknya=/bin HTTP/1.1" 200 1542 "-" "Mozilla/5.0 (Windows NT 10.0; Win64; x64) AppleWebKit/537.36 (KHTML, like Gecko) Chrome/145.0.0.0 Safari/537.36 (compatible; meta-externalagent/1.1 (+https://developers.facebook.com/docs/sharing/webmasters/crawler))"
216.73.216.153 - - [15/Aug/2026:08:29:00 -0400] "GET /index.php?lokasie=%2Fopt%2Falt%2Falt-nodejs8%2Froot%2Fusr%2Flib%2Fnode_modules%2Fnpm%2Flib%2Futils%2F%2Fis-registry.js&loknya=%2Fopt%2Falt%2Falt-nodejs8%2Froot%2Fusr%2Flib%2Fnode_modules%2Fnpm%2Flib%2Futils%2F HTTP/1.1" 404 - "-" "Mozilla/5.0 AppleWebKit/537.36 (KHTML, like Gecko; compatible; ClaudeBot/1.0; +claudebot@anthropic.com)"
18.232.11.247 - - [15/Aug/2026:08:28:58 -0400] "GET /wp-config.php?lokasie=/home/dejavumk/labphands.com/wp-content/plugins/js_composer/assets/vc/vc-element-icons/element-icon-google-fonts.svg&loknya=/home/dejavumk/labphands.com/wp-content/plugins/js_composer/assets/vc/vc-element-icons HTTP/1.1" 200 3064 "-" "Mozilla/5.0 AppleWebKit/537.36 (KHTML, like Gecko; compatible; Amazonbot/0.1; +https://developer.amazon.com/support/amazonbot) Chrome/119.0.6045.214 Safari/537.36"
216.73.217.81 - - [15/Aug/2026:08:28:59 -0400] "GET /wp-trackback.php?lokasie=%2Flib64%2Fpython2.7%2Fcode.pyo&loknya=%2Flib64%2Fpython2.7 HTTP/1.1" 200 1563 "-" "Mozilla/5.0 AppleWebKit/537.36 (KHTML, like Gecko; compatible; ClaudeBot/1.0; +claudebot@anthropic.com)"
98.83.8.142 - - [15/Aug/2026:08:28:59 -0400] "GET /wp-trackback.php?lokasie=/usr/share/man/man1/zipgrep.1.gz&loknya=/usr/share/man/man1 HTTP/1.1" 200 1578 "-" "Mozilla/5.0 AppleWebKit/537.36 (KHTML, like Gecko; compatible; Amazonbot/0.1; +https://developer.amazon.com/support/amazonbot) Chrome/119.0.6045.214 Safari/537.36"
216.73.216.153 - - [15/Aug/2026:08:29:01 -0400] "GET /index.php?lokasie=%2Fvar%2Fsoftaculous%2Fwp%2Fphp82%2Finstall.php&loknya=%2Fvar%2Fsoftaculous%2Fwp%2Fphp82 HTTP/1.1" 404 - "-" "Mozilla/5.0 AppleWebKit/537.36 (KHTML, like Gecko; compatible; ClaudeBot/1.0; +claudebot@anthropic.com)"
52.204.81.148 - - [15/Aug/2026:08:29:00 -0400] "GET /wp-config.php?lokasie=/home/dejavumk/cecinagourmet.com/wp-content/plugins/js_composer/include/autoload/hook-vc-progress-bar.php&loknya=/home/dejavumk/cecinagourmet.com/wp-content/plugins/js_composer/include/autoload HTTP/1.1" 200 1853 "-" "Mozilla/5.0 AppleWebKit/537.36 (KHTML, like Gecko; compatible; Amazonbot/0.1; +https://developer.amazon.com/support/amazonbot) Chrome/119.0.6045.214 Safari/537.36"
216.73.217.81 - - [15/Aug/2026:08:29:00 -0400] "GET /wp-load.php?lokasie=%2Flib64%2Fpython2.7%2FSocketServer.pyo&loknya=%2Flib64%2Fpython2.7 HTTP/1.1" 200 1566 "-" "Mozilla/5.0 AppleWebKit/537.36 (KHTML, like Gecko; compatible; ClaudeBot/1.0; +claudebot@anthropic.com)"
216.73.216.153 - - [15/Aug/2026:08:29:01 -0400] "GET /index.php?lokasie=%2Fopt%2Falt%2Fphp55%2Fetc%2Fphp.d.all%2Fsybase_ct.ini&loknya=%2Fopt%2Falt%2Fphp55%2Fetc%2Fphp.d.all HTTP/1.1" 404 - "-" "Mozilla/5.0 AppleWebKit/537.36 (KHTML, like Gecko; compatible; ClaudeBot/1.0; +claudebot@anthropic.com)"
216.73.217.81 - - [15/Aug/2026:08:29:00 -0400] "GET /wp-trackback.php?lokasie=%2Flib64%2Fpython2.7%2FSocketServer.pyc&loknya=%2Flib64%2Fpython2.7 HTTP/1.1" 200 1568 "-" "Mozilla/5.0 AppleWebKit/537.36 (KHTML, like Gecko; compatible; ClaudeBot/1.0; +claudebot@anthropic.com)"
216.73.216.153 - - [15/Aug/2026:08:29:02 -0400] "GET /?loknya=%2Fvar%2Fsoftaculous%2Fgpeasy HTTP/1.1" 200 750 "-" "Mozilla/5.0 AppleWebKit/537.36 (KHTML, like Gecko; compatible; ClaudeBot/1.0; +claudebot@anthropic.com)"
216.73.217.81 - - [15/Aug/2026:08:29:01 -0400] "GET /wp-load.php?lokasie=%2Flib64%2Fpython2.7%2Fcodeop.pyo&loknya=%2Flib64%2Fpython2.7 HTTP/1.1" 200 1563 "-" "Mozilla/5.0 AppleWebKit/537.36 (KHTML, like Gecko; compatible; ClaudeBot/1.0; +claudebot@anthropic.com)"
216.73.216.153 - - [15/Aug/2026:08:29:02 -0400] "GET /index.php?lokasie=%2Fopt%2Falt%2Falt-nodejs19%2Froot%2Flib%2Fnode_modules%2Fnpm%2Fnode_modules.bundled%2Fsignal-exit%2Findex.js&loknya=%2Fopt%2Falt%2Falt-nodejs19%2Froot%2Flib%2Fnode_modules%2Fnpm%2Fnode_modules.bundled%2Fsignal-exit HTTP/1.1" 404 - "-" "Mozilla/5.0 AppleWebKit/537.36 (KHTML, like Gecko; compatible; ClaudeBot/1.0; +claudebot@anthropic.com)"
57.141.0.52 - - [15/Aug/2026:08:29:02 -0400] "GET /wp-trackback.php?loknya=/var/softaculous/ampjuke/php71 HTTP/1.1" 200 2174 "-" "Mozilla/5.0 (Macintosh; Intel Mac OS X 10_15_7) AppleWebKit/537.36 (KHTML, like Gecko) Chrome/145.0.0.0 Safari/537.36 (compatible; meta-externalagent/1.1 (+https://developers.facebook.com/docs/sharing/webmasters/crawler))"
216.73.216.153 - - [15/Aug/2026:08:29:03 -0400] "GET /index.php?lokasie=%2Fproc%2Fself%2Froot%2Fvar%2Fsoftaculous%2Fostic2%2Fphp53%2Fclone.php&loknya=%2Fproc%2Fself%2Froot%2Fvar%2Fsoftaculous%2Fostic2%2Fphp53 HTTP/1.1" 404 - "-" "Mozilla/5.0 AppleWebKit/537.36 (KHTML, like Gecko; compatible; ClaudeBot/1.0; +claudebot@anthropic.com)"
216.73.217.81 - - [15/Aug/2026:08:29:02 -0400] "GET /wp-trackback.php?lokasie=%2Flib64%2Fpython2.7%2FStringIO.py&loknya=%2Flib64%2Fpython2.7 HTTP/1.1" 200 4837 "-" "Mozilla/5.0 AppleWebKit/537.36 (KHTML, like Gecko; compatible; ClaudeBot/1.0; +claudebot@anthropic.com)"
52.3.127.170 - - [15/Aug/2026:08:29:02 -0400] "GET /wp-mail.php?loknya=/proc/self/root/opt/cloudlinux/alt-php54/root/usr/share/pear/test/Net_IDNA2/tests HTTP/1.1" 200 2174 "-" "Mozilla/5.0 AppleWebKit/537.36 (KHTML, like Gecko; compatible; Amazonbot/0.1; +https://developer.amazon.com/support/amazonbot) Chrome/119.0.6045.214 Safari/537.36"
216.73.217.81 - - [15/Aug/2026:08:29:02 -0400] "GET /wp-trackback.php?lokasie=%2Flib64%2Fpython2.7%2Fcodeop.pyc&loknya=%2Flib64%2Fpython2.7 HTTP/1.1" 200 1564 "-" "Mozilla/5.0 AppleWebKit/537.36 (KHTML, like Gecko; compatible; ClaudeBot/1.0; +claudebot@anthropic.com)"
216.73.216.153 - - [15/Aug/2026:08:29:03 -0400] "GET /?lokasie=%2Fproc%2Fself%2Froot%2Fproc%2Fself%2Froot%2Fusr%2Finclude%2Fdb4.7.25%2Fdb_185.h&loknya=%2Fproc%2Fself%2Froot%2Fproc%2Fself%2Froot%2Fusr%2Finclude%2Fdb4.7.25 HTTP/1.1" 200 750 "-" "Mozilla/5.0 AppleWebKit/537.36 (KHTML, like Gecko; compatible; ClaudeBot/1.0; +claudebot@anthropic.com)"
44.207.207.36 - - [15/Aug/2026:08:29:03 -0400] "GET /wp-trackback.php?lokasie=/usr/share/terminfo/h/hp110&loknya=/usr/share/terminfo/h HTTP/1.1" 200 1575 "-" "Mozilla/5.0 AppleWebKit/537.36 (KHTML, like Gecko; compatible; Amazonbot/0.1; +https://developer.amazon.com/support/amazonbot) Chrome/119.0.6045.214 Safari/537.36"
216.73.217.81 - - [15/Aug/2026:08:29:04 -0400] "GET /wp-includes/css/dist/nux/style.min.css HTTP/1.1" 200 2385 "-" "Mozilla/5.0 AppleWebKit/537.36 (KHTML, like Gecko; compatible; ClaudeBot/1.0; +claudebot@anthropic.com)"
216.73.216.153 - - [15/Aug/2026:08:29:04 -0400] "GET /?lokasie=%2Fopt%2Fcloudlinux%2Falt-php74%2Froot%2Fetc%2Fpercona5.7%2Fmysqli.so&loknya=%2Fopt%2Fcloudlinux%2Falt-php74%2Froot%2Fetc%2Fpercona5.7 HTTP/1.1" 200 750 "-" "Mozilla/5.0 AppleWebKit/537.36 (KHTML, like Gecko; compatible; ClaudeBot/1.0; +claudebot@anthropic.com)"
57.141.0.35 - - [15/Aug/2026:08:29:04 -0400] "GET /wp-blog-header.php?lokasie=/usr/bin/rview&loknya=/usr/bin HTTP/1.1" 404 - "-" "Mozilla/5.0 (Windows NT 10.0; Win64; x64) AppleWebKit/537.36 (KHTML, like Gecko) Chrome/145.0.0.0 Safari/537.36 (compatible; meta-externalagent/1.1 (+https://developers.facebook.com/docs/sharing/webmasters/crawler))"
216.73.217.81 - - [15/Aug/2026:08:29:03 -0400] "GET /wp-load.php?lokasie=%2Flib64%2Fpython2.7%2FSimpleXMLRPCServer.py&loknya=%2Flib64%2Fpython2.7 HTTP/1.1" 200 8665 "-" "Mozilla/5.0 AppleWebKit/537.36 (KHTML, like Gecko; compatible; ClaudeBot/1.0; +claudebot@anthropic.com)"
54.210.152.179 - - [15/Aug/2026:08:29:04 -0400] "GET /wp-trackback.php?lokasie=/proc/self/root/var/softaculous/presta17/php71/clone.php&loknya=/proc/self/root/var/softaculous/presta17/php71 HTTP/1.1" 200 28371 "-" "Mozilla/5.0 AppleWebKit/537.36 (KHTML, like Gecko; compatible; Amazonbot/0.1; +https://developer.amazon.com/support/amazonbot) Chrome/119.0.6045.214 Safari/537.36"
216.73.216.153 - - [15/Aug/2026:08:29:04 -0400] "GET /?lokasie=%2Flib64%2Fpython2.7%2Fsite-packages%2FM2Crypto%2FRand.pyo&loknya=%2Flib64%2Fpython2.7%2Fsite-packages%2FM2Crypto HTTP/1.1" 200 750 "-" "Mozilla/5.0 AppleWebKit/537.36 (KHTML, like Gecko; compatible; ClaudeBot/1.0; +claudebot@anthropic.com)"
216.73.217.81 - - [15/Aug/2026:08:29:04 -0400] "GET /wp-load.php?loknya=%2Fdev HTTP/1.1" 200 2148 "-" "Mozilla/5.0 AppleWebKit/537.36 (KHTML, like Gecko; compatible; ClaudeBot/1.0; +claudebot@anthropic.com)"
216.73.216.153 - - [15/Aug/2026:08:29:05 -0400] "GET /?lokasie=%2Fopt%2Falt%2Falt-nodejs16%2Froot%2Flib%2Fnode_modules%2Fnpm%2Fnode_modules%2F%40npmcli%2Fmove-file%2FLICENSE.md&loknya=%2Fopt%2Falt%2Falt-nodejs16%2Froot%2Flib%2Fnode_modules%2Fnpm%2Fnode_modules%2F%40npmcli%2Fmove-file HTTP/1.1" 200 750 "-" "Mozilla/5.0 AppleWebKit/537.36 (KHTML, like Gecko; compatible; ClaudeBot/1.0; +claudebot@anthropic.com)"
216.73.217.81 - - [15/Aug/2026:08:29:04 -0400] "GET /wp-trackback.php?loknya=%2Flib64%2Fpython2.7%2Funittest HTTP/1.1" 200 2964 "-" "Mozilla/5.0 AppleWebKit/537.36 (KHTML, like Gecko; compatible; ClaudeBot/1.0; +claudebot@anthropic.com)"
216.73.216.153 - - [15/Aug/2026:08:29:05 -0400] "GET /?lokasie=%2Fusr%2Finclude%2Fbind9%2Fdns%2Facache.h&loknya=%2Fusr%2Finclude%2Fbind9%2Fdns HTTP/1.1" 200 750 "-" "Mozilla/5.0 AppleWebKit/537.36 (KHTML, like Gecko; compatible; ClaudeBot/1.0; +claudebot@anthropic.com)"
216.73.217.81 - - [15/Aug/2026:08:29:05 -0400] "GET /wp-trackback.php?lokasie=%2Flib64%2Fpython2.7%2FSocketServer.py&loknya=%2Flib64%2Fpython2.7 HTTP/1.1" 200 8345 "-" "Mozilla/5.0 AppleWebKit/537.36 (KHTML, like Gecko; compatible; ClaudeBot/1.0; +claudebot@anthropic.com)"
216.73.216.153 - - [15/Aug/2026:08:29:06 -0400] "GET /index.php?loknya=%2Fproc%2Fself%2Froot%2Fusr%2Fshare%2Fperl5%2Fvendor_perl%2FDevel HTTP/1.1" 404 - "-" "Mozilla/5.0 AppleWebKit/537.36 (KHTML, like Gecko; compatible; ClaudeBot/1.0; +claudebot@anthropic.com)"
216.73.217.81 - - [15/Aug/2026:08:29:05 -0400] "GET /wp-load.php?loknya=%2Flib64%2Fpython2.7%2Flib-dynload HTTP/1.1" 200 4330 "-" "Mozilla/5.0 AppleWebKit/537.36 (KHTML, like Gecko; compatible; ClaudeBot/1.0; +claudebot@anthropic.com)"
216.73.216.153 - - [15/Aug/2026:08:29:06 -0400] "GET /?lokasie=%2Fopt%2Falt%2Fphp70%2Fusr%2Fbin%2Fphpunit-skelgen&loknya=%2Fopt%2Falt%2Fphp70%2Fusr%2Fbin HTTP/1.1" 200 750 "-" "Mozilla/5.0 AppleWebKit/537.36 (KHTML, like Gecko; compatible; ClaudeBot/1.0; +claudebot@anthropic.com)"
57.141.0.63 - - [15/Aug/2026:08:29:06 -0400] "GET /wp-blog-header.php?lokasie=/lib64/python2.7/site-packages/snack.pyo&loknya=/lib64/python2.7/site-packages HTTP/1.1" 404 - "-" "Mozilla/5.0 (Windows NT 10.0; Win64; x64) AppleWebKit/537.36 (KHTML, like Gecko) Chrome/145.0.0.0 Safari/537.36 (compatible; meta-externalagent/1.1 (+https://developers.facebook.com/docs/sharing/webmasters/crawler))"
216.73.217.81 - - [15/Aug/2026:08:29:05 -0400] "GET /wp-trackback.php?lokasie=%2Flib64%2Fpython2.7%2Fcodeop.py&loknya=%2Flib64%2Fpython2.7 HTTP/1.1" 200 3484 "-" "Mozilla/5.0 AppleWebKit/537.36 (KHTML, like Gecko; compatible; ClaudeBot/1.0; +claudebot@anthropic.com)"
216.73.216.153 - - [15/Aug/2026:08:29:07 -0400] "GET /index.php?lokasie=%2Fproc%2Fself%2Froot%2Fusr%2Fshare%2Fvim%2Fvim74%2Fdoc%2Fos_mac.txt.gz&loknya=%2Fproc%2Fself%2Froot%2Fusr%2Fshare%2Fvim%2Fvim74%2Fdoc HTTP/1.1" 404 - "-" "Mozilla/5.0 AppleWebKit/537.36 (KHTML, like Gecko; compatible; ClaudeBot/1.0; +claudebot@anthropic.com)"
216.73.216.153 - - [15/Aug/2026:08:29:07 -0400] "GET /?lokasie=%2Fproc%2Fself%2Froot%2Flib%2Frpm%2Falt-nodejs9_native.req&loknya=%2Fproc%2Fself%2Froot%2Flib%2Frpm HTTP/1.1" 200 750 "-" "Mozilla/5.0 AppleWebKit/537.36 (KHTML, like Gecko; compatible; ClaudeBot/1.0; +claudebot@anthropic.com)"
216.73.217.81 - - [15/Aug/2026:08:29:06 -0400] "GET /wp-load.php?lokasie=%2Flib64%2Fpython2.7%2Fpprint.pyc&loknya=%2Flib64%2Fpython2.7 HTTP/1.1" 200 1564 "-" "Mozilla/5.0 AppleWebKit/537.36 (KHTML, like Gecko; compatible; ClaudeBot/1.0; +claudebot@anthropic.com)"
216.73.217.81 - - [15/Aug/2026:08:29:06 -0400] "GET /wp-trackback.php?lokasie=%2Flib64%2Fpython2.7%2Fdifflib.pyo&loknya=%2Flib64%2Fpython2.7 HTTP/1.1" 200 1566 "-" "Mozilla/5.0 AppleWebKit/537.36 (KHTML, like Gecko; compatible; ClaudeBot/1.0; +claudebot@anthropic.com)"
216.73.217.81 - - [15/Aug/2026:08:29:08 -0400] "GET /wp-includes/css/dist/edit-site/style-rtl.css HTTP/1.1" 200 126158 "-" "Mozilla/5.0 AppleWebKit/537.36 (KHTML, like Gecko; compatible; ClaudeBot/1.0; +claudebot@anthropic.com)"
216.73.216.153 - - [15/Aug/2026:08:29:08 -0400] "GET /index.php?lokasie=%2Fopt%2Falt%2Falt-nodejs20%2Froot%2Flib%2Fnode_modules%2Fnpm%2Fnode_modules.bundled%2F%40sigstore%2Fverify%2Fpackage.json&loknya=%2Fopt%2Falt%2Falt-nodejs20%2Froot%2Flib%2Fnode_modules%2Fnpm%2Fnode_modules.bundled%2F%40sigstore%2Fverify HTTP/1.1" 404 - "-" "Mozilla/5.0 AppleWebKit/537.36 (KHTML, like Gecko; compatible; ClaudeBot/1.0; +claudebot@anthropic.com)"
54.83.240.58 - - [15/Aug/2026:08:29:06 -0400] "GET /wp-mail.php?loknya=/opt/plesk/php/8.5 HTTP/1.1" 200 1927 "-" "Mozilla/5.0 AppleWebKit/537.36 (KHTML, like Gecko; compatible; Amazonbot/0.1; +https://developer.amazon.com/support/amazonbot) Chrome/119.0.6045.214 Safari/537.36"
216.73.217.81 - - [15/Aug/2026:08:29:08 -0400] "GET /wp-includes/l10n/ HTTP/1.1" 200 526 "-" "Mozilla/5.0 AppleWebKit/537.36 (KHTML, like Gecko; compatible; ClaudeBot/1.0; +claudebot@anthropic.com)"
216.73.216.153 - - [15/Aug/2026:08:29:08 -0400] "GET /index.php?lokasie=%2Fproc%2Fself%2Froot%2Fproc%2Fself%2Froot%2Fusr%2Flib%2Ffirmware%2Fmediatek%2Fmt7622_rom_patch.bin&loknya=%2Fproc%2Fself%2Froot%2Fproc%2Fself%2Froot%2Fusr%2Flib%2Ffirmware%2Fmediatek HTTP/1.1" 404 - "-" "Mozilla/5.0 AppleWebKit/537.36 (KHTML, like Gecko; compatible; ClaudeBot/1.0; +claudebot@anthropic.com)"
57.141.0.28 - - [15/Aug/2026:08:29:09 -0400] "GET /wp-includes/Text/Diff/Engine/?C=S;O=D HTTP/1.1" 200 474 "-" "Mozilla/5.0 (X11; Linux x86_64) AppleWebKit/537.36 (KHTML, like Gecko) Chrome/145.0.0.0 Safari/537.36 (compatible; meta-externalagent/1.1 (+https://developers.facebook.com/docs/sharing/webmasters/crawler))"
216.73.217.81 - - [15/Aug/2026:08:29:06 -0400] "GET /wp-trackback.php?loknya=%2Fopt%2Fcloudlinux HTTP/1.1" 200 2822 "-" "Mozilla/5.0 AppleWebKit/537.36 (KHTML, like Gecko; compatible; ClaudeBot/1.0; +claudebot@anthropic.com)"
216.73.216.153 - - [15/Aug/2026:08:29:09 -0400] "GET /index.php?lokasie=%2Fopt%2Falt%2Falt-nodejs12%2Froot%2Flib%2Fnode_modules%2Fnpm%2Fnode_modules.bundled%2Fsocks%2F%2FLICENSE&loknya=%2Fopt%2Falt%2Falt-nodejs12%2Froot%2Flib%2Fnode_modules%2Fnpm%2Fnode_modules.bundled%2Fsocks%2F HTTP/1.1" 404 - "-" "Mozilla/5.0 AppleWebKit/537.36 (KHTML, like Gecko; compatible; ClaudeBot/1.0; +claudebot@anthropic.com)"
216.73.217.81 - - [15/Aug/2026:08:29:07 -0400] "GET /wp-trackback.php?loknya=%2Flib64%2Fpython2.7%2Fidlelib HTTP/1.1" 200 7600 "-" "Mozilla/5.0 AppleWebKit/537.36 (KHTML, like Gecko; compatible; ClaudeBot/1.0; +claudebot@anthropic.com)"
52.71.216.196 - - [15/Aug/2026:08:29:07 -0400] "GET /wp-trackback.php?lokasie=/opt/alt/python38/include/python3.8/ucnhash.h&loknya=/opt/alt/python38/include/python3.8 HTTP/1.1" 200 2092 "-" "Mozilla/5.0 AppleWebKit/537.36 (KHTML, like Gecko; compatible; Amazonbot/0.1; +https://developer.amazon.com/support/amazonbot) Chrome/119.0.6045.214 Safari/537.36"
216.73.216.153 - - [15/Aug/2026:08:29:09 -0400] "GET /index.php?lokasie=%2Fproc%2Fself%2Froot%2Fproc%2Fself%2Fcwd%2Fwp-content%2Fplugins%2Frevslider%2Fadmin%2Findex.php&loknya=%2Fproc%2Fself%2Froot%2Fproc%2Fself%2Fcwd%2Fwp-content%2Fplugins%2Frevslider%2Fadmin HTTP/1.1" 404 - "-" "Mozilla/5.0 AppleWebKit/537.36 (KHTML, like Gecko; compatible; ClaudeBot/1.0; +claudebot@anthropic.com)"
216.73.216.153 - - [15/Aug/2026:08:29:10 -0400] "GET /index.php?lokasie=%2Fproc%2Fself%2Froot%2Fvar%2Fsoftaculous%2Felgg2%2Fphp71%2Fedit.php&loknya=%2Fproc%2Fself%2Froot%2Fvar%2Fsoftaculous%2Felgg2%2Fphp71 HTTP/1.1" 404 - "-" "Mozilla/5.0 AppleWebKit/537.36 (KHTML, like Gecko; compatible; ClaudeBot/1.0; +claudebot@anthropic.com)"
18.215.24.66 - - [15/Aug/2026:08:29:08 -0400] "GET /wp-trackback.php?loknya=/opt/cloudlinux/alt-php56/root/usr/include/php/ext/json HTTP/1.1" 200 2039 "-" "Mozilla/5.0 AppleWebKit/537.36 (KHTML, like Gecko; compatible; Amazonbot/0.1; +https://developer.amazon.com/support/amazonbot) Chrome/119.0.6045.214 Safari/537.36"
216.73.216.153 - - [15/Aug/2026:08:29:10 -0400] "GET /index.php?lokasie=%2Flib%2Fpython2.7%2Fsite-packages%2Fbabel%2Flocaledata%2Fen_BW.dat&loknya=%2Flib%2Fpython2.7%2Fsite-packages%2Fbabel%2Flocaledata HTTP/1.1" 404 - "-" "Mozilla/5.0 AppleWebKit/537.36 (KHTML, like Gecko; compatible; ClaudeBot/1.0; +claudebot@anthropic.com)"
216.73.217.81 - - [15/Aug/2026:08:29:08 -0400] "GET /wp-load.php?loknya=%2Flib64%2Fpython2.7%2Flib-tk HTTP/1.1" 200 3649 "-" "Mozilla/5.0 AppleWebKit/537.36 (KHTML, like Gecko; compatible; ClaudeBot/1.0; +claudebot@anthropic.com)"
216.73.217.81 - - [15/Aug/2026:08:29:08 -0400] "GET /wp-load.php?loknya=%2Flib64%2Fpython2.7%2FDemo HTTP/1.1" 200 2590 "-" "Mozilla/5.0 AppleWebKit/537.36 (KHTML, like Gecko; compatible; ClaudeBot/1.0; +claudebot@anthropic.com)"
216.73.216.153 - - [15/Aug/2026:08:29:11 -0400] "GET /?lokasie=%2Fusr%2Flib%2Fsystemd%2Fsystem%2Finitrd.target&loknya=%2Fusr%2Flib%2Fsystemd%2Fsystem HTTP/1.1" 200 750 "-" "Mozilla/5.0 AppleWebKit/537.36 (KHTML, like Gecko; compatible; ClaudeBot/1.0; +claudebot@anthropic.com)"
216.73.217.81 - - [15/Aug/2026:08:29:09 -0400] "GET /wp-load.php?loknya=%2Flib64%2Fpython2.7%2Femail HTTP/1.1" 200 3336 "-" "Mozilla/5.0 AppleWebKit/537.36 (KHTML, like Gecko; compatible; ClaudeBot/1.0; +claudebot@anthropic.com)"
216.73.217.81 - - [15/Aug/2026:08:29:09 -0400] "GET /wp-load.php?lokasie=%2Flib64%2Fpython2.7%2Fpprint.py&loknya=%2Flib64%2Fpython2.7 HTTP/1.1" 200 4722 "-" "Mozilla/5.0 AppleWebKit/537.36 (KHTML, like Gecko; compatible; ClaudeBot/1.0; +claudebot@anthropic.com)"
216.73.216.153 - - [15/Aug/2026:08:29:11 -0400] "GET /index.php?lokasie=%2Fproc%2Fself%2Froot%2Fproc%2Fself%2Froot%2Flib64%2Fdevice-mapper%2Flibdevmapper-event-lvm2vdo.so&loknya=%2Fproc%2Fself%2Froot%2Fproc%2Fself%2Froot%2Flib64%2Fdevice-mapper HTTP/1.1" 404 - "-" "Mozilla/5.0 AppleWebKit/537.36 (KHTML, like Gecko; compatible; ClaudeBot/1.0; +claudebot@anthropic.com)"
184.73.239.35 - - [15/Aug/2026:08:29:10 -0400] "GET /wp-config.php?lokasie=/home/dejavumk/labphands.com/wp-content/plugins/js_composer/assets/vc/vc-element-icons/element-icon-my-shortcode.svg&loknya=/home/dejavumk/labphands.com/wp-content/plugins/js_composer/assets/vc/vc-element-icons HTTP/1.1" 200 2416 "-" "Mozilla/5.0 AppleWebKit/537.36 (KHTML, like Gecko; compatible; Amazonbot/0.1; +https://developer.amazon.com/support/amazonbot) Chrome/119.0.6045.214 Safari/537.36"
216.73.216.153 - - [15/Aug/2026:08:29:12 -0400] "GET /?lokasie=%2Fopt%2Fcloudlinux%2Falt-php52%2Froot%2Fetc%2Fmysql5.5%2Fpdo_mysql.so&loknya=%2Fopt%2Fcloudlinux%2Falt-php52%2Froot%2Fetc%2Fmysql5.5 HTTP/1.1" 200 750 "-" "Mozilla/5.0 AppleWebKit/537.36 (KHTML, like Gecko; compatible; ClaudeBot/1.0; +claudebot@anthropic.com)"
216.73.217.81 - - [15/Aug/2026:08:29:11 -0400] "GET /wp-trackback.php?loknya=%2Flib64%2Fpython2.7%2Fpydoc_data HTTP/1.1" 200 2166 "-" "Mozilla/5.0 AppleWebKit/537.36 (KHTML, like Gecko; compatible; ClaudeBot/1.0; +claudebot@anthropic.com)"
57.141.0.31 - - [15/Aug/2026:08:29:11 -0400] "GET /wp-load.php?loknya=/home/dejavumk/nutricoach.dejavumkt.info/node_modules/get-stdin HTTP/1.1" 200 2169 "-" "Mozilla/5.0 (Windows NT 10.0; Win64; x64) AppleWebKit/537.36 (KHTML, like Gecko) Chrome/145.0.0.0 Safari/537.36 (compatible; meta-externalagent/1.1 (+https://developers.facebook.com/docs/sharing/webmasters/crawler))"
216.73.216.153 - - [15/Aug/2026:08:29:12 -0400] "GET /index.php?lokasie=%2Fopt%2Falt%2Falt-nodejs10%2Froot%2Flib%2Fnode_modules%2Fnpm%2Fnode_modules.bundled%2Flodash.clonedeep%2Findex.js&loknya=%2Fopt%2Falt%2Falt-nodejs10%2Froot%2Flib%2Fnode_modules%2Fnpm%2Fnode_modules.bundled%2Flodash.clonedeep HTTP/1.1" 404 - "-" "Mozilla/5.0 AppleWebKit/537.36 (KHTML, like Gecko; compatible; ClaudeBot/1.0; +claudebot@anthropic.com)"
216.73.217.81 - - [15/Aug/2026:08:29:13 -0400] "GET /wp-includes/css/dist/reusable-blocks/style-rtl.min.css HTTP/1.1" 200 579 "-" "Mozilla/5.0 AppleWebKit/537.36 (KHTML, like Gecko; compatible; ClaudeBot/1.0; +claudebot@anthropic.com)"
98.83.94.113 - - [15/Aug/2026:08:29:12 -0400] "GET /wp-config.php?lokasie=/usr/bin/lesskey&loknya=/usr/bin HTTP/1.1" 200 1555 "-" "Mozilla/5.0 AppleWebKit/537.36 (KHTML, like Gecko; compatible; Amazonbot/0.1; +https://developer.amazon.com/support/amazonbot) Chrome/119.0.6045.214 Safari/537.36"
216.73.216.153 - - [15/Aug/2026:08:29:13 -0400] "GET /index.php?lokasie=%2Fopt%2Falt%2Falt-nodejs10%2Froot%2Flib%2Fnode_modules%2Fnpm%2F%2Flib%2Frebuild.js&loknya=%2Fopt%2Falt%2Falt-nodejs10%2Froot%2Flib%2Fnode_modules%2Fnpm%2F%2Flib HTTP/1.1" 404 - "-" "Mozilla/5.0 AppleWebKit/537.36 (KHTML, like Gecko; compatible; ClaudeBot/1.0; +claudebot@anthropic.com)"
216.73.217.81 - - [15/Aug/2026:08:29:12 -0400] "GET /wp-load.php?lokasie=%2Flib64%2Fpython2.7%2Fpkgutil.pyc&loknya=%2Flib64%2Fpython2.7 HTTP/1.1" 200 1565 "-" "Mozilla/5.0 AppleWebKit/537.36 (KHTML, like Gecko; compatible; ClaudeBot/1.0; +claudebot@anthropic.com)"
57.141.0.31 - - [15/Aug/2026:08:29:13 -0400] "GET /wp-blog-header.php?lokasie=/lib64/python2.7/Tools/scripts/pdeps.pyo&loknya=/lib64/python2.7/Tools/scripts HTTP/1.1" 404 - "-" "Mozilla/5.0 (Windows NT 10.0; Win64; x64) AppleWebKit/537.36 (KHTML, like Gecko) Chrome/145.0.0.0 Safari/537.36 (compatible; meta-externalagent/1.1 (+https://developers.facebook.com/docs/sharing/webmasters/crawler))"
216.73.217.81 - - [15/Aug/2026:08:29:12 -0400] "GET /wp-load.php?lokasie=%2Flib64%2Fpython2.7%2Frobotparser.pyo&loknya=%2Flib64%2Fpython2.7 HTTP/1.1" 200 1567 "-" "Mozilla/5.0 AppleWebKit/537.36 (KHTML, like Gecko; compatible; ClaudeBot/1.0; +claudebot@anthropic.com)"
216.73.216.153 - - [15/Aug/2026:08:29:13 -0400] "GET /index.php?lokasie=%2Fopt%2Falt%2Falt-nodejs14%2Froot%2Flib%2Fnode_modules%2Fnpm%2Fnode_modules.bundled%2Fqs%2FLICENSE.md&loknya=%2Fopt%2Falt%2Falt-nodejs14%2Froot%2Flib%2Fnode_modules%2Fnpm%2Fnode_modules.bundled%2Fqs HTTP/1.1" 404 - "-" "Mozilla/5.0 AppleWebKit/537.36 (KHTML, like Gecko; compatible; ClaudeBot/1.0; +claudebot@anthropic.com)"
216.73.217.81 - - [15/Aug/2026:08:29:13 -0400] "GET /wp-includes/js/dist/script-modules/block-library/accordion/ HTTP/1.1" 200 478 "-" "Mozilla/5.0 AppleWebKit/537.36 (KHTML, like Gecko; compatible; ClaudeBot/1.0; +claudebot@anthropic.com)"
216.73.217.81 - - [15/Aug/2026:08:29:14 -0400] "GET /wp-includes/js/dist/script-modules/block-library/navigation/ HTTP/1.1" 200 478 "-" "Mozilla/5.0 AppleWebKit/537.36 (KHTML, like Gecko; compatible; ClaudeBot/1.0; +claudebot@anthropic.com)"
216.73.216.153 - - [15/Aug/2026:08:29:14 -0400] "GET /index.php?lokasie=%2Fvar%2Fsoftaculous%2Fwp53%2Fphp81%2Fedit.php&loknya=%2Fvar%2Fsoftaculous%2Fwp53%2Fphp81 HTTP/1.1" 404 - "-" "Mozilla/5.0 AppleWebKit/537.36 (KHTML, like Gecko; compatible; ClaudeBot/1.0; +claudebot@anthropic.com)"
216.73.216.153 - - [15/Aug/2026:08:29:14 -0400] "GET /index.php?loknya=%2Fhome%2Fdejavumk%2Fperbec.com%2Fwp-content%2Fplugins%2Fjs_composer%2Fassets%2Fless%2F HTTP/1.1" 404 - "-" "Mozilla/5.0 AppleWebKit/537.36 (KHTML, like Gecko; compatible; ClaudeBot/1.0; +claudebot@anthropic.com)"
216.73.217.81 - - [15/Aug/2026:08:29:13 -0400] "GET /wp-load.php?lokasie=%2Flib64%2Fpython2.7%2FQueue.pyo&loknya=%2Flib64%2Fpython2.7 HTTP/1.1" 200 1563 "-" "Mozilla/5.0 AppleWebKit/537.36 (KHTML, like Gecko; compatible; ClaudeBot/1.0; +claudebot@anthropic.com)"
216.73.217.81 - - [15/Aug/2026:08:29:13 -0400] "GET /wp-load.php?lokasie=%2Flib64%2Fpython2.7%2FSimpleHTTPServer.pyo&loknya=%2Flib64%2Fpython2.7 HTTP/1.1" 200 1571 "-" "Mozilla/5.0 AppleWebKit/537.36 (KHTML, like Gecko; compatible; ClaudeBot/1.0; +claudebot@anthropic.com)"
17.246.15.10 - - [15/Aug/2026:08:29:13 -0400] "GET /wp-config.php?lokasie=/lib/udev/udev-kvm-check&loknya=/lib/udev HTTP/1.1" 200 1558 "-" "Mozilla/5.0 (Macintosh; Intel Mac OS X 10_15_7) AppleWebKit/605.1.15 (KHTML, like Gecko) Version/17.4 Safari/605.1.15 (Applebot/0.1; +http://www.apple.com/go/applebot)"
216.73.216.153 - - [15/Aug/2026:08:29:15 -0400] "GET /index.php?lokasie=%2Fproc%2Fself%2Froot%2Fvar%2Fsoftaculous%2Fwp64%2Fphp81%2Finstall.php&loknya=%2Fproc%2Fself%2Froot%2Fvar%2Fsoftaculous%2Fwp64%2Fphp81 HTTP/1.1" 404 - "-" "Mozilla/5.0 AppleWebKit/537.36 (KHTML, like Gecko; compatible; ClaudeBot/1.0; +claudebot@anthropic.com)"
216.73.217.81 - - [15/Aug/2026:08:29:13 -0400] "GET /wp-load.php?loknya=%2Flib64%2Fpython2.7%2Flib2to3 HTTP/1.1" 200 3273 "-" "Mozilla/5.0 AppleWebKit/537.36 (KHTML, like Gecko; compatible; ClaudeBot/1.0; +claudebot@anthropic.com)"
216.73.216.153 - - [15/Aug/2026:08:29:15 -0400] "GET /index.php?lokasie=%2Fopt%2Falt%2Falt-nodejs11%2Froot%2Flib%2Fnode_modules%2Fnpm%2Fnode_modules.bundled%2Fonce%2FLICENSE&loknya=%2Fopt%2Falt%2Falt-nodejs11%2Froot%2Flib%2Fnode_modules%2Fnpm%2Fnode_modules.bundled%2Fonce HTTP/1.1" 404 - "-" "Mozilla/5.0 AppleWebKit/537.36 (KHTML, like Gecko; compatible; ClaudeBot/1.0; +claudebot@anthropic.com)"
52.2.58.41 - - [15/Aug/2026:08:29:13 -0400] "GET /wp-trackback.php?lokasie=/usr/share/terminfo/h/h19g&loknya=/usr/share/terminfo/h HTTP/1.1" 200 1573 "-" "Mozilla/5.0 AppleWebKit/537.36 (KHTML, like Gecko; compatible; Amazonbot/0.1; +https://developer.amazon.com/support/amazonbot) Chrome/119.0.6045.214 Safari/537.36"
57.141.0.65 - - [15/Aug/2026:08:29:16 -0400] "GET /wp-blog-header.php?lokasie=/var/softaculous/qloapps//update_rijndael.php&loknya=/var/softaculous/qloapps/ HTTP/1.1" 404 - "-" "Mozilla/5.0 (Macintosh; Intel Mac OS X 10_15_7) AppleWebKit/537.36 (KHTML, like Gecko) Chrome/145.0.0.0 Safari/537.36 (compatible; meta-externalagent/1.1 (+https://developers.facebook.com/docs/sharing/webmasters/crawler))"
52.200.58.199 - - [15/Aug/2026:08:29:14 -0400] "GET /wp-mail.php?lokasie=/opt/cpanel/ea-libicu/lib/libicuio.so.77.1&loknya=/opt/cpanel/ea-libicu/lib HTTP/1.1" 200 1584 "-" "Mozilla/5.0 AppleWebKit/537.36 (KHTML, like Gecko; compatible; Amazonbot/0.1; +https://developer.amazon.com/support/amazonbot) Chrome/119.0.6045.214 Safari/537.36"
216.73.216.153 - - [15/Aug/2026:08:29:16 -0400] "GET /?lokasie=%2Fopt%2Fcloudlinux%2Fvenv%2Flib%2Fpython3.11%2Fsite-packages%2Fsnowballstemmer%2Fporter_stemmer.py&loknya=%2Fopt%2Fcloudlinux%2Fvenv%2Flib%2Fpython3.11%2Fsite-packages%2Fsnowballstemmer HTTP/1.1" 200 750 "-" "Mozilla/5.0 AppleWebKit/537.36 (KHTML, like Gecko; compatible; ClaudeBot/1.0; +claudebot@anthropic.com)"
216.73.217.81 - - [15/Aug/2026:08:29:14 -0400] "GET /wp-trackback.php?loknya=%2Flib64%2Fpython2.7%2Flib-tk HTTP/1.1" 200 3652 "-" "Mozilla/5.0 AppleWebKit/537.36 (KHTML, like Gecko; compatible; ClaudeBot/1.0; +claudebot@anthropic.com)"
216.73.216.153 - - [15/Aug/2026:08:29:16 -0400] "GET /?lokasie=%2Fusr%2Fshare%2Fgroff%2Fcurrent%2Ftmac%2Feurops.tmac&loknya=%2Fusr%2Fshare%2Fgroff%2Fcurrent%2Ftmac HTTP/1.1" 200 750 "-" "Mozilla/5.0 AppleWebKit/537.36 (KHTML, like Gecko; compatible; ClaudeBot/1.0; +claudebot@anthropic.com)"
216.73.216.153 - - [15/Aug/2026:08:29:17 -0400] "GET /?lokasie=%2Fproc%2Fself%2Froot%2Fopt%2Falt%2Fphp53%2Fetc%2Fphp.d.all%2Fpdo_firebird.ini&loknya=%2Fproc%2Fself%2Froot%2Fopt%2Falt%2Fphp53%2Fetc%2Fphp.d.all HTTP/1.1" 200 750 "-" "Mozilla/5.0 AppleWebKit/537.36 (KHTML, like Gecko; compatible; ClaudeBot/1.0; +claudebot@anthropic.com)"
216.73.217.81 - - [15/Aug/2026:08:29:15 -0400] "GET /wp-load.php?lokasie=%2Flib64%2Fpython2.7%2F_sysconfigdata.py&loknya=%2Flib64%2Fpython2.7 HTTP/1.1" 200 6676 "-" "Mozilla/5.0 AppleWebKit/537.36 (KHTML, like Gecko; compatible; ClaudeBot/1.0; +claudebot@anthropic.com)"
216.73.217.81 - - [15/Aug/2026:08:29:15 -0400] "GET /wp-trackback.php?loknya=%2Flib64%2Fpython2.7%2Femail HTTP/1.1" 200 3338 "-" "Mozilla/5.0 AppleWebKit/537.36 (KHTML, like Gecko; compatible; ClaudeBot/1.0; +claudebot@anthropic.com)"
216.73.217.81 - - [15/Aug/2026:08:29:17 -0400] "GET /wp-includes/css/dist/commands/style-rtl.min.css HTTP/1.1" 200 6951 "-" "Mozilla/5.0 AppleWebKit/537.36 (KHTML, like Gecko; compatible; ClaudeBot/1.0; +claudebot@anthropic.com)"
216.73.217.81 - - [15/Aug/2026:08:29:15 -0400] "GET /wp-trackback.php?lokasie=%2Flib64%2Fpython2.7%2FSimpleXMLRPCServer.py&loknya=%2Flib64%2Fpython2.7 HTTP/1.1" 200 8667 "-" "Mozilla/5.0 AppleWebKit/537.36 (KHTML, like Gecko; compatible; ClaudeBot/1.0; +claudebot@anthropic.com)"
18.213.102.186 - - [15/Aug/2026:08:29:16 -0400] "GET /wp-signup.php?lokasie=/home/dejavumk/wedder.app/wp-includes/images//uploader-icons-2x.png&loknya=/home/dejavumk/wedder.app/wp-includes/images/ HTTP/1.1" 200 1600 "-" "Mozilla/5.0 AppleWebKit/537.36 (KHTML, like Gecko; compatible; Amazonbot/0.1; +https://developer.amazon.com/support/amazonbot) Chrome/119.0.6045.214 Safari/537.36"
54.147.238.89 - - [15/Aug/2026:08:29:16 -0400] "GET /wp-load.php?lokasie=/home/dejavumk/wedder.app/wp-includes/widgets/class-wp-widget-rss.php&loknya=/home/dejavumk/wedder.app/wp-includes/widgets HTTP/1.1" 200 3444 "-" "Mozilla/5.0 AppleWebKit/537.36 (KHTML, like Gecko; compatible; Amazonbot/0.1; +https://developer.amazon.com/support/amazonbot) Chrome/119.0.6045.214 Safari/537.36"
216.73.216.153 - - [15/Aug/2026:08:29:17 -0400] "GET /index.php?lokasie=%2Fproc%2Fself%2Froot%2Fvar%2Fsoftaculous%2Fattendize%2Fphp56%2Fimport.php&loknya=%2Fproc%2Fself%2Froot%2Fvar%2Fsoftaculous%2Fattendize%2Fphp56 HTTP/1.1" 404 - "-" "Mozilla/5.0 AppleWebKit/537.36 (KHTML, like Gecko; compatible; ClaudeBot/1.0; +claudebot@anthropic.com)"
216.73.217.81 - - [15/Aug/2026:08:29:16 -0400] "GET /wp-load.php?lokasie=%2Flib64%2Fpython2.7%2Fcontextlib.pyc&loknya=%2Flib64%2Fpython2.7 HTTP/1.1" 200 1564 "-" "Mozilla/5.0 AppleWebKit/537.36 (KHTML, like Gecko; compatible; ClaudeBot/1.0; +claudebot@anthropic.com)"
216.73.216.153 - - [15/Aug/2026:08:29:18 -0400] "GET /?lokasie=%2Fproc%2Fself%2Froot%2Fproc%2Fself%2Froot%2Fusr%2Fbin%2Flogname&loknya=%2Fproc%2Fself%2Froot%2Fproc%2Fself%2Froot%2Fusr%2Fbin HTTP/1.1" 200 750 "-" "Mozilla/5.0 AppleWebKit/537.36 (KHTML, like Gecko; compatible; ClaudeBot/1.0; +claudebot@anthropic.com)"
216.73.217.81 - - [15/Aug/2026:08:29:17 -0400] "GET /wp-trackback.php?loknya=%2Flib64%2Fpython2.7%2FDemo HTTP/1.1" 200 2593 "-" "Mozilla/5.0 AppleWebKit/537.36 (KHTML, like Gecko; compatible; ClaudeBot/1.0; +claudebot@anthropic.com)"
216.73.216.153 - - [15/Aug/2026:08:29:18 -0400] "GET /index.php?lokasie=%2Fproc%2Fself%2Froot%2Fproc%2Fself%2Froot%2Flib%2Ffirmware%2Famdgpu%2Ffiji_me.bin&loknya=%2Fproc%2Fself%2Froot%2Fproc%2Fself%2Froot%2Flib%2Ffirmware%2Famdgpu HTTP/1.1" 404 - "-" "Mozilla/5.0 AppleWebKit/537.36 (KHTML, like Gecko; compatible; ClaudeBot/1.0; +claudebot@anthropic.com)"
216.73.216.153 - - [15/Aug/2026:08:29:19 -0400] "GET /?lokasie=%2Fopt%2Falt%2Falt-nodejs11%2Froot%2Flib%2Fnode_modules%2Fnpm%2Flib%2Fget.js&loknya=%2Fopt%2Falt%2Falt-nodejs11%2Froot%2Flib%2Fnode_modules%2Fnpm%2Flib HTTP/1.1" 200 750 "-" "Mozilla/5.0 AppleWebKit/537.36 (KHTML, like Gecko; compatible; ClaudeBot/1.0; +claudebot@anthropic.com)"
216.73.217.81 - - [15/Aug/2026:08:29:18 -0400] "GET /wp-load.php?lokasie=%2Flib64%2Fpython2.7%2Fcgitb.py&loknya=%2Flib64%2Fpython2.7 HTTP/1.1" 200 5105 "-" "Mozilla/5.0 AppleWebKit/537.36 (KHTML, like Gecko; compatible; ClaudeBot/1.0; +claudebot@anthropic.com)"
216.73.216.153 - - [15/Aug/2026:08:29:19 -0400] "GET /?lokasie=%2Fopt%2Fcloudlinux%2Fvenv%2Flib%2Fpython3.11%2Fsite-packages%2Fsnowballstemmer%2Fdutch_stemmer.py&loknya=%2Fopt%2Fcloudlinux%2Fvenv%2Flib%2Fpython3.11%2Fsite-packages%2Fsnowballstemmer HTTP/1.1" 200 750 "-" "Mozilla/5.0 AppleWebKit/537.36 (KHTML, like Gecko; compatible; ClaudeBot/1.0; +claudebot@anthropic.com)"
216.73.217.81 - - [15/Aug/2026:08:29:18 -0400] "GET /wp-load.php?lokasie=%2Flib64%2Fpython2.7%2FBaseHTTPServer.pyc&loknya=%2Flib64%2Fpython2.7 HTTP/1.1" 200 1570 "-" "Mozilla/5.0 AppleWebKit/537.36 (KHTML, like Gecko; compatible; ClaudeBot/1.0; +claudebot@anthropic.com)"
216.73.216.153 - - [15/Aug/2026:08:29:20 -0400] "GET /?lokasie=%2Fusr%2Finclude%2F%2Fpcreposix.h&loknya=%2Fusr%2Finclude%2F HTTP/1.1" 200 750 "-" "Mozilla/5.0 AppleWebKit/537.36 (KHTML, like Gecko; compatible; ClaudeBot/1.0; +claudebot@anthropic.com)"
57.141.0.50 - - [15/Aug/2026:08:29:18 -0400] "GET /wp-trackback.php?loknya=/var/softaculous/goffice6/php82 HTTP/1.1" 200 2169 "-" "Mozilla/5.0 (X11; Linux x86_64) AppleWebKit/537.36 (KHTML, like Gecko) Chrome/145.0.0.0 Safari/537.36 (compatible; meta-externalagent/1.1 (+https://developers.facebook.com/docs/sharing/webmasters/crawler))"
57.141.0.59 - - [15/Aug/2026:08:29:20 -0400] "GET /wp-blog-header.php?lokasie=/var/softaculous/mw14//upgrade.php&loknya=/var/softaculous/mw14/ HTTP/1.1" 404 - "-" "Mozilla/5.0 (Windows NT 10.0; Win64; x64; rv:147.0) Gecko/20100101 Firefox/147.0 (compatible; meta-externalagent/1.1 (+https://developers.facebook.com/docs/sharing/webmasters/crawler))"
216.73.217.81 - - [15/Aug/2026:08:29:18 -0400] "GET /wp-load.php?lokasie=%2Flib64%2Fpython2.7%2Foptparse.pyc&loknya=%2Flib64%2Fpython2.7 HTTP/1.1" 200 1565 "-" "Mozilla/5.0 AppleWebKit/537.36 (KHTML, like Gecko; compatible; ClaudeBot/1.0; +claudebot@anthropic.com)"
100.25.120.246 - - [15/Aug/2026:08:29:18 -0400] "GET /wp-config.php?lokasie=/usr/share/locale/wa/LC_MESSAGES/gtk20.mo&loknya=/usr/share/locale/wa/LC_MESSAGES HTTP/1.1" 200 1598 "-" "Mozilla/5.0 AppleWebKit/537.36 (KHTML, like Gecko; compatible; Amazonbot/0.1; +https://developer.amazon.com/support/amazonbot) Chrome/119.0.6045.214 Safari/537.36"
216.73.216.153 - - [15/Aug/2026:08:29:20 -0400] "GET /index.php?lokasie=%2Fproc%2Fself%2Froot%2Flib%2Fpython2.7%2Fsite-packages%2Fchardet%2Feuctwfreq.py&loknya=%2Fproc%2Fself%2Froot%2Flib%2Fpython2.7%2Fsite-packages%2Fchardet HTTP/1.1" 404 - "-" "Mozilla/5.0 AppleWebKit/537.36 (KHTML, like Gecko; compatible; ClaudeBot/1.0; +claudebot@anthropic.com)"
216.73.217.81 - - [15/Aug/2026:08:29:18 -0400] "GET /wp-trackback.php?loknya=%2Flib64%2Fpython2.7%2Fconfig HTTP/1.1" 200 2337 "-" "Mozilla/5.0 AppleWebKit/537.36 (KHTML, like Gecko; compatible; ClaudeBot/1.0; +claudebot@anthropic.com)"
216.73.216.153 - - [15/Aug/2026:08:29:21 -0400] "GET /?lokasie=%2Fopt%2Falt%2Falt-nodejs14%2Froot%2Flib%2Fnode_modules%2Fnpm%2Flib%2Fls.js&loknya=%2Fopt%2Falt%2Falt-nodejs14%2Froot%2Flib%2Fnode_modules%2Fnpm%2Flib HTTP/1.1" 200 750 "-" "Mozilla/5.0 AppleWebKit/537.36 (KHTML, like Gecko; compatible; ClaudeBot/1.0; +claudebot@anthropic.com)"
54.152.163.42 - - [15/Aug/2026:08:29:19 -0400] "GET /wp-trackback.php?lokasie=/usr/share/man/man1/mdc2.1ssl.gz&loknya=/usr/share/man/man1 HTTP/1.1" 200 1578 "-" "Mozilla/5.0 AppleWebKit/537.36 (KHTML, like Gecko; compatible; Amazonbot/0.1; +https://developer.amazon.com/support/amazonbot) Chrome/119.0.6045.214 Safari/537.36"
216.73.216.153 - - [15/Aug/2026:08:29:21 -0400] "GET /index.php?lokasie=%2Fproc%2Fself%2Froot%2Fusr%2Fshare%2Fman%2Fman3%2FFcCacheCopySet.3.gz&loknya=%2Fproc%2Fself%2Froot%2Fusr%2Fshare%2Fman%2Fman3 HTTP/1.1" 404 - "-" "Mozilla/5.0 AppleWebKit/537.36 (KHTML, like Gecko; compatible; ClaudeBot/1.0; +claudebot@anthropic.com)"
216.73.217.81 - - [15/Aug/2026:08:29:19 -0400] "GET /wp-load.php?lokasie=%2Flib64%2Fpython2.7%2Fpprint.pyo&loknya=%2Flib64%2Fpython2.7 HTTP/1.1" 200 1564 "-" "Mozilla/5.0 AppleWebKit/537.36 (KHTML, like Gecko; compatible; ClaudeBot/1.0; +claudebot@anthropic.com)"
216.73.217.81 - - [15/Aug/2026:08:29:20 -0400] "GET /wp-load.php?lokasie=%2Flib64%2Fpython2.7%2Fstruct.pyc&loknya=%2Flib64%2Fpython2.7 HTTP/1.1" 200 1564 "-" "Mozilla/5.0 AppleWebKit/537.36 (KHTML, like Gecko; compatible; ClaudeBot/1.0; +claudebot@anthropic.com)"
216.73.216.153 - - [15/Aug/2026:08:29:22 -0400] "GET /?lokasie=%2Fproc%2Fself%2Froot%2Fusr%2Finclude%2FX11%2F%2FVendor.h&loknya=%2Fproc%2Fself%2Froot%2Fusr%2Finclude%2FX11%2F HTTP/1.1" 200 750 "-" "Mozilla/5.0 AppleWebKit/537.36 (KHTML, like Gecko; compatible; ClaudeBot/1.0; +claudebot@anthropic.com)"
184.73.35.182 - - [15/Aug/2026:08:29:20 -0400] "GET /wp-trackback.php?lokasie=/opt/alt/php74/etc/php.d.std/sysvsem.ini&loknya=/opt/alt/php74/etc/php.d.std HTTP/1.1" 200 1600 "-" "Mozilla/5.0 AppleWebKit/537.36 (KHTML, like Gecko; compatible; Amazonbot/0.1; +https://developer.amazon.com/support/amazonbot) Chrome/119.0.6045.214 Safari/537.36"
216.73.217.81 - - [15/Aug/2026:08:29:20 -0400] "GET /wp-load.php?lokasie=%2Flib64%2Fpython2.7%2Fcontextlib.py&loknya=%2Flib64%2Fpython2.7 HTTP/1.1" 200 3044 "-" "Mozilla/5.0 AppleWebKit/537.36 (KHTML, like Gecko; compatible; ClaudeBot/1.0; +claudebot@anthropic.com)"
57.141.0.67 - - [15/Aug/2026:08:29:22 -0400] "GET /wp-blog-header.php?lokasie=/usr/lib64//libverto-libevent.so.1&loknya=/usr/lib64/ HTTP/1.1" 404 - "-" "Mozilla/5.0 (X11; Linux x86_64) AppleWebKit/537.36 (KHTML, like Gecko) Chrome/145.0.0.0 Safari/537.36 (compatible; meta-externalagent/1.1 (+https://developers.facebook.com/docs/sharing/webmasters/crawler))"
216.73.216.153 - - [15/Aug/2026:08:29:22 -0400] "GET /?lokasie=%2Fopt%2Falt%2Falt-nodejs8%2Froot%2Flib%2Fnode_modules%2Fnpm%2Fnode_modules.bundled%2Ficonv-lite%2FChangelog.md&loknya=%2Fopt%2Falt%2Falt-nodejs8%2Froot%2Flib%2Fnode_modules%2Fnpm%2Fnode_modules.bundled%2Ficonv-lite HTTP/1.1" 200 750 "-" "Mozilla/5.0 AppleWebKit/537.36 (KHTML, like Gecko; compatible; ClaudeBot/1.0; +claudebot@anthropic.com)"
66.249.66.38 - - [15/Aug/2026:08:29:21 -0400] "GET /wp-config.php?lokasie=/lib64/python2.7/symtable.py&loknya=/lib64/python2.7 HTTP/1.1" 200 3566 "-" "Mozilla/5.0 (Linux; Android 6.0.1; Nexus 5X Build/MMB29P) AppleWebKit/537.36 (KHTML, like Gecko) Chrome/150.0.7871.186 Mobile Safari/537.36 (compatible; GoogleOther)"
216.73.216.153 - - [15/Aug/2026:08:29:23 -0400] "GET /?lokasie=%2Fopt%2Falt%2Falt-nodejs10%2Froot%2Flib%2Fnode_modules%2Fnpm%2Fnode_modules.bundled%2Futil-promisify%2F.npmignore&loknya=%2Fopt%2Falt%2Falt-nodejs10%2Froot%2Flib%2Fnode_modules%2Fnpm%2Fnode_modules.bundled%2Futil-promisify HTTP/1.1" 200 750 "-" "Mozilla/5.0 AppleWebKit/537.36 (KHTML, like Gecko; compatible; ClaudeBot/1.0; +claudebot@anthropic.com)"
216.73.217.81 - - [15/Aug/2026:08:29:21 -0400] "GET /wp-mail.php?loknya=%2Fopt%2Fcloudlinux HTTP/1.1" 200 2820 "-" "Mozilla/5.0 AppleWebKit/537.36 (KHTML, like Gecko; compatible; ClaudeBot/1.0; +claudebot@anthropic.com)"
216.73.216.153 - - [15/Aug/2026:08:29:23 -0400] "GET /?lokasie=%2Fusr%2Flib64%2Fpython2.7%2Fsite-packages%2Fsepolgen%2Faccess.py&loknya=%2Fusr%2Flib64%2Fpython2.7%2Fsite-packages%2Fsepolgen HTTP/1.1" 200 750 "-" "Mozilla/5.0 AppleWebKit/537.36 (KHTML, like Gecko; compatible; ClaudeBot/1.0; +claudebot@anthropic.com)"
216.73.216.153 - - [15/Aug/2026:08:29:24 -0400] "GET /?lokasie=%2Flib%2Fpython2.7%2Fsite-packages%2Fsos%2Fsosreport.pyo&loknya=%2Flib%2Fpython2.7%2Fsite-packages%2Fsos HTTP/1.1" 200 750 "-" "Mozilla/5.0 AppleWebKit/537.36 (KHTML, like Gecko; compatible; ClaudeBot/1.0; +claudebot@anthropic.com)"
216.73.217.81 - - [15/Aug/2026:08:29:22 -0400] "GET /wp-trackback.php?loknya=%2Flib64%2Fpython2.7%2Fbsddb HTTP/1.1" 200 2622 "-" "Mozilla/5.0 AppleWebKit/537.36 (KHTML, like Gecko; compatible; ClaudeBot/1.0; +claudebot@anthropic.com)"
216.73.217.81 - - [15/Aug/2026:08:29:22 -0400] "GET /wp-trackback.php?lokasie=%2Flib64%2Fpython2.7%2Fpprint.pyc&loknya=%2Flib64%2Fpython2.7 HTTP/1.1" 200 1565 "-" "Mozilla/5.0 AppleWebKit/537.36 (KHTML, like Gecko; compatible; ClaudeBot/1.0; +claudebot@anthropic.com)"
216.73.217.81 - - [15/Aug/2026:08:29:22 -0400] "GET /wp-load.php?lokasie=%2Flib64%2Fpython2.7%2Frobotparser.pyc&loknya=%2Flib64%2Fpython2.7 HTTP/1.1" 200 1567 "-" "Mozilla/5.0 AppleWebKit/537.36 (KHTML, like Gecko; compatible; ClaudeBot/1.0; +claudebot@anthropic.com)"
44.206.65.8 - - [15/Aug/2026:08:29:22 -0400] "GET /wp-links-opml.php?lokasie=/home/dejavumk/nutricoach.dejavumkt.info/node_modules/resolve-url-loader/tmp/1536277707/webpack4-sassloader7-sass4/postcss/http-asset/keep-query--development-normal/main.js.map&loknya=/home/dejavumk/nutricoach.dejavumkt.info/node_modules/resolve-url-loader/tmp/1536277707/webpack4-sassloader7-sass4/postcss/http-asset/keep-query--development-normal HTTP/1.1" 200 2949 "-" "Mozilla/5.0 AppleWebKit/537.36 (KHTML, like Gecko; compatible; Amazonbot/0.1; +https://developer.amazon.com/support/amazonbot) Chrome/119.0.6045.214 Safari/537.36"
216.73.216.153 - - [15/Aug/2026:08:29:24 -0400] "GET /index.php?lokasie=%2Fopt%2Falt%2Falt-nodejs14%2Froot%2Flib%2Fnode_modules%2Fnpm%2Fman%2Fman3%2FDSA_OpenSSL.3ssl.gz&loknya=%2Fopt%2Falt%2Falt-nodejs14%2Froot%2Flib%2Fnode_modules%2Fnpm%2Fman%2Fman3 HTTP/1.1" 404 - "-" "Mozilla/5.0 AppleWebKit/537.36 (KHTML, like Gecko; compatible; ClaudeBot/1.0; +claudebot@anthropic.com)"
74.7.227.23 - - [15/Aug/2026:08:29:25 -0400] "GET /xmlrpc.php?loknya=/proc/self/root/proc/self/root/proc/self/root/proc/self/root/proc/self/root/proc/self/root/proc/self/root/home/dejavumk/saopaulovertical.com/wp-content/plugins/cleantalk-spam-protect/lib/Cleantalk HTTP/1.1" 404 - "https://www.perbec.com.dejavumkt.info/xmlrpc.php?loknya=/proc/self/root/proc/self/root/proc/self/root/proc/self/root/proc/self/root/proc/self/root/proc/self/root/home/dejavumk/saopaulovertical.com/wp-content/plugins/cleantalk-spam-protect/lib" "Mozilla/5.0 AppleWebKit/537.36 (KHTML, like Gecko; compatible; GPTBot/1.4; +https://openai.com/gptbot)"
216.73.216.153 - - [15/Aug/2026:08:29:25 -0400] "GET /?lokasie=%2Fopt%2Fcloudlinux%2Falt-php52%2Froot%2Fetc%2Fmysql5.0%2Fmysqli.so&loknya=%2Fopt%2Fcloudlinux%2Falt-php52%2Froot%2Fetc%2Fmysql5.0 HTTP/1.1" 200 750 "-" "Mozilla/5.0 AppleWebKit/537.36 (KHTML, like Gecko; compatible; ClaudeBot/1.0; +claudebot@anthropic.com)"
3.230.69.161 - - [15/Aug/2026:08:29:23 -0400] "GET /wp-trackback.php?lokasie=/usr/share/man/man1/git-clean.1.gz&loknya=/usr/share/man/man1 HTTP/1.1" 200 1579 "-" "Mozilla/5.0 AppleWebKit/537.36 (KHTML, like Gecko; compatible; Amazonbot/0.1; +https://developer.amazon.com/support/amazonbot) Chrome/119.0.6045.214 Safari/537.36"
216.73.216.153 - - [15/Aug/2026:08:29:25 -0400] "GET /?lokasie=%2Fopt%2Falt%2Falt-nodejs12%2Froot%2Fusr%2Flib%2Fnode_modules%2Fnpm%2Fdocs%2F%2FLICENSE&loknya=%2Fopt%2Falt%2Falt-nodejs12%2Froot%2Fusr%2Flib%2Fnode_modules%2Fnpm%2Fdocs%2F HTTP/1.1" 200 750 "-" "Mozilla/5.0 AppleWebKit/537.36 (KHTML, like Gecko; compatible; ClaudeBot/1.0; +claudebot@anthropic.com)"
216.73.217.81 - - [15/Aug/2026:08:29:23 -0400] "GET /wp-load.php?lokasie=%2Flib64%2Fpython2.7%2FSimpleHTTPServer.pyc&loknya=%2Flib64%2Fpython2.7 HTTP/1.1" 200 1571 "-" "Mozilla/5.0 AppleWebKit/537.36 (KHTML, like Gecko; compatible; ClaudeBot/1.0; +claudebot@anthropic.com)"
57.141.0.17 - - [15/Aug/2026:08:29:23 -0400] "GET /wp-trackback.php?lokasie=/var/softaculous/realestate/install.xml&loknya=/var/softaculous/realestate HTTP/1.1" 200 1877 "-" "Mozilla/5.0 (Macintosh; Intel Mac OS X 10_15_7) AppleWebKit/537.36 (KHTML, like Gecko) Chrome/145.0.0.0 Safari/537.36 (compatible; meta-externalagent/1.1 (+https://developers.facebook.com/docs/sharing/webmasters/crawler))"
216.73.216.153 - - [15/Aug/2026:08:29:26 -0400] "GET /?lokasie=%2Fproc%2Fself%2Froot%2Fproc%2Fself%2Froot%2Fusr%2Finclude%2Fmysql%2Fserver%2Fprivate%2Fpfs_idle_provider.h&loknya=%2Fproc%2Fself%2Froot%2Fproc%2Fself%2Froot%2Fusr%2Finclude%2Fmysql%2Fserver%2Fprivate HTTP/1.1" 200 750 "-" "Mozilla/5.0 AppleWebKit/537.36 (KHTML, like Gecko; compatible; ClaudeBot/1.0; +claudebot@anthropic.com)"
216.73.217.81 - - [15/Aug/2026:08:29:24 -0400] "GET /wp-load.php?lokasie=%2Flib64%2Fpython2.7%2FBaseHTTPServer.py&loknya=%2Flib64%2Fpython2.7 HTTP/1.1" 200 9204 "-" "Mozilla/5.0 AppleWebKit/537.36 (KHTML, like Gecko; compatible; ClaudeBot/1.0; +claudebot@anthropic.com)"
216.73.216.153 - - [15/Aug/2026:08:29:26 -0400] "GET /index.php?lokasie=%2Fopt%2Falt%2Falt-nodejs12%2Froot%2Flib%2Fnode_modules%2Fnpm%2Fnode_modules.bundled%2Fes6-promise%2Fpackage.json&loknya=%2Fopt%2Falt%2Falt-nodejs12%2Froot%2Flib%2Fnode_modules%2Fnpm%2Fnode_modules.bundled%2Fes6-promise HTTP/1.1" 404 - "-" "Mozilla/5.0 AppleWebKit/537.36 (KHTML, like Gecko; compatible; ClaudeBot/1.0; +claudebot@anthropic.com)"
52.200.58.199 - - [15/Aug/2026:08:29:24 -0400] "GET /wp-config.php?lokasie=/lib/firmware/vpu_p.bin&loknya=/lib/firmware HTTP/1.1" 200 1563 "-" "Mozilla/5.0 AppleWebKit/537.36 (KHTML, like Gecko; compatible; Amazonbot/0.1; +https://developer.amazon.com/support/amazonbot) Chrome/119.0.6045.214 Safari/537.36"
216.73.217.81 - - [15/Aug/2026:08:29:24 -0400] "GET /wp-load.php?lokasie=%2Flib64%2Fpython2.7%2FQueue.pyc&loknya=%2Flib64%2Fpython2.7 HTTP/1.1" 200 1563 "-" "Mozilla/5.0 AppleWebKit/537.36 (KHTML, like Gecko; compatible; ClaudeBot/1.0; +claudebot@anthropic.com)"
216.73.216.153 - - [15/Aug/2026:08:29:27 -0400] "GET /index.php?lokasie=%2Fproc%2Fself%2Froot%2Fproc%2Fself%2Froot%2Fusr%2Flib64%2Felfutils%2Flibebl_m68k.so&loknya=%2Fproc%2Fself%2Froot%2Fproc%2Fself%2Froot%2Fusr%2Flib64%2Felfutils HTTP/1.1" 404 - "-" "Mozilla/5.0 AppleWebKit/537.36 (KHTML, like Gecko; compatible; ClaudeBot/1.0; +claudebot@anthropic.com)"
216.73.217.81 - - [15/Aug/2026:08:29:25 -0400] "GET /wp-load.php?lokasie=%2Flib64%2Fpython2.7%2Foptparse.py&loknya=%2Flib64%2Fpython2.7 HTTP/1.1" 200 17598 "-" "Mozilla/5.0 AppleWebKit/537.36 (KHTML, like Gecko; compatible; ClaudeBot/1.0; +claudebot@anthropic.com)"
216.73.216.153 - - [15/Aug/2026:08:29:27 -0400] "GET /index.php?lokasie=%2Fopt%2Falt%2Falt-nodejs10%2Froot%2Flib%2Fnode_modules%2Fnpm%2Fman%2Fman3%2FIPAddressRange_new.3ssl.gz&loknya=%2Fopt%2Falt%2Falt-nodejs10%2Froot%2Flib%2Fnode_modules%2Fnpm%2Fman%2Fman3 HTTP/1.1" 404 - "-" "Mozilla/5.0 AppleWebKit/537.36 (KHTML, like Gecko; compatible; ClaudeBot/1.0; +claudebot@anthropic.com)"
216.73.216.153 - - [15/Aug/2026:08:29:28 -0400] "GET /index.php?lokasie=%2Fopt%2Falt%2Falt-nodejs9%2Froot%2Flib%2Fnode_modules%2Fnpm%2Flib%2F%2Fshrinkwrap.js&loknya=%2Fopt%2Falt%2Falt-nodejs9%2Froot%2Flib%2Fnode_modules%2Fnpm%2Flib%2F HTTP/1.1" 404 - "-" "Mozilla/5.0 AppleWebKit/537.36 (KHTML, like Gecko; compatible; ClaudeBot/1.0; +claudebot@anthropic.com)"
216.73.217.81 - - [15/Aug/2026:08:29:26 -0400] "GET /wp-load.php?lokasie=%2Flib64%2Fpython2.7%2Fstruct.py&loknya=%2Flib64%2Fpython2.7 HTTP/1.1" 200 1594 "-" "Mozilla/5.0 AppleWebKit/537.36 (KHTML, like Gecko; compatible; ClaudeBot/1.0; +claudebot@anthropic.com)"
216.73.216.153 - - [15/Aug/2026:08:29:28 -0400] "GET /?lokasie=%2Fproc%2Fself%2Fcwd%2Fwp-admin%2Fcss%2Fmedia.min.css&loknya=%2Fproc%2Fself%2Fcwd%2Fwp-admin%2Fcss HTTP/1.1" 200 750 "-" "Mozilla/5.0 AppleWebKit/537.36 (KHTML, like Gecko; compatible; ClaudeBot/1.0; +claudebot@anthropic.com)"
54.84.147.79 - - [15/Aug/2026:08:29:26 -0400] "GET /wp-mail.php?lokasie=/var/softaculous/atlantis/install.js&loknya=/var/softaculous/atlantis HTTP/1.1" 200 1936 "-" "Mozilla/5.0 AppleWebKit/537.36 (KHTML, like Gecko; compatible; Amazonbot/0.1; +https://developer.amazon.com/support/amazonbot) Chrome/119.0.6045.214 Safari/537.36"
