216.73.217.81 - - [15/Aug/2026:08:15:05 -0400] "GET /wp-links-opml.php?lokasie=%2Fhome%2Fdejavumk%2Fperbec.com%2Fwp-includes%2Frest-api%2Fendpoints%2Fclass-wp-rest-post-statuses-controller.php&loknya=%2Fhome%2Fdejavumk%2Fperbec.com%2Fwp-includes%2Frest-api%2Fendpoints HTTP/1.1" 200 4034 "-" "Mozilla/5.0 AppleWebKit/537.36 (KHTML, like Gecko; compatible; ClaudeBot/1.0; +claudebot@anthropic.com)"
143.198.74.248 - - [15/Aug/2026:08:15:05 -0400] "GET /wp-includes/js/dist/preferences-persistence.js HTTP/1.1" 200 3804 "-" "Mozilla/5.0 (X11; Linux x86_64) AppleWebKit/537.36 (KHTML, like Gecko) Chrome/142.0.0.0 Safari/537.36"
143.198.74.248 - - [15/Aug/2026:08:15:05 -0400] "GET /wp-includes/js/dist/preferences-persistence.min.js HTTP/1.1" 200 2018 "-" "Mozilla/5.0 (X11; Linux x86_64) AppleWebKit/537.36 (KHTML, like Gecko) Chrome/142.0.0.0 Safari/537.36"
146.190.118.147 - - [15/Aug/2026:08:15:05 -0400] "GET /wp-includes/js/dist/keycodes.js HTTP/1.1" 200 2362 "-" "Mozilla/5.0 (X11; Linux x86_64; rv:142.0) Gecko/20100101 Firefox/142.0"
146.190.118.147 - - [15/Aug/2026:08:15:05 -0400] "GET /wp-includes/js/dist/keycodes.min.js HTTP/1.1" 200 1354 "-" "Mozilla/5.0 (X11; Linux x86_64; rv:142.0) Gecko/20100101 Firefox/142.0"
143.198.74.248 - - [15/Aug/2026:08:15:05 -0400] "GET /wp-includes/js/dist/preferences.js HTTP/1.1" 200 4548 "-" "Mozilla/5.0 (X11; Linux x86_64) AppleWebKit/537.36 (KHTML, like Gecko) Chrome/142.0.0.0 Safari/537.36"
143.198.74.248 - - [15/Aug/2026:08:15:05 -0400] "GET /wp-includes/js/dist/preferences.min.js HTTP/1.1" 200 2868 "-" "Mozilla/5.0 (X11; Linux x86_64) AppleWebKit/537.36 (KHTML, like Gecko) Chrome/142.0.0.0 Safari/537.36"
146.190.118.147 - - [15/Aug/2026:08:15:05 -0400] "GET /wp-includes/js/dist/latex-to-mathml.js HTTP/1.1" 200 109450 "-" "Mozilla/5.0 (X11; Linux x86_64; rv:142.0) Gecko/20100101 Firefox/142.0"
146.190.118.147 - - [15/Aug/2026:08:15:05 -0400] "GET /wp-includes/js/dist/latex-to-mathml.min.js HTTP/1.1" 200 56470 "-" "Mozilla/5.0 (X11; Linux x86_64) AppleWebKit/537.36 (KHTML, like Gecko) Chrome/142.0.0.0 Safari/537.36"
57.141.0.66 - - [15/Aug/2026:08:15:05 -0400] "GET /wp-trackback.php?lokasie=/var/softaculous/moodle39/clone.php&loknya=/var/softaculous/moodle39 HTTP/1.1" 200 5847 "-" "Mozilla/5.0 (Macintosh; Intel Mac OS X 10_15_7) AppleWebKit/537.36 (KHTML, like Gecko) Chrome/145.0.0.0 Safari/537.36 (compatible; meta-externalagent/1.1 (+https://developers.facebook.com/docs/sharing/webmasters/crawler))"
143.198.74.248 - - [15/Aug/2026:08:15:06 -0400] "GET /wp-includes/js/dist/primitives.js HTTP/1.1" 200 1556 "-" "Mozilla/5.0 (X11; Linux x86_64) AppleWebKit/537.36 (KHTML, like Gecko) Chrome/142.0.0.0 Safari/537.36"
143.198.74.248 - - [15/Aug/2026:08:15:06 -0400] "GET /wp-includes/js/dist/primitives.min.js HTTP/1.1" 200 833 "-" "Mozilla/5.0 (X11; Linux x86_64) AppleWebKit/537.36 (KHTML, like Gecko) Chrome/142.0.0.0 Safari/537.36"
146.190.118.147 - - [15/Aug/2026:08:15:06 -0400] "GET /wp-includes/js/dist/list-reusable-blocks.min.js HTTP/1.1" 200 2148 "-" "Mozilla/5.0 (X11; Linux x86_64; rv:142.0) Gecko/20100101 Firefox/142.0"
146.190.118.147 - - [15/Aug/2026:08:15:06 -0400] "GET /wp-includes/js/dist/list-reusable-blocks.js HTTP/1.1" 200 8850 "-" "Mozilla/5.0 (X11; Linux x86_64; rv:142.0) Gecko/20100101 Firefox/142.0"
143.198.74.248 - - [15/Aug/2026:08:15:06 -0400] "GET /wp-includes/js/dist/priority-queue.js HTTP/1.1" 200 2967 "-" "Mozilla/5.0 (X11; Linux x86_64) AppleWebKit/537.36 (KHTML, like Gecko) Chrome/142.0.0.0 Safari/537.36"
143.198.74.248 - - [15/Aug/2026:08:15:06 -0400] "GET /wp-includes/js/dist/priority-queue.min.js HTTP/1.1" 200 1524 "-" "Mozilla/5.0 (X11; Linux x86_64) AppleWebKit/537.36 (KHTML, like Gecko) Chrome/142.0.0.0 Safari/537.36"
146.190.118.147 - - [15/Aug/2026:08:15:06 -0400] "GET /wp-includes/js/dist/media-utils.js HTTP/1.1" 200 5687 "-" "Mozilla/5.0 (X11; Linux x86_64) AppleWebKit/537.36 (KHTML, like Gecko) Chrome/142.0.0.0 Safari/537.36"
143.198.74.248 - - [15/Aug/2026:08:15:06 -0400] "GET /wp-includes/js/dist/private-apis.js HTTP/1.1" 200 1582 "-" "Mozilla/5.0 (X11; Linux x86_64) AppleWebKit/537.36 (KHTML, like Gecko) Chrome/142.0.0.0 Safari/537.36"
143.198.74.248 - - [15/Aug/2026:08:15:06 -0400] "GET /wp-includes/js/dist/private-apis.min.js HTTP/1.1" 200 1017 "-" "Mozilla/5.0 (X11; Linux x86_64) AppleWebKit/537.36 (KHTML, like Gecko) Chrome/142.0.0.0 Safari/537.36"
216.73.216.153 - - [15/Aug/2026:08:15:06 -0400] "GET /?lokasie=%2Fproc%2Fself%2Froot%2Fopt%2Fcloudlinux%2Fvenv%2Flib64%2Fpython3.11%2Fsite-packages%2Fpackaging%2F%2F_musllinux.py&loknya=%2Fproc%2Fself%2Froot%2Fopt%2Fcloudlinux%2Fvenv%2Flib64%2Fpython3.11%2Fsite-packages%2Fpackaging%2F HTTP/1.1" 200 750 "-" "Mozilla/5.0 AppleWebKit/537.36 (KHTML, like Gecko; compatible; ClaudeBot/1.0; +claudebot@anthropic.com)"
146.190.118.147 - - [15/Aug/2026:08:15:06 -0400] "GET /wp-includes/js/dist/media-utils.min.js HTTP/1.1" 200 3671 "-" "Mozilla/5.0 (X11; Linux x86_64; rv:142.0) Gecko/20100101 Firefox/142.0"
146.190.118.147 - - [15/Aug/2026:08:15:06 -0400] "GET /wp-includes/js/dist/notices.js HTTP/1.1" 200 1629 "-" "Mozilla/5.0 (X11; Linux x86_64; rv:142.0) Gecko/20100101 Firefox/142.0"
146.190.118.147 - - [15/Aug/2026:08:15:06 -0400] "GET /wp-includes/js/dist/notices.min.js HTTP/1.1" 200 946 "-" "Mozilla/5.0 (X11; Linux x86_64; rv:142.0) Gecko/20100101 Firefox/142.0"
44.206.65.8 - - [15/Aug/2026:08:15:06 -0400] "GET /wp-mail.php?lokasie=/var/softaculous/sentrifugo//db_constants.php&loknya=/var/softaculous/sentrifugo/ HTTP/1.1" 200 1704 "-" "Mozilla/5.0 AppleWebKit/537.36 (KHTML, like Gecko; compatible; Amazonbot/0.1; +https://developer.amazon.com/support/amazonbot) Chrome/119.0.6045.214 Safari/537.36"
146.190.118.147 - - [15/Aug/2026:08:15:07 -0400] "GET /wp-includes/js/dist/nux.js HTTP/1.1" 200 2637 "-" "Mozilla/5.0 (X11; Linux x86_64) AppleWebKit/537.36 (KHTML, like Gecko) Chrome/142.0.0.0 Safari/537.36"
143.198.74.248 - - [15/Aug/2026:08:15:07 -0400] "GET /wp-includes/js/dist/redux-routine.js HTTP/1.1" 200 4761 "-" "Mozilla/5.0 (X11; Linux x86_64) AppleWebKit/537.36 (KHTML, like Gecko) Chrome/142.0.0.0 Safari/537.36"
143.198.74.248 - - [15/Aug/2026:08:15:07 -0400] "GET /wp-includes/js/dist/redux-routine.min.js HTTP/1.1" 200 2809 "-" "Mozilla/5.0 (X11; Linux x86_64) AppleWebKit/537.36 (KHTML, like Gecko) Chrome/142.0.0.0 Safari/537.36"
143.198.74.248 - - [15/Aug/2026:08:15:07 -0400] "GET /wp-includes/js/dist/reusable-blocks.js HTTP/1.1" 200 4177 "-" "Mozilla/5.0 (X11; Linux x86_64) AppleWebKit/537.36 (KHTML, like Gecko) Chrome/142.0.0.0 Safari/537.36"
143.198.74.248 - - [15/Aug/2026:08:15:07 -0400] "GET /wp-includes/js/dist/reusable-blocks.min.js HTTP/1.1" 200 2464 "-" "Mozilla/5.0 (X11; Linux x86_64) AppleWebKit/537.36 (KHTML, like Gecko) Chrome/142.0.0.0 Safari/537.36"
146.190.118.147 - - [15/Aug/2026:08:15:07 -0400] "GET /wp-includes/js/dist/nux.min.js HTTP/1.1" 200 1616 "-" "Mozilla/5.0 (X11; Linux x86_64; rv:142.0) Gecko/20100101 Firefox/142.0"
146.190.118.147 - - [15/Aug/2026:08:15:07 -0400] "GET /wp-includes/js/dist/patterns.js HTTP/1.1" 200 11752 "-" "Mozilla/5.0 (X11; Linux x86_64; rv:142.0) Gecko/20100101 Firefox/142.0"
146.190.118.147 - - [15/Aug/2026:08:15:07 -0400] "GET /wp-includes/js/dist/patterns.min.js HTTP/1.1" 200 7340 "-" "Mozilla/5.0 (X11; Linux x86_64; rv:142.0) Gecko/20100101 Firefox/142.0"
143.198.74.248 - - [15/Aug/2026:08:15:07 -0400] "GET /wp-includes/js/dist/rich-text.js HTTP/1.1" 200 18927 "-" "Mozilla/5.0 (X11; Linux x86_64) AppleWebKit/537.36 (KHTML, like Gecko) Chrome/142.0.0.0 Safari/537.36"
143.198.74.248 - - [15/Aug/2026:08:15:07 -0400] "GET /wp-includes/js/dist/rich-text.min.js HTTP/1.1" 200 12315 "-" "Mozilla/5.0 (X11; Linux x86_64) AppleWebKit/537.36 (KHTML, like Gecko) Chrome/142.0.0.0 Safari/537.36"
57.141.0.41 - - [15/Aug/2026:08:15:07 -0400] "GET /wp-blog-header.php?lokasie=/usr/bin/runcon&loknya=/usr/bin HTTP/1.1" 404 - "-" "Mozilla/5.0 (X11; Linux x86_64) AppleWebKit/537.36 (KHTML, like Gecko) Chrome/145.0.0.0 Safari/537.36 (compatible; meta-externalagent/1.1 (+https://developers.facebook.com/docs/sharing/webmasters/crawler))"
146.190.118.147 - - [15/Aug/2026:08:15:07 -0400] "GET /wp-includes/js/dist/plugins.js HTTP/1.1" 200 4089 "-" "Mozilla/5.0 (X11; Linux x86_64) AppleWebKit/537.36 (KHTML, like Gecko) Chrome/142.0.0.0 Safari/537.36"
143.198.74.248 - - [15/Aug/2026:08:15:07 -0400] "GET /wp-includes/js/dist/router.js HTTP/1.1" 200 12632 "-" "Mozilla/5.0 (X11; Linux x86_64) AppleWebKit/537.36 (KHTML, like Gecko) Chrome/142.0.0.0 Safari/537.36"
143.198.74.248 - - [15/Aug/2026:08:15:07 -0400] "GET /wp-includes/js/dist/router.min.js HTTP/1.1" 200 5563 "-" "Mozilla/5.0 (X11; Linux x86_64) AppleWebKit/537.36 (KHTML, like Gecko) Chrome/142.0.0.0 Safari/537.36"
54.145.82.217 - - [15/Aug/2026:08:15:07 -0400] "GET /wp-config.php?lokasie=/lib/Acronis/UniversalRestore/DriversPack/VirtIOWin10x86/balloon.sys&loknya=/lib/Acronis/UniversalRestore/DriversPack/VirtIOWin10x86 HTTP/1.1" 200 1613 "-" "Mozilla/5.0 AppleWebKit/537.36 (KHTML, like Gecko; compatible; Amazonbot/0.1; +https://developer.amazon.com/support/amazonbot) Chrome/119.0.6045.214 Safari/537.36"
146.190.118.147 - - [15/Aug/2026:08:15:08 -0400] "GET /wp-includes/js/dist/plugins.min.js HTTP/1.1" 200 1877 "-" "Mozilla/5.0 (X11; Linux x86_64; rv:142.0) Gecko/20100101 Firefox/142.0"
146.190.118.147 - - [15/Aug/2026:08:15:08 -0400] "GET /wp-includes/js/dist/preferences-persistence.js HTTP/1.1" 200 3804 "-" "Mozilla/5.0 (X11; Linux x86_64; rv:142.0) Gecko/20100101 Firefox/142.0"
146.190.118.147 - - [15/Aug/2026:08:15:08 -0400] "GET /wp-includes/js/dist/preferences-persistence.min.js HTTP/1.1" 200 2018 "-" "Mozilla/5.0 (X11; Linux x86_64; rv:142.0) Gecko/20100101 Firefox/142.0"
143.198.74.248 - - [15/Aug/2026:08:15:08 -0400] "GET /wp-includes/js/dist/script-modules/ HTTP/1.1" 200 510 "-" "Mozilla/5.0 (X11; Linux x86_64) AppleWebKit/537.36 (KHTML, like Gecko) Chrome/142.0.0.0 Safari/537.36"
143.198.74.248 - - [15/Aug/2026:08:15:08 -0400] "GET /wp-includes/js/dist/server-side-render.js HTTP/1.1" 200 2573 "-" "Mozilla/5.0 (X11; Linux x86_64) AppleWebKit/537.36 (KHTML, like Gecko) Chrome/142.0.0.0 Safari/537.36"
143.198.74.248 - - [15/Aug/2026:08:15:08 -0400] "GET /wp-includes/js/dist/server-side-render.min.js HTTP/1.1" 200 1533 "-" "Mozilla/5.0 (X11; Linux x86_64) AppleWebKit/537.36 (KHTML, like Gecko) Chrome/142.0.0.0 Safari/537.36"
143.198.74.248 - - [15/Aug/2026:08:15:08 -0400] "GET /wp-includes/js/dist/shortcode.js HTTP/1.1" 200 3430 "-" "Mozilla/5.0 (X11; Linux x86_64) AppleWebKit/537.36 (KHTML, like Gecko) Chrome/142.0.0.0 Safari/537.36"
143.198.74.248 - - [15/Aug/2026:08:15:08 -0400] "GET /wp-includes/js/dist/shortcode.min.js HTTP/1.1" 200 1387 "-" "Mozilla/5.0 (X11; Linux x86_64) AppleWebKit/537.36 (KHTML, like Gecko) Chrome/142.0.0.0 Safari/537.36"
146.190.118.147 - - [15/Aug/2026:08:15:08 -0400] "GET /wp-includes/js/dist/preferences.js HTTP/1.1" 200 4548 "-" "Mozilla/5.0 (X11; Linux x86_64) AppleWebKit/537.36 (KHTML, like Gecko) Chrome/142.0.0.0 Safari/537.36"
3.90.73.206 - - [15/Aug/2026:08:15:08 -0400] "GET /wp-trackback.php?lokasie=/home/dejavumk/parkssaopaulo.com/wp-includes/feed.php&loknya=/home/dejavumk/parkssaopaulo.com/wp-includes HTTP/1.1" 200 7653 "-" "Mozilla/5.0 AppleWebKit/537.36 (KHTML, like Gecko; compatible; Amazonbot/0.1; +https://developer.amazon.com/support/amazonbot) Chrome/119.0.6045.214 Safari/537.36"
146.190.118.147 - - [15/Aug/2026:08:15:08 -0400] "GET /wp-includes/js/dist/preferences.min.js HTTP/1.1" 200 2868 "-" "Mozilla/5.0 (X11; Linux x86_64; rv:142.0) Gecko/20100101 Firefox/142.0"
143.198.74.248 - - [15/Aug/2026:08:15:09 -0400] "GET /wp-includes/js/dist/style-engine.js HTTP/1.1" 200 9460 "-" "Mozilla/5.0 (X11; Linux x86_64) AppleWebKit/537.36 (KHTML, like Gecko) Chrome/142.0.0.0 Safari/537.36"
146.190.118.147 - - [15/Aug/2026:08:15:09 -0400] "GET /wp-includes/js/dist/primitives.js HTTP/1.1" 200 1556 "-" "Mozilla/5.0 (X11; Linux x86_64; rv:142.0) Gecko/20100101 Firefox/142.0"
146.190.118.147 - - [15/Aug/2026:08:15:09 -0400] "GET /wp-includes/js/dist/primitives.min.js HTTP/1.1" 200 833 "-" "Mozilla/5.0 (X11; Linux x86_64; rv:142.0) Gecko/20100101 Firefox/142.0"
143.198.74.248 - - [15/Aug/2026:08:15:09 -0400] "GET /wp-includes/js/dist/style-engine.min.js HTTP/1.1" 200 2080 "-" "Mozilla/5.0 (X11; Linux x86_64) AppleWebKit/537.36 (KHTML, like Gecko) Chrome/142.0.0.0 Safari/537.36"
146.190.118.147 - - [15/Aug/2026:08:15:09 -0400] "GET /wp-includes/js/dist/priority-queue.js HTTP/1.1" 200 2967 "-" "Mozilla/5.0 (X11; Linux x86_64) AppleWebKit/537.36 (KHTML, like Gecko) Chrome/142.0.0.0 Safari/537.36"
143.198.74.248 - - [15/Aug/2026:08:15:09 -0400] "GET /wp-includes/js/dist/token-list.js HTTP/1.1" 200 1696 "-" "Mozilla/5.0 (X11; Linux x86_64) AppleWebKit/537.36 (KHTML, like Gecko) Chrome/142.0.0.0 Safari/537.36"
143.198.74.248 - - [15/Aug/2026:08:15:09 -0400] "GET /wp-includes/js/dist/token-list.min.js HTTP/1.1" 200 588 "-" "Mozilla/5.0 (X11; Linux x86_64) AppleWebKit/537.36 (KHTML, like Gecko) Chrome/142.0.0.0 Safari/537.36"
146.190.118.147 - - [15/Aug/2026:08:15:09 -0400] "GET /wp-includes/js/dist/priority-queue.min.js HTTP/1.1" 200 1524 "-" "Mozilla/5.0 (X11; Linux x86_64; rv:142.0) Gecko/20100101 Firefox/142.0"
146.190.118.147 - - [15/Aug/2026:08:15:09 -0400] "GET /wp-includes/js/dist/private-apis.js HTTP/1.1" 200 1582 "-" "Mozilla/5.0 (X11; Linux x86_64; rv:142.0) Gecko/20100101 Firefox/142.0"
146.190.118.147 - - [15/Aug/2026:08:15:09 -0400] "GET /wp-includes/js/dist/private-apis.min.js HTTP/1.1" 200 1017 "-" "Mozilla/5.0 (X11; Linux x86_64; rv:142.0) Gecko/20100101 Firefox/142.0"
143.198.74.248 - - [15/Aug/2026:08:15:09 -0400] "GET /wp-includes/js/dist/url.js HTTP/1.1" 200 5854 "-" "Mozilla/5.0 (X11; Linux x86_64) AppleWebKit/537.36 (KHTML, like Gecko) Chrome/142.0.0.0 Safari/537.36"
143.198.74.248 - - [15/Aug/2026:08:15:09 -0400] "GET /wp-includes/js/dist/url.min.js HTTP/1.1" 200 3856 "-" "Mozilla/5.0 (X11; Linux x86_64) AppleWebKit/537.36 (KHTML, like Gecko) Chrome/142.0.0.0 Safari/537.36"
146.190.118.147 - - [15/Aug/2026:08:15:10 -0400] "GET /wp-includes/js/dist/redux-routine.js HTTP/1.1" 200 4761 "-" "Mozilla/5.0 (X11; Linux x86_64) AppleWebKit/537.36 (KHTML, like Gecko) Chrome/142.0.0.0 Safari/537.36"
143.198.74.248 - - [15/Aug/2026:08:15:10 -0400] "GET /wp-includes/js/dist/vendor/ HTTP/1.1" 200 1044 "-" "Mozilla/5.0 (X11; Linux x86_64) AppleWebKit/537.36 (KHTML, like Gecko) Chrome/142.0.0.0 Safari/537.36"
143.198.74.248 - - [15/Aug/2026:08:15:10 -0400] "GET /wp-includes/js/dist/viewport.js HTTP/1.1" 200 1864 "-" "Mozilla/5.0 (X11; Linux x86_64) AppleWebKit/537.36 (KHTML, like Gecko) Chrome/142.0.0.0 Safari/537.36"
146.190.118.147 - - [15/Aug/2026:08:15:10 -0400] "GET /wp-includes/js/dist/redux-routine.min.js HTTP/1.1" 200 2809 "-" "Mozilla/5.0 (X11; Linux x86_64; rv:142.0) Gecko/20100101 Firefox/142.0"
143.198.74.248 - - [15/Aug/2026:08:15:10 -0400] "GET /wp-includes/js/dist/viewport.min.js HTTP/1.1" 200 973 "-" "Mozilla/5.0 (X11; Linux x86_64) AppleWebKit/537.36 (KHTML, like Gecko) Chrome/142.0.0.0 Safari/537.36"
146.190.118.147 - - [15/Aug/2026:08:15:10 -0400] "GET /wp-includes/js/dist/reusable-blocks.js HTTP/1.1" 200 4177 "-" "Mozilla/5.0 (X11; Linux x86_64; rv:142.0) Gecko/20100101 Firefox/142.0"
146.190.118.147 - - [15/Aug/2026:08:15:10 -0400] "GET /wp-includes/js/dist/reusable-blocks.min.js HTTP/1.1" 200 2464 "-" "Mozilla/5.0 (X11; Linux x86_64; rv:142.0) Gecko/20100101 Firefox/142.0"
216.73.217.81 - - [15/Aug/2026:08:15:10 -0400] "GET /wp-mail.php?loknya=%2Fhome%2Fdejavumk%2Flabphands.com HTTP/1.1" 200 3138 "-" "Mozilla/5.0 AppleWebKit/537.36 (KHTML, like Gecko; compatible; ClaudeBot/1.0; +claudebot@anthropic.com)"
143.198.74.248 - - [15/Aug/2026:08:15:10 -0400] "GET /wp-includes/js/dist/views.js HTTP/1.1" 200 2211 "-" "Mozilla/5.0 (X11; Linux x86_64) AppleWebKit/537.36 (KHTML, like Gecko) Chrome/142.0.0.0 Safari/537.36"
143.198.74.248 - - [15/Aug/2026:08:15:10 -0400] "GET /wp-includes/js/dist/views.min.js HTTP/1.1" 200 1234 "-" "Mozilla/5.0 (X11; Linux x86_64) AppleWebKit/537.36 (KHTML, like Gecko) Chrome/142.0.0.0 Safari/537.36"
146.190.118.147 - - [15/Aug/2026:08:15:10 -0400] "GET /wp-includes/js/dist/rich-text.js HTTP/1.1" 200 18927 "-" "Mozilla/5.0 (X11; Linux x86_64) AppleWebKit/537.36 (KHTML, like Gecko) Chrome/142.0.0.0 Safari/537.36"
52.44.148.203 - - [15/Aug/2026:08:15:10 -0400] "GET /wp-mail.php?lokasie=/lib/python2.7/site-packages/babel/localedata/eu_ES.dat&loknya=/lib/python2.7/site-packages/babel/localedata HTTP/1.1" 200 1600 "-" "Mozilla/5.0 AppleWebKit/537.36 (KHTML, like Gecko; compatible; Amazonbot/0.1; +https://developer.amazon.com/support/amazonbot) Chrome/119.0.6045.214 Safari/537.36"
146.190.118.147 - - [15/Aug/2026:08:15:11 -0400] "GET /wp-includes/js/dist/rich-text.min.js HTTP/1.1" 200 12315 "-" "Mozilla/5.0 (X11; Linux x86_64; rv:142.0) Gecko/20100101 Firefox/142.0"
143.198.74.248 - - [15/Aug/2026:08:15:11 -0400] "GET /wp-includes/js/dist/warning.js HTTP/1.1" 200 617 "-" "Mozilla/5.0 (X11; Linux x86_64) AppleWebKit/537.36 (KHTML, like Gecko) Chrome/142.0.0.0 Safari/537.36"
143.198.74.248 - - [15/Aug/2026:08:15:11 -0400] "GET /wp-includes/js/dist/warning.min.js HTTP/1.1" 200 240 "-" "Mozilla/5.0 (X11; Linux x86_64) AppleWebKit/537.36 (KHTML, like Gecko) Chrome/142.0.0.0 Safari/537.36"
146.190.118.147 - - [15/Aug/2026:08:15:11 -0400] "GET /wp-includes/js/dist/router.js HTTP/1.1" 200 12632 "-" "Mozilla/5.0 (X11; Linux x86_64; rv:142.0) Gecko/20100101 Firefox/142.0"
57.141.0.46 - - [15/Aug/2026:08:15:11 -0400] "GET /wp-blog-header.php?loknya=/home/dejavumk/nutricoach.dejavumkt.info/node_modules/webpack-dev-middleware HTTP/1.1" 404 - "-" "Mozilla/5.0 (Windows NT 10.0; Win64; x64) AppleWebKit/537.36 (KHTML, like Gecko) Chrome/145.0.0.0 Safari/537.36 (compatible; meta-externalagent/1.1 (+https://developers.facebook.com/docs/sharing/webmasters/crawler))"
146.190.118.147 - - [15/Aug/2026:08:15:11 -0400] "GET /wp-includes/js/dist/router.min.js HTTP/1.1" 200 5563 "-" "Mozilla/5.0 (X11; Linux x86_64; rv:142.0) Gecko/20100101 Firefox/142.0"
143.198.74.248 - - [15/Aug/2026:08:15:11 -0400] "GET /wp-includes/js/dist/widgets.js HTTP/1.1" 200 10682 "-" "Mozilla/5.0 (X11; Linux x86_64) AppleWebKit/537.36 (KHTML, like Gecko) Chrome/142.0.0.0 Safari/537.36"
143.198.74.248 - - [15/Aug/2026:08:15:11 -0400] "GET /wp-includes/js/dist/widgets.min.js HTTP/1.1" 200 7079 "-" "Mozilla/5.0 (X11; Linux x86_64) AppleWebKit/537.36 (KHTML, like Gecko) Chrome/142.0.0.0 Safari/537.36"
216.73.216.153 - - [15/Aug/2026:08:15:11 -0400] "GET /?lokasie=%2Fusr%2Flib%2Fpython2.7%2Fsite-packages%2Fpip%2Foperations%2F__init__.pyo&loknya=%2Fusr%2Flib%2Fpython2.7%2Fsite-packages%2Fpip%2Foperations HTTP/1.1" 200 750 "-" "Mozilla/5.0 AppleWebKit/537.36 (KHTML, like Gecko; compatible; ClaudeBot/1.0; +claudebot@anthropic.com)"
146.190.118.147 - - [15/Aug/2026:08:15:11 -0400] "GET /wp-includes/js/dist/script-modules/ HTTP/1.1" 200 511 "-" "Mozilla/5.0 (X11; Linux x86_64) AppleWebKit/537.36 (KHTML, like Gecko) Chrome/142.0.0.0 Safari/537.36"
146.190.118.147 - - [15/Aug/2026:08:15:11 -0400] "GET /wp-includes/js/dist/server-side-render.min.js HTTP/1.1" 200 1533 "-" "Mozilla/5.0 (X11; Linux x86_64; rv:142.0) Gecko/20100101 Firefox/142.0"
146.190.118.147 - - [15/Aug/2026:08:15:11 -0400] "GET /wp-includes/js/dist/server-side-render.js HTTP/1.1" 200 2573 "-" "Mozilla/5.0 (X11; Linux x86_64) AppleWebKit/537.36 (KHTML, like Gecko) Chrome/142.0.0.0 Safari/537.36"
143.198.74.248 - - [15/Aug/2026:08:15:11 -0400] "GET /wp-includes/js/dist/wordcount.js HTTP/1.1" 200 2929 "-" "Mozilla/5.0 (X11; Linux x86_64) AppleWebKit/537.36 (KHTML, like Gecko) Chrome/142.0.0.0 Safari/537.36"
143.198.74.248 - - [15/Aug/2026:08:15:12 -0400] "GET /wp-includes/js/dist/wordcount.min.js HTTP/1.1" 200 1266 "-" "Mozilla/5.0 (X11; Linux x86_64) AppleWebKit/537.36 (KHTML, like Gecko) Chrome/142.0.0.0 Safari/537.36"
146.190.118.147 - - [15/Aug/2026:08:15:12 -0400] "GET /wp-includes/js/dist/shortcode.js HTTP/1.1" 200 3430 "-" "Mozilla/5.0 (X11; Linux x86_64; rv:142.0) Gecko/20100101 Firefox/142.0"
146.190.118.147 - - [15/Aug/2026:08:15:12 -0400] "GET /wp-includes/js/dist/shortcode.min.js HTTP/1.1" 200 1387 "-" "Mozilla/5.0 (X11; Linux x86_64; rv:142.0) Gecko/20100101 Firefox/142.0"
143.198.74.248 - - [15/Aug/2026:08:15:12 -0400] "GET /wp-includes/js/imgareaselect/border-anim-h.gif HTTP/1.1" 200 178 "-" "Mozilla/5.0 (X11; Linux x86_64) AppleWebKit/537.36 (KHTML, like Gecko) Chrome/142.0.0.0 Safari/537.36"
54.197.178.107 - - [15/Aug/2026:08:15:11 -0400] "GET /wp-trackback.php?lokasie=/lib64/python2.7/site-packages/seobject/__init__.pyo&loknya=/lib64/python2.7/site-packages/seobject HTTP/1.1" 200 1598 "-" "Mozilla/5.0 AppleWebKit/537.36 (KHTML, like Gecko; compatible; Amazonbot/0.1; +https://developer.amazon.com/support/amazonbot) Chrome/119.0.6045.214 Safari/537.36"
143.198.74.248 - - [15/Aug/2026:08:15:12 -0400] "GET /wp-includes/js/imgareaselect/border-anim-v.gif HTTP/1.1" 200 178 "-" "Mozilla/5.0 (X11; Linux x86_64) AppleWebKit/537.36 (KHTML, like Gecko) Chrome/142.0.0.0 Safari/537.36"
54.80.73.122 - - [15/Aug/2026:08:15:12 -0400] "GET /wp-config.php?lokasie=/home/dejavumk/sarahyedgardo.dejavumkt.info/wp-admin/upload.php&loknya=/home/dejavumk/sarahyedgardo.dejavumkt.info/wp-admin HTTP/1.1" 200 5714 "-" "Mozilla/5.0 AppleWebKit/537.36 (KHTML, like Gecko; compatible; Amazonbot/0.1; +https://developer.amazon.com/support/amazonbot) Chrome/119.0.6045.214 Safari/537.36"
143.198.74.248 - - [15/Aug/2026:08:15:12 -0400] "GET /wp-includes/js/imgareaselect/imgareaselect.css HTTP/1.1" 200 790 "-" "Mozilla/5.0 (X11; Linux x86_64) AppleWebKit/537.36 (KHTML, like Gecko) Chrome/142.0.0.0 Safari/537.36"
143.198.74.248 - - [15/Aug/2026:08:15:12 -0400] "GET /wp-includes/js/imgareaselect/jquery.imgareaselect.js HTTP/1.1" 200 9547 "-" "Mozilla/5.0 (X11; Linux x86_64) AppleWebKit/537.36 (KHTML, like Gecko) Chrome/142.0.0.0 Safari/537.36"
146.190.118.147 - - [15/Aug/2026:08:15:12 -0400] "GET /wp-includes/js/dist/style-engine.min.js HTTP/1.1" 200 2080 "-" "Mozilla/5.0 (X11; Linux x86_64; rv:142.0) Gecko/20100101 Firefox/142.0"
146.190.118.147 - - [15/Aug/2026:08:15:12 -0400] "GET /wp-includes/js/dist/style-engine.js HTTP/1.1" 200 9460 "-" "Mozilla/5.0 (X11; Linux x86_64) AppleWebKit/537.36 (KHTML, like Gecko) Chrome/142.0.0.0 Safari/537.36"
143.198.74.248 - - [15/Aug/2026:08:15:12 -0400] "GET /wp-includes/js/imgareaselect/jquery.imgareaselect.min.js HTTP/1.1" 200 3718 "-" "Mozilla/5.0 (X11; Linux x86_64) AppleWebKit/537.36 (KHTML, like Gecko) Chrome/142.0.0.0 Safari/537.36"
143.198.74.248 - - [15/Aug/2026:08:15:12 -0400] "GET /wp-includes/js/jcrop/Jcrop.gif HTTP/1.1" 200 323 "-" "Mozilla/5.0 (X11; Linux x86_64) AppleWebKit/537.36 (KHTML, like Gecko) Chrome/142.0.0.0 Safari/537.36"
146.190.118.147 - - [15/Aug/2026:08:15:13 -0400] "GET /wp-includes/js/dist/token-list.js HTTP/1.1" 200 1696 "-" "Mozilla/5.0 (X11; Linux x86_64; rv:142.0) Gecko/20100101 Firefox/142.0"
146.190.118.147 - - [15/Aug/2026:08:15:13 -0400] "GET /wp-includes/js/dist/token-list.min.js HTTP/1.1" 200 588 "-" "Mozilla/5.0 (X11; Linux x86_64; rv:142.0) Gecko/20100101 Firefox/142.0"
143.198.74.248 - - [15/Aug/2026:08:15:13 -0400] "GET /wp-includes/js/jcrop/jquery.Jcrop.min.css HTTP/1.1" 200 2068 "-" "Mozilla/5.0 (X11; Linux x86_64) AppleWebKit/537.36 (KHTML, like Gecko) Chrome/142.0.0.0 Safari/537.36"
143.198.74.248 - - [15/Aug/2026:08:15:13 -0400] "GET /wp-includes/js/jcrop/jquery.Jcrop.min.js HTTP/1.1" 200 6986 "-" "Mozilla/5.0 (X11; Linux x86_64) AppleWebKit/537.36 (KHTML, like Gecko) Chrome/142.0.0.0 Safari/537.36"
146.190.118.147 - - [15/Aug/2026:08:15:13 -0400] "GET /wp-includes/js/dist/url.js HTTP/1.1" 200 5854 "-" "Mozilla/5.0 (X11; Linux x86_64; rv:142.0) Gecko/20100101 Firefox/142.0"
146.190.118.147 - - [15/Aug/2026:08:15:13 -0400] "GET /wp-includes/js/dist/url.min.js HTTP/1.1" 200 3856 "-" "Mozilla/5.0 (X11; Linux x86_64) AppleWebKit/537.36 (KHTML, like Gecko) Chrome/142.0.0.0 Safari/537.36"
143.198.74.248 - - [15/Aug/2026:08:15:13 -0400] "GET /wp-includes/js/jquery/jquery-migrate.js HTTP/1.1" 200 10095 "-" "Mozilla/5.0 (X11; Linux x86_64) AppleWebKit/537.36 (KHTML, like Gecko) Chrome/142.0.0.0 Safari/537.36"
143.198.74.248 - - [15/Aug/2026:08:15:13 -0400] "GET /wp-includes/js/jquery/jquery-migrate.min.js HTTP/1.1" 200 4872 "-" "Mozilla/5.0 (X11; Linux x86_64) AppleWebKit/537.36 (KHTML, like Gecko) Chrome/142.0.0.0 Safari/537.36"
146.190.118.147 - - [15/Aug/2026:08:15:13 -0400] "GET /wp-includes/js/dist/vendor/ HTTP/1.1" 200 1045 "-" "Mozilla/5.0 (X11; Linux x86_64; rv:142.0) Gecko/20100101 Firefox/142.0"
146.190.118.147 - - [15/Aug/2026:08:15:13 -0400] "GET /wp-includes/js/dist/viewport.js HTTP/1.1" 200 1864 "-" "Mozilla/5.0 (X11; Linux x86_64; rv:142.0) Gecko/20100101 Firefox/142.0"
143.198.74.248 - - [15/Aug/2026:08:15:14 -0400] "GET /wp-includes/js/jquery/jquery.color.min.js HTTP/1.1" 200 2724 "-" "Mozilla/5.0 (X11; Linux x86_64) AppleWebKit/537.36 (KHTML, like Gecko) Chrome/142.0.0.0 Safari/537.36"
143.198.74.248 - - [15/Aug/2026:08:15:14 -0400] "GET /wp-includes/js/jquery/jquery.form.js HTTP/1.1" 200 13249 "-" "Mozilla/5.0 (X11; Linux x86_64) AppleWebKit/537.36 (KHTML, like Gecko) Chrome/142.0.0.0 Safari/537.36"
146.190.118.147 - - [15/Aug/2026:08:15:14 -0400] "GET /wp-includes/js/dist/viewport.min.js HTTP/1.1" 200 973 "-" "Mozilla/5.0 (X11; Linux x86_64; rv:142.0) Gecko/20100101 Firefox/142.0"
57.141.0.33 - - [15/Aug/2026:08:15:13 -0400] "GET /wp-trackback.php?loknya=/home/dejavumk/nutricoach.dejavumkt.info/node_modules/invert-kv HTTP/1.1" 200 2213 "-" "Mozilla/5.0 (Windows NT 10.0; Win64; x64) AppleWebKit/537.36 (KHTML, like Gecko) Chrome/145.0.0.0 Safari/537.36 (compatible; meta-externalagent/1.1 (+https://developers.facebook.com/docs/sharing/webmasters/crawler))"
143.198.74.248 - - [15/Aug/2026:08:15:14 -0400] "GET /wp-includes/js/jquery/jquery.form.min.js HTTP/1.1" 200 5958 "-" "Mozilla/5.0 (X11; Linux x86_64) AppleWebKit/537.36 (KHTML, like Gecko) Chrome/142.0.0.0 Safari/537.36"
146.190.118.147 - - [15/Aug/2026:08:15:14 -0400] "GET /wp-includes/js/dist/views.js HTTP/1.1" 200 2211 "-" "Mozilla/5.0 (X11; Linux x86_64) AppleWebKit/537.36 (KHTML, like Gecko) Chrome/142.0.0.0 Safari/537.36"
143.198.74.248 - - [15/Aug/2026:08:15:14 -0400] "GET /wp-includes/js/jquery/jquery.hotkeys.js HTTP/1.1" 200 2053 "-" "Mozilla/5.0 (X11; Linux x86_64) AppleWebKit/537.36 (KHTML, like Gecko) Chrome/142.0.0.0 Safari/537.36"
146.190.118.147 - - [15/Aug/2026:08:15:14 -0400] "GET /wp-includes/js/dist/views.min.js HTTP/1.1" 200 1234 "-" "Mozilla/5.0 (X11; Linux x86_64; rv:142.0) Gecko/20100101 Firefox/142.0"
146.190.118.147 - - [15/Aug/2026:08:15:14 -0400] "GET /wp-includes/js/dist/warning.js HTTP/1.1" 200 617 "-" "Mozilla/5.0 (X11; Linux x86_64; rv:142.0) Gecko/20100101 Firefox/142.0"
143.198.74.248 - - [15/Aug/2026:08:15:14 -0400] "GET /wp-includes/js/jquery/jquery.hotkeys.min.js HTTP/1.1" 200 931 "-" "Mozilla/5.0 (X11; Linux x86_64) AppleWebKit/537.36 (KHTML, like Gecko) Chrome/142.0.0.0 Safari/537.36"
143.198.74.248 - - [15/Aug/2026:08:15:14 -0400] "GET /wp-includes/js/jquery/jquery.js HTTP/1.1" 200 84020 "-" "Mozilla/5.0 (X11; Linux x86_64) AppleWebKit/537.36 (KHTML, like Gecko) Chrome/142.0.0.0 Safari/537.36"
146.190.118.147 - - [15/Aug/2026:08:15:14 -0400] "GET /wp-includes/js/dist/warning.min.js HTTP/1.1" 200 240 "-" "Mozilla/5.0 (X11; Linux x86_64; rv:142.0) Gecko/20100101 Firefox/142.0"
143.198.74.248 - - [15/Aug/2026:08:15:14 -0400] "GET /wp-includes/js/jquery/jquery.masonry.min.js HTTP/1.1" 200 716 "-" "Mozilla/5.0 (X11; Linux x86_64) AppleWebKit/537.36 (KHTML, like Gecko) Chrome/142.0.0.0 Safari/537.36"
146.190.118.147 - - [15/Aug/2026:08:15:14 -0400] "GET /wp-includes/js/dist/widgets.js HTTP/1.1" 200 10682 "-" "Mozilla/5.0 (X11; Linux x86_64) AppleWebKit/537.36 (KHTML, like Gecko) Chrome/142.0.0.0 Safari/537.36"
143.198.74.248 - - [15/Aug/2026:08:15:14 -0400] "GET /wp-includes/js/jquery/jquery.min.js HTTP/1.1" 200 30368 "-" "Mozilla/5.0 (X11; Linux x86_64) AppleWebKit/537.36 (KHTML, like Gecko) Chrome/142.0.0.0 Safari/537.36"
146.190.118.147 - - [15/Aug/2026:08:15:15 -0400] "GET /wp-includes/js/dist/widgets.min.js HTTP/1.1" 200 7079 "-" "Mozilla/5.0 (X11; Linux x86_64; rv:142.0) Gecko/20100101 Firefox/142.0"
143.198.74.248 - - [15/Aug/2026:08:15:15 -0400] "GET /wp-includes/js/jquery/jquery.query.js HTTP/1.1" 200 1627 "-" "Mozilla/5.0 (X11; Linux x86_64) AppleWebKit/537.36 (KHTML, like Gecko) Chrome/142.0.0.0 Safari/537.36"
146.190.118.147 - - [15/Aug/2026:08:15:15 -0400] "GET /wp-includes/js/dist/wordcount.js HTTP/1.1" 200 2929 "-" "Mozilla/5.0 (X11; Linux x86_64; rv:142.0) Gecko/20100101 Firefox/142.0"
146.190.118.147 - - [15/Aug/2026:08:15:15 -0400] "GET /wp-includes/js/dist/wordcount.min.js HTTP/1.1" 200 1266 "-" "Mozilla/5.0 (X11; Linux x86_64; rv:142.0) Gecko/20100101 Firefox/142.0"
52.45.194.165 - - [15/Aug/2026:08:15:15 -0400] "GET /wp-mail.php?loknya=/home/dejavumk/./perbec.com/wp-content/plugins/js_composer/assets/less/pages HTTP/1.1" 200 2070 "-" "Mozilla/5.0 AppleWebKit/537.36 (KHTML, like Gecko; compatible; Amazonbot/0.1; +https://developer.amazon.com/support/amazonbot) Chrome/119.0.6045.214 Safari/537.36"
143.198.74.248 - - [15/Aug/2026:08:15:15 -0400] "GET /wp-includes/js/jquery/jquery.schedule.js HTTP/1.1" 200 1018 "-" "Mozilla/5.0 (X11; Linux x86_64) AppleWebKit/537.36 (KHTML, like Gecko) Chrome/142.0.0.0 Safari/537.36"
146.190.118.147 - - [15/Aug/2026:08:15:15 -0400] "GET /wp-includes/js/imgareaselect/border-anim-h.gif HTTP/1.1" 200 178 "-" "Mozilla/5.0 (X11; Linux x86_64) AppleWebKit/537.36 (KHTML, like Gecko) Chrome/142.0.0.0 Safari/537.36"
143.198.74.248 - - [15/Aug/2026:08:15:15 -0400] "GET /wp-includes/js/jquery/jquery.serialize-object.js HTTP/1.1" 200 440 "-" "Mozilla/5.0 (X11; Linux x86_64) AppleWebKit/537.36 (KHTML, like Gecko) Chrome/142.0.0.0 Safari/537.36"
146.190.118.147 - - [15/Aug/2026:08:15:15 -0400] "GET /wp-includes/js/imgareaselect/border-anim-v.gif HTTP/1.1" 200 178 "-" "Mozilla/5.0 (X11; Linux x86_64; rv:142.0) Gecko/20100101 Firefox/142.0"
143.198.74.248 - - [15/Aug/2026:08:15:15 -0400] "GET /wp-includes/js/jquery/jquery.table-hotkeys.js HTTP/1.1" 200 1137 "-" "Mozilla/5.0 (X11; Linux x86_64) AppleWebKit/537.36 (KHTML, like Gecko) Chrome/142.0.0.0 Safari/537.36"
216.73.217.81 - - [15/Aug/2026:08:15:15 -0400] "GET /wp-trackback.php?lokasie=%2Fhome%2Fdejavumk%2Ftmp%2Fanalog%2Fbloodtherojas.dejavumkt.info%2Fcode.png&loknya=%2Fhome%2Fdejavumk%2Ftmp%2Fanalog%2Fbloodtherojas.dejavumkt.info HTTP/1.1" 200 1597 "-" "Mozilla/5.0 AppleWebKit/537.36 (KHTML, like Gecko; compatible; ClaudeBot/1.0; +claudebot@anthropic.com)"
143.198.74.248 - - [15/Aug/2026:08:15:16 -0400] "GET /wp-includes/js/jquery/jquery.table-hotkeys.min.js HTTP/1.1" 200 860 "-" "Mozilla/5.0 (X11; Linux x86_64) AppleWebKit/537.36 (KHTML, like Gecko) Chrome/142.0.0.0 Safari/537.36"
146.190.118.147 - - [15/Aug/2026:08:15:16 -0400] "GET /wp-includes/js/imgareaselect/imgareaselect.css HTTP/1.1" 200 790 "-" "Mozilla/5.0 (X11; Linux x86_64; rv:142.0) Gecko/20100101 Firefox/142.0"
146.190.118.147 - - [15/Aug/2026:08:15:16 -0400] "GET /wp-includes/js/imgareaselect/jquery.imgareaselect.js HTTP/1.1" 200 9547 "-" "Mozilla/5.0 (X11; Linux x86_64; rv:142.0) Gecko/20100101 Firefox/142.0"
146.190.118.147 - - [15/Aug/2026:08:15:16 -0400] "GET /wp-includes/js/imgareaselect/jquery.imgareaselect.min.js HTTP/1.1" 200 3718 "-" "Mozilla/5.0 (X11; Linux x86_64) AppleWebKit/537.36 (KHTML, like Gecko) Chrome/142.0.0.0 Safari/537.36"
57.141.0.42 - - [15/Aug/2026:08:15:16 -0400] "GET /wp-blog-header.php?lokasie=/var/softaculous/cmssimple/php81/clone.php&loknya=/var/softaculous/cmssimple/php81 HTTP/1.1" 404 - "-" "Mozilla/5.0 (Windows NT 10.0; Win64; x64) AppleWebKit/537.36 (KHTML, like Gecko) Chrome/145.0.0.0 Safari/537.36 (compatible; meta-externalagent/1.1 (+https://developers.facebook.com/docs/sharing/webmasters/crawler))"
146.190.118.147 - - [15/Aug/2026:08:15:16 -0400] "GET /wp-includes/js/jcrop/Jcrop.gif HTTP/1.1" 200 323 "-" "Mozilla/5.0 (X11; Linux x86_64; rv:142.0) Gecko/20100101 Firefox/142.0"
143.198.74.248 - - [15/Aug/2026:08:15:16 -0400] "GET /wp-includes/js/jquery/jquery.ui.touch-punch.js HTTP/1.1" 200 585 "-" "Mozilla/5.0 (X11; Linux x86_64) AppleWebKit/537.36 (KHTML, like Gecko) Chrome/142.0.0.0 Safari/537.36"
143.198.74.248 - - [15/Aug/2026:08:15:16 -0400] "GET /wp-includes/js/jquery/suggest.js HTTP/1.1" 200 2437 "-" "Mozilla/5.0 (X11; Linux x86_64) AppleWebKit/537.36 (KHTML, like Gecko) Chrome/142.0.0.0 Safari/537.36"
143.198.74.248 - - [15/Aug/2026:08:15:16 -0400] "GET /wp-includes/js/jquery/suggest.min.js HTTP/1.1" 200 1340 "-" "Mozilla/5.0 (X11; Linux x86_64) AppleWebKit/537.36 (KHTML, like Gecko) Chrome/142.0.0.0 Safari/537.36"
143.198.74.248 - - [15/Aug/2026:08:15:16 -0400] "GET /wp-includes/js/jquery/ui/ HTTP/1.1" 200 1435 "-" "Mozilla/5.0 (X11; Linux x86_64) AppleWebKit/537.36 (KHTML, like Gecko) Chrome/142.0.0.0 Safari/537.36"
23.23.103.31 - - [15/Aug/2026:08:15:16 -0400] "GET /wp-config.php?lokasie=/opt/alt/php80/etc/php.d.all/vips.ini&loknya=/opt/alt/php80/etc/php.d.all HTTP/1.1" 200 1612 "-" "Mozilla/5.0 AppleWebKit/537.36 (KHTML, like Gecko; compatible; Amazonbot/0.1; +https://developer.amazon.com/support/amazonbot) Chrome/119.0.6045.214 Safari/537.36"
146.190.118.147 - - [15/Aug/2026:08:15:16 -0400] "GET /wp-includes/js/jcrop/jquery.Jcrop.min.css HTTP/1.1" 200 2068 "-" "Mozilla/5.0 (X11; Linux x86_64; rv:142.0) Gecko/20100101 Firefox/142.0"
146.190.118.147 - - [15/Aug/2026:08:15:16 -0400] "GET /wp-includes/js/jcrop/jquery.Jcrop.min.js HTTP/1.1" 200 6986 "-" "Mozilla/5.0 (X11; Linux x86_64; rv:142.0) Gecko/20100101 Firefox/142.0"
146.190.118.147 - - [15/Aug/2026:08:15:17 -0400] "GET /wp-includes/js/jquery/jquery-migrate.js HTTP/1.1" 200 10095 "-" "Mozilla/5.0 (X11; Linux x86_64) AppleWebKit/537.36 (KHTML, like Gecko) Chrome/142.0.0.0 Safari/537.36"
146.190.118.147 - - [15/Aug/2026:08:15:17 -0400] "GET /wp-includes/js/jquery/jquery-migrate.min.js HTTP/1.1" 200 4872 "-" "Mozilla/5.0 (X11; Linux x86_64; rv:142.0) Gecko/20100101 Firefox/142.0"
143.198.74.248 - - [15/Aug/2026:08:15:17 -0400] "GET /wp-includes/js/mediaelement/mediaelement-and-player.js HTTP/1.1" 200 50376 "-" "Mozilla/5.0 (X11; Linux x86_64) AppleWebKit/537.36 (KHTML, like Gecko) Chrome/142.0.0.0 Safari/537.36"
143.198.74.248 - - [15/Aug/2026:08:15:17 -0400] "GET /wp-includes/js/mediaelement/mediaelement-migrate.min.js HTTP/1.1" 200 540 "-" "Mozilla/5.0 (X11; Linux x86_64) AppleWebKit/537.36 (KHTML, like Gecko) Chrome/142.0.0.0 Safari/537.36"
143.198.74.248 - - [15/Aug/2026:08:15:17 -0400] "GET /wp-includes/js/mediaelement/mediaelement-migrate.js HTTP/1.1" 200 1208 "-" "Mozilla/5.0 (X11; Linux x86_64) AppleWebKit/537.36 (KHTML, like Gecko) Chrome/142.0.0.0 Safari/537.36"
143.198.74.248 - - [15/Aug/2026:08:15:17 -0400] "GET /wp-includes/js/mediaelement/mediaelement-and-player.min.js HTTP/1.1" 200 38789 "-" "Mozilla/5.0 (X11; Linux x86_64) AppleWebKit/537.36 (KHTML, like Gecko) Chrome/142.0.0.0 Safari/537.36"
216.73.216.153 - - [15/Aug/2026:08:15:17 -0400] "GET /index.php?lokasie=%2Fproc%2Fself%2Froot%2Flib64%2Fpython2.7%2Fsite-packages%2Fcryptography%2Fx509%2Fgeneral_name.pyc&loknya=%2Fproc%2Fself%2Froot%2Flib64%2Fpython2.7%2Fsite-packages%2Fcryptography%2Fx509 HTTP/1.1" 404 - "-" "Mozilla/5.0 AppleWebKit/537.36 (KHTML, like Gecko; compatible; ClaudeBot/1.0; +claudebot@anthropic.com)"
146.190.118.147 - - [15/Aug/2026:08:15:17 -0400] "GET /wp-includes/js/jquery/jquery.color.min.js HTTP/1.1" 200 2724 "-" "Mozilla/5.0 (X11; Linux x86_64; rv:142.0) Gecko/20100101 Firefox/142.0"
146.190.118.147 - - [15/Aug/2026:08:15:17 -0400] "GET /wp-includes/js/jquery/jquery.form.js HTTP/1.1" 200 13249 "-" "Mozilla/5.0 (X11; Linux x86_64; rv:142.0) Gecko/20100101 Firefox/142.0"
146.190.118.147 - - [15/Aug/2026:08:15:17 -0400] "GET /wp-includes/js/jquery/jquery.form.min.js HTTP/1.1" 200 5958 "-" "Mozilla/5.0 (X11; Linux x86_64) AppleWebKit/537.36 (KHTML, like Gecko) Chrome/142.0.0.0 Safari/537.36"
146.190.118.147 - - [15/Aug/2026:08:15:17 -0400] "GET /wp-includes/js/jquery/jquery.hotkeys.js HTTP/1.1" 200 2053 "-" "Mozilla/5.0 (X11; Linux x86_64; rv:142.0) Gecko/20100101 Firefox/142.0"
143.198.74.248 - - [15/Aug/2026:08:15:17 -0400] "GET /wp-includes/js/mediaelement/mediaelement.js HTTP/1.1" 200 23906 "-" "Mozilla/5.0 (X11; Linux x86_64) AppleWebKit/537.36 (KHTML, like Gecko) Chrome/142.0.0.0 Safari/537.36"
143.198.74.248 - - [15/Aug/2026:08:15:17 -0400] "GET /wp-includes/js/mediaelement/mediaelement.min.js HTTP/1.1" 200 18112 "-" "Mozilla/5.0 (X11; Linux x86_64) AppleWebKit/537.36 (KHTML, like Gecko) Chrome/142.0.0.0 Safari/537.36"
143.198.74.248 - - [15/Aug/2026:08:15:17 -0400] "GET /wp-includes/js/mediaelement/mediaelementplayer-legacy.css HTTP/1.1" 200 15758 "-" "Mozilla/5.0 (X11; Linux x86_64) AppleWebKit/537.36 (KHTML, like Gecko) Chrome/142.0.0.0 Safari/537.36"
146.190.118.147 - - [15/Aug/2026:08:15:18 -0400] "GET /wp-includes/js/jquery/jquery.hotkeys.min.js HTTP/1.1" 200 931 "-" "Mozilla/5.0 (X11; Linux x86_64; rv:142.0) Gecko/20100101 Firefox/142.0"
146.190.118.147 - - [15/Aug/2026:08:15:18 -0400] "GET /wp-includes/js/jquery/jquery.js HTTP/1.1" 200 84020 "-" "Mozilla/5.0 (X11; Linux x86_64; rv:142.0) Gecko/20100101 Firefox/142.0"
146.190.118.147 - - [15/Aug/2026:08:15:18 -0400] "GET /wp-includes/js/jquery/jquery.masonry.min.js HTTP/1.1" 200 716 "-" "Mozilla/5.0 (X11; Linux x86_64) AppleWebKit/537.36 (KHTML, like Gecko) Chrome/142.0.0.0 Safari/537.36"
146.190.118.147 - - [15/Aug/2026:08:15:18 -0400] "GET /wp-includes/js/jquery/jquery.min.js HTTP/1.1" 200 30368 "-" "Mozilla/5.0 (X11; Linux x86_64; rv:142.0) Gecko/20100101 Firefox/142.0"
146.190.118.147 - - [15/Aug/2026:08:15:18 -0400] "GET /wp-includes/js/jquery/jquery.query.js HTTP/1.1" 200 1627 "-" "Mozilla/5.0 (X11; Linux x86_64; rv:142.0) Gecko/20100101 Firefox/142.0"
146.190.118.147 - - [15/Aug/2026:08:15:18 -0400] "GET /wp-includes/js/jquery/jquery.schedule.js HTTP/1.1" 200 1018 "-" "Mozilla/5.0 (X11; Linux x86_64; rv:142.0) Gecko/20100101 Firefox/142.0"
146.190.118.147 - - [15/Aug/2026:08:15:18 -0400] "GET /wp-includes/js/jquery/jquery.serialize-object.js HTTP/1.1" 200 440 "-" "Mozilla/5.0 (X11; Linux x86_64) AppleWebKit/537.36 (KHTML, like Gecko) Chrome/142.0.0.0 Safari/537.36"
146.190.118.147 - - [15/Aug/2026:08:15:19 -0400] "GET /wp-includes/js/jquery/jquery.table-hotkeys.js HTTP/1.1" 200 1137 "-" "Mozilla/5.0 (X11; Linux x86_64; rv:142.0) Gecko/20100101 Firefox/142.0"
146.190.118.147 - - [15/Aug/2026:08:15:19 -0400] "GET /wp-includes/js/jquery/jquery.table-hotkeys.min.js HTTP/1.1" 200 860 "-" "Mozilla/5.0 (X11; Linux x86_64; rv:142.0) Gecko/20100101 Firefox/142.0"
57.141.0.59 - - [15/Aug/2026:08:15:19 -0400] "GET /wp-trackback.php?loknya=/var/softaculous/cmsimple/php56 HTTP/1.1" 200 2128 "-" "Mozilla/5.0 (Windows NT 10.0; Win64; x64) AppleWebKit/537.36 (KHTML, like Gecko) Chrome/145.0.0.0 Safari/537.36 (compatible; meta-externalagent/1.1 (+https://developers.facebook.com/docs/sharing/webmasters/crawler))"
146.190.118.147 - - [15/Aug/2026:08:15:19 -0400] "GET /wp-includes/js/jquery/jquery.ui.touch-punch.js HTTP/1.1" 200 585 "-" "Mozilla/5.0 (X11; Linux x86_64; rv:142.0) Gecko/20100101 Firefox/142.0"
146.190.118.147 - - [15/Aug/2026:08:15:19 -0400] "GET /wp-includes/js/jquery/suggest.js HTTP/1.1" 200 2437 "-" "Mozilla/5.0 (X11; Linux x86_64) AppleWebKit/537.36 (KHTML, like Gecko) Chrome/142.0.0.0 Safari/537.36"
146.190.118.147 - - [15/Aug/2026:08:15:19 -0400] "GET /wp-includes/js/jquery/suggest.min.js HTTP/1.1" 200 1340 "-" "Mozilla/5.0 (X11; Linux x86_64; rv:142.0) Gecko/20100101 Firefox/142.0"
146.190.118.147 - - [15/Aug/2026:08:15:19 -0400] "GET /wp-includes/js/jquery/ui/ HTTP/1.1" 200 1436 "-" "Mozilla/5.0 (X11; Linux x86_64; rv:142.0) Gecko/20100101 Firefox/142.0"
54.197.178.107 - - [15/Aug/2026:08:15:19 -0400] "GET /wp-links-opml.php?loknya=/opt/alt/alt-nodejs14/root/lib/node_modules/corepack HTTP/1.1" 200 2299 "-" "Mozilla/5.0 AppleWebKit/537.36 (KHTML, like Gecko; compatible; Amazonbot/0.1; +https://developer.amazon.com/support/amazonbot) Chrome/119.0.6045.214 Safari/537.36"
34.203.111.15 - - [15/Aug/2026:08:15:19 -0400] "GET /wp-mail.php?lokasie=/lib/python2.7/site-packages/babel/localedata/sk_SK.dat&loknya=/lib/python2.7/site-packages/babel/localedata HTTP/1.1" 200 1600 "-" "Mozilla/5.0 AppleWebKit/537.36 (KHTML, like Gecko; compatible; Amazonbot/0.1; +https://developer.amazon.com/support/amazonbot) Chrome/119.0.6045.214 Safari/537.36"
146.190.118.147 - - [15/Aug/2026:08:15:20 -0400] "GET /wp-includes/js/mediaelement/mediaelement-and-player.js HTTP/1.1" 200 50376 "-" "Mozilla/5.0 (X11; Linux x86_64; rv:142.0) Gecko/20100101 Firefox/142.0"
146.190.118.147 - - [15/Aug/2026:08:15:20 -0400] "GET /wp-includes/js/mediaelement/mediaelement-migrate.js HTTP/1.1" 200 1208 "-" "Mozilla/5.0 (X11; Linux x86_64) AppleWebKit/537.36 (KHTML, like Gecko) Chrome/142.0.0.0 Safari/537.36"
146.190.118.147 - - [15/Aug/2026:08:15:20 -0400] "GET /wp-includes/js/mediaelement/mediaelement-and-player.min.js HTTP/1.1" 200 38789 "-" "Mozilla/5.0 (X11; Linux x86_64; rv:142.0) Gecko/20100101 Firefox/142.0"
146.190.118.147 - - [15/Aug/2026:08:15:20 -0400] "GET /wp-includes/js/mediaelement/mediaelement-migrate.min.js HTTP/1.1" 200 540 "-" "Mozilla/5.0 (X11; Linux x86_64; rv:142.0) Gecko/20100101 Firefox/142.0"
44.221.180.179 - - [15/Aug/2026:08:15:19 -0400] "GET /wp-config.php?lokasie=/usr/lib/Acronis/UniversalRestore/DriversPack/VirtIOWin8x64/viostor.sys&loknya=/usr/lib/Acronis/UniversalRestore/DriversPack/VirtIOWin8x64 HTTP/1.1" 200 1624 "-" "Mozilla/5.0 AppleWebKit/537.36 (KHTML, like Gecko; compatible; Amazonbot/0.1; +https://developer.amazon.com/support/amazonbot) Chrome/119.0.6045.214 Safari/537.36"
146.190.118.147 - - [15/Aug/2026:08:15:20 -0400] "GET /wp-includes/js/mediaelement/mediaelement.js HTTP/1.1" 200 23906 "-" "Mozilla/5.0 (X11; Linux x86_64) AppleWebKit/537.36 (KHTML, like Gecko) Chrome/142.0.0.0 Safari/537.36"
146.190.118.147 - - [15/Aug/2026:08:15:20 -0400] "GET /wp-includes/js/mediaelement/mediaelement.min.js HTTP/1.1" 200 18112 "-" "Mozilla/5.0 (X11; Linux x86_64; rv:142.0) Gecko/20100101 Firefox/142.0"
146.190.118.147 - - [15/Aug/2026:08:15:20 -0400] "GET /wp-includes/js/mediaelement/mediaelementplayer-legacy.css HTTP/1.1" 200 15758 "-" "Mozilla/5.0 (X11; Linux x86_64; rv:142.0) Gecko/20100101 Firefox/142.0"
216.73.216.153 - - [15/Aug/2026:08:15:22 -0400] "GET /index.php?lokasie=%2Fopt%2Fcpanel%2Fea-wappspector%2Fvendor%2Fphpunit%2Fphp-code-coverage%2FLICENSE&loknya=%2Fopt%2Fcpanel%2Fea-wappspector%2Fvendor%2Fphpunit%2Fphp-code-coverage HTTP/1.1" 404 - "-" "Mozilla/5.0 AppleWebKit/537.36 (KHTML, like Gecko; compatible; ClaudeBot/1.0; +claudebot@anthropic.com)"
54.145.82.217 - - [15/Aug/2026:08:15:20 -0400] "GET /wp-config.php?lokasie=/usr/bin/mariadb-check&loknya=/usr/bin HTTP/1.1" 200 1556 "-" "Mozilla/5.0 AppleWebKit/537.36 (KHTML, like Gecko; compatible; Amazonbot/0.1; +https://developer.amazon.com/support/amazonbot) Chrome/119.0.6045.214 Safari/537.36"
216.73.217.81 - - [15/Aug/2026:08:15:20 -0400] "GET /wp-trackback.php?lokasie=%2Fhome%2Fdejavumk%2Ftmp%2Fanalog%2Fnutricoach.dejavumkt.info%2Fsize.png&loknya=%2Fhome%2Fdejavumk%2Ftmp%2Fanalog%2Fnutricoach.dejavumkt.info HTTP/1.1" 200 1595 "-" "Mozilla/5.0 AppleWebKit/537.36 (KHTML, like Gecko; compatible; ClaudeBot/1.0; +claudebot@anthropic.com)"
57.141.0.71 - - [15/Aug/2026:08:15:21 -0400] "GET /wp-trackback.php?loknya=/home/dejavumk/nutricoach.dejavumkt.info/node_modules/path-browserify HTTP/1.1" 200 2290 "-" "Mozilla/5.0 (X11; Linux x86_64) AppleWebKit/537.36 (KHTML, like Gecko) Chrome/145.0.0.0 Safari/537.36 (compatible; meta-externalagent/1.1 (+https://developers.facebook.com/docs/sharing/webmasters/crawler))"
3.232.39.98 - - [15/Aug/2026:08:15:22 -0400] "GET /wp-mail.php?lokasie=/home/dejavumk/./labphands.com/wp-includes/class-wp-admin-bar.php&loknya=/home/dejavumk/./labphands.com/wp-includes HTTP/1.1" 200 6499 "-" "Mozilla/5.0 AppleWebKit/537.36 (KHTML, like Gecko; compatible; Amazonbot/0.1; +https://developer.amazon.com/support/amazonbot) Chrome/119.0.6045.214 Safari/537.36"
52.70.138.176 - - [15/Aug/2026:08:15:23 -0400] "GET /wp-links-opml.php?loknya=/opt/alt/php55/var/cache/ HTTP/1.1" 200 1964 "-" "Mozilla/5.0 AppleWebKit/537.36 (KHTML, like Gecko; compatible; Amazonbot/0.1; +https://developer.amazon.com/support/amazonbot) Chrome/119.0.6045.214 Safari/537.36"
44.195.145.102 - - [15/Aug/2026:08:15:24 -0400] "GET /wp-config.php?loknya=/home/dejavumk/nutricoach.dejavumkt.info/node_modules/websocket-driver HTTP/1.1" 200 2296 "-" "Mozilla/5.0 AppleWebKit/537.36 (KHTML, like Gecko; compatible; Amazonbot/0.1; +https://developer.amazon.com/support/amazonbot) Chrome/119.0.6045.214 Safari/537.36"
57.141.0.55 - - [15/Aug/2026:08:15:24 -0400] "GET /wp-blog-header.php?lokasie=/lib64/python2.7//keyword.py&loknya=/lib64/python2.7/ HTTP/1.1" 404 - "-" "Mozilla/5.0 (Windows NT 10.0; Win64; x64) AppleWebKit/537.36 (KHTML, like Gecko) Chrome/145.0.0.0 Safari/537.36 (compatible; meta-externalagent/1.1 (+https://developers.facebook.com/docs/sharing/webmasters/crawler))"
213.230.92.51 - - [15/Aug/2026:08:15:25 -0400] "GET /nuestras-marcas/ HTTP/1.1" 404 - "https://perbec.com" "Mozilla/5.0 (Windows NT 10.0; Win64; x64) AppleWebKit/537.36 (KHTML, like Gecko) Chrome/144.0.0.0 Safari/537.36"
66.249.66.37 - - [15/Aug/2026:08:15:25 -0400] "GET /wp-config.php?lokasie=/lib64/python2.7/textwrap.py&loknya=/lib64/python2.7 HTTP/1.1" 200 7136 "-" "Mozilla/5.0 (Linux; Android 6.0.1; Nexus 5X Build/MMB29P) AppleWebKit/537.36 (KHTML, like Gecko) Chrome/150.0.7871.186 Mobile Safari/537.36 (compatible; GoogleOther)"
216.73.217.81 - - [15/Aug/2026:08:15:25 -0400] "GET /wp-trackback.php?lokasie=%2Fhome%2Fdejavumk%2Ftmp%2Fanalog%2Fnutricoach.dejavumkt.info%2Fbrowrep.png&loknya=%2Fhome%2Fdejavumk%2Ftmp%2Fanalog%2Fnutricoach.dejavumkt.info HTTP/1.1" 200 1597 "-" "Mozilla/5.0 AppleWebKit/537.36 (KHTML, like Gecko; compatible; ClaudeBot/1.0; +claudebot@anthropic.com)"
57.141.0.29 - - [15/Aug/2026:08:15:27 -0400] "GET /wp-blog-header.php?lokasie=/lib64/python2.7/idlelib/SearchDialogBase.pyc&loknya=/lib64/python2.7/idlelib HTTP/1.1" 404 - "-" "Mozilla/5.0 (Macintosh; Intel Mac OS X 10_15_7) AppleWebKit/537.36 (KHTML, like Gecko) Chrome/145.0.0.0 Safari/537.36 (compatible; meta-externalagent/1.1 (+https://developers.facebook.com/docs/sharing/webmasters/crawler))"
216.73.216.153 - - [15/Aug/2026:08:15:27 -0400] "GET /?lokasie=%2Fopt%2Fcloudlinux%2Falt-php71%2Froot%2Fetc%2Fmysql5.5%2Fpdo_mysql.so&loknya=%2Fopt%2Fcloudlinux%2Falt-php71%2Froot%2Fetc%2Fmysql5.5 HTTP/1.1" 200 750 "-" "Mozilla/5.0 AppleWebKit/537.36 (KHTML, like Gecko; compatible; ClaudeBot/1.0; +claudebot@anthropic.com)"
34.225.138.57 - - [15/Aug/2026:08:15:27 -0400] "GET /wp-mail.php?lokasie=/lib/python2.7/site-packages/babel/localedata/ro_RO.dat&loknya=/lib/python2.7/site-packages/babel/localedata HTTP/1.1" 200 1603 "-" "Mozilla/5.0 AppleWebKit/537.36 (KHTML, like Gecko; compatible; Amazonbot/0.1; +https://developer.amazon.com/support/amazonbot) Chrome/119.0.6045.214 Safari/537.36"
54.85.7.119 - - [15/Aug/2026:08:15:27 -0400] "GET /wp-trackback.php?lokasie=/usr/share/perl5/unicore/lib/Scx/Kana.pl&loknya=/usr/share/perl5/unicore/lib/Scx HTTP/1.1" 200 1983 "-" "Mozilla/5.0 AppleWebKit/537.36 (KHTML, like Gecko; compatible; Amazonbot/0.1; +https://developer.amazon.com/support/amazonbot) Chrome/119.0.6045.214 Safari/537.36"
52.71.216.196 - - [15/Aug/2026:08:15:28 -0400] "GET /wp-config.php?loknya=/home/dejavumk/nutricoach.dejavumkt.info/node_modules/object-path HTTP/1.1" 200 2481 "-" "Mozilla/5.0 AppleWebKit/537.36 (KHTML, like Gecko; compatible; Amazonbot/0.1; +https://developer.amazon.com/support/amazonbot) Chrome/119.0.6045.214 Safari/537.36"
17.241.227.217 - - [15/Aug/2026:08:15:29 -0400] "GET /wp-load.php?loknya=/opt/alt/net-snmp HTTP/1.1" 200 1930 "-" "Mozilla/5.0 (Macintosh; Intel Mac OS X 10_15_7) AppleWebKit/605.1.15 (KHTML, like Gecko) Version/17.4 Safari/605.1.15 (Applebot/0.1; +http://www.apple.com/go/applebot)"
57.141.0.62 - - [15/Aug/2026:08:15:30 -0400] "GET /wp-blog-header.php?lokasie=/var/softaculous/carbon/php71/edit.php&loknya=/var/softaculous/carbon/php71 HTTP/1.1" 404 - "-" "Mozilla/5.0 (Windows NT 10.0; Win64; x64) AppleWebKit/537.36 (KHTML, like Gecko) Chrome/145.0.0.0 Safari/537.36 (compatible; meta-externalagent/1.1 (+https://developers.facebook.com/docs/sharing/webmasters/crawler))"
216.73.217.81 - - [15/Aug/2026:08:15:30 -0400] "GET /wp-trackback.php?lokasie=%2Fhome%2Fdejavumk%2Fperbec.com%2Fwp-admin%2Fcss%2F%2Fdashboard.min.css&loknya=%2Fhome%2Fdejavumk%2Fperbec.com%2Fwp-admin%2Fcss%2F HTTP/1.1" 200 6716 "-" "Mozilla/5.0 AppleWebKit/537.36 (KHTML, like Gecko; compatible; ClaudeBot/1.0; +claudebot@anthropic.com)"
17.241.219.149 - - [15/Aug/2026:08:15:30 -0400] "GET /wp-config.php?loknya=/lib/oracle/12.1 HTTP/1.1" 200 1930 "-" "Mozilla/5.0 (Macintosh; Intel Mac OS X 10_15_7) AppleWebKit/605.1.15 (KHTML, like Gecko) Version/17.4 Safari/605.1.15 (Applebot/0.1; +http://www.apple.com/go/applebot)"
34.225.243.131 - - [15/Aug/2026:08:15:30 -0400] "GET /wp-mail.php?lokasie=/var/softaculous/sentrifugo//clone.php&loknya=/var/softaculous/sentrifugo/ HTTP/1.1" 200 4435 "-" "Mozilla/5.0 AppleWebKit/537.36 (KHTML, like Gecko; compatible; Amazonbot/0.1; +https://developer.amazon.com/support/amazonbot) Chrome/119.0.6045.214 Safari/537.36"
216.73.216.153 - - [15/Aug/2026:08:15:32 -0400] "GET /index.php?lokasie=%2Flib64%2Fpython2.7%2Fsite-packages%2Fpygpgme-0.3-py2.7.egg-info&loknya=%2Flib64%2Fpython2.7%2Fsite-packages HTTP/1.1" 404 - "-" "Mozilla/5.0 AppleWebKit/537.36 (KHTML, like Gecko; compatible; ClaudeBot/1.0; +claudebot@anthropic.com)"
