216.73.216.153 - - [15/Aug/2026:08:26:57 -0400] "GET /?lokasie=%2Fopt%2Falt%2Fpython35%2Flib64%2Fpython3.5%2Fsite-packages%2Fsklearn%2Fcovariance%2Ftests%2Ftest_robust_covariance.py&loknya=%2Fopt%2Falt%2Fpython35%2Flib64%2Fpython3.5%2Fsite-packages%2Fsklearn%2Fcovariance%2Ftests HTTP/1.1" 200 750 "-" "Mozilla/5.0 AppleWebKit/537.36 (KHTML, like Gecko; compatible; ClaudeBot/1.0; +claudebot@anthropic.com)"
216.73.216.153 - - [15/Aug/2026:08:26:57 -0400] "GET /?lokasie=%2Fproc%2Fself%2Froot%2Fusr%2Flib%2Fsystemd%2Fsystem%2Fmariadb-extra.socket&loknya=%2Fproc%2Fself%2Froot%2Fusr%2Flib%2Fsystemd%2Fsystem HTTP/1.1" 200 750 "-" "Mozilla/5.0 AppleWebKit/537.36 (KHTML, like Gecko; compatible; ClaudeBot/1.0; +claudebot@anthropic.com)"
57.141.0.18 - - [15/Aug/2026:08:26:58 -0400] "GET /wp-blog-header.php?lokasie=/var/softaculous/lime5//config.php&loknya=/var/softaculous/lime5/ HTTP/1.1" 404 - "-" "Mozilla/5.0 (Windows NT 10.0; Win64; x64) AppleWebKit/537.36 (KHTML, like Gecko) Chrome/145.0.0.0 Safari/537.36 (compatible; meta-externalagent/1.1 (+https://developers.facebook.com/docs/sharing/webmasters/crawler))"
216.73.216.153 - - [15/Aug/2026:08:26:58 -0400] "GET /?lokasie=%2Fproc%2Fself%2Fcwd%2Fwp-includes%2FRequests%2Fsrc%2F%2FIri.php&loknya=%2Fproc%2Fself%2Fcwd%2Fwp-includes%2FRequests%2Fsrc%2F HTTP/1.1" 200 750 "-" "Mozilla/5.0 AppleWebKit/537.36 (KHTML, like Gecko; compatible; ClaudeBot/1.0; +claudebot@anthropic.com)"
216.73.216.153 - - [15/Aug/2026:08:26:58 -0400] "GET /index.php?lokasie=%2Fproc%2Fself%2Froot%2Fproc%2Fself%2Fcwd%2Fwp-includes%2Fblocks%2Fcomments%2Feditor-rtl.min.css&loknya=%2Fproc%2Fself%2Froot%2Fproc%2Fself%2Fcwd%2Fwp-includes%2Fblocks%2Fcomments HTTP/1.1" 404 - "-" "Mozilla/5.0 AppleWebKit/537.36 (KHTML, like Gecko; compatible; ClaudeBot/1.0; +claudebot@anthropic.com)"
98.82.66.172 - - [15/Aug/2026:08:26:58 -0400] "GET /wp-links-opml.php?lokasie=/home/dejavumk/g-industrial.com/wp-includes/images/rss.png&loknya=/home/dejavumk/g-industrial.com/wp-includes/images HTTP/1.1" 200 1600 "-" "Mozilla/5.0 AppleWebKit/537.36 (KHTML, like Gecko; compatible; Amazonbot/0.1; +https://developer.amazon.com/support/amazonbot) Chrome/119.0.6045.214 Safari/537.36"
216.73.216.153 - - [15/Aug/2026:08:26:59 -0400] "GET /index.php?lokasie=%2Fproc%2Fself%2Froot%2Fvar%2Fsoftaculous%2Fphproj%2Fphp53%2Fclone.php&loknya=%2Fproc%2Fself%2Froot%2Fvar%2Fsoftaculous%2Fphproj%2Fphp53 HTTP/1.1" 404 - "-" "Mozilla/5.0 AppleWebKit/537.36 (KHTML, like Gecko; compatible; ClaudeBot/1.0; +claudebot@anthropic.com)"
216.73.217.81 - - [15/Aug/2026:08:26:59 -0400] "GET /wp-trackback.php?lokasie=%2Fhome%2Fdejavumk%2Falliuz.com.mx%2Fwp-admin%2Fjs%2Fcomment.js&loknya=%2Fhome%2Fdejavumk%2Falliuz.com.mx%2Fwp-admin%2Fjs HTTP/1.1" 200 2629 "-" "Mozilla/5.0 AppleWebKit/537.36 (KHTML, like Gecko; compatible; ClaudeBot/1.0; +claudebot@anthropic.com)"
216.73.216.153 - - [15/Aug/2026:08:26:59 -0400] "GET /index.php?lokasie=%2Fproc%2Fself%2Froot%2Fopt%2Falt%2Fphp55%2Fusr%2Fshare%2Fpear%2F%2FSystem.php&loknya=%2Fproc%2Fself%2Froot%2Fopt%2Falt%2Fphp55%2Fusr%2Fshare%2Fpear%2F HTTP/1.1" 404 - "-" "Mozilla/5.0 AppleWebKit/537.36 (KHTML, like Gecko; compatible; ClaudeBot/1.0; +claudebot@anthropic.com)"
34.194.233.48 - - [15/Aug/2026:08:26:59 -0400] "GET /wp-trackback.php?lokasie=/usr/share/man/man1/perl5142delta.1.gz&loknya=/usr/share/man/man1 HTTP/1.1" 200 1583 "-" "Mozilla/5.0 AppleWebKit/537.36 (KHTML, like Gecko; compatible; Amazonbot/0.1; +https://developer.amazon.com/support/amazonbot) Chrome/119.0.6045.214 Safari/537.36"
216.73.216.153 - - [15/Aug/2026:08:27:00 -0400] "GET /index.php?lokasie=%2Fproc%2Fself%2Froot%2Fproc%2Fself%2Fcwd%2Fwp-admin%2Fcss%2Fcolor-picker.min.css&loknya=%2Fproc%2Fself%2Froot%2Fproc%2Fself%2Fcwd%2Fwp-admin%2Fcss HTTP/1.1" 404 - "-" "Mozilla/5.0 AppleWebKit/537.36 (KHTML, like Gecko; compatible; ClaudeBot/1.0; +claudebot@anthropic.com)"
3.209.174.110 - - [15/Aug/2026:08:26:59 -0400] "GET /wp-config.php?lokasie=/home/dejavumk/wedder.app/wp-includes/block-i18n.json&loknya=/home/dejavumk/wedder.app/wp-includes HTTP/1.1" 200 1712 "-" "Mozilla/5.0 AppleWebKit/537.36 (KHTML, like Gecko; compatible; Amazonbot/0.1; +https://developer.amazon.com/support/amazonbot) Chrome/119.0.6045.214 Safari/537.36"
57.141.0.67 - - [15/Aug/2026:08:27:00 -0400] "GET /wp-blog-header.php?loknya=/home/dejavumk/nutricoach.dejavumkt.info/node_modules/atob HTTP/1.1" 404 - "-" "Mozilla/5.0 (Macintosh; Intel Mac OS X 10_15_7) AppleWebKit/537.36 (KHTML, like Gecko) Chrome/145.0.0.0 Safari/537.36 (compatible; meta-externalagent/1.1 (+https://developers.facebook.com/docs/sharing/webmasters/crawler))"
216.73.216.153 - - [15/Aug/2026:08:27:00 -0400] "GET /index.php?lokasie=%2Fproc%2Fself%2Froot%2Flib%2Fpython2.7%2Fsite-packages%2Fpip%2Fcommands%2F__init__.pyo&loknya=%2Fproc%2Fself%2Froot%2Flib%2Fpython2.7%2Fsite-packages%2Fpip%2Fcommands HTTP/1.1" 404 - "-" "Mozilla/5.0 AppleWebKit/537.36 (KHTML, like Gecko; compatible; ClaudeBot/1.0; +claudebot@anthropic.com)"
216.73.216.153 - - [15/Aug/2026:08:27:01 -0400] "GET /?lokasie=%2Fopt%2Falt%2Falt-nodejs8%2Froot%2Flib%2Fnode_modules%2Fnpm%2Fappveyor.yml&loknya=%2Fopt%2Falt%2Falt-nodejs8%2Froot%2Flib%2Fnode_modules%2Fnpm HTTP/1.1" 200 750 "-" "Mozilla/5.0 AppleWebKit/537.36 (KHTML, like Gecko; compatible; ClaudeBot/1.0; +claudebot@anthropic.com)"
216.73.216.153 - - [15/Aug/2026:08:27:01 -0400] "GET /index.php?loknya=%2Fproc%2Fself%2Froot%2Fproc%2Fself%2Froot%2Fopt%2Falt%2Ftests%2Falt-php56-pecl-libsodium_1.0.6-1.el7 HTTP/1.1" 404 - "-" "Mozilla/5.0 AppleWebKit/537.36 (KHTML, like Gecko; compatible; ClaudeBot/1.0; +claudebot@anthropic.com)"
216.73.216.153 - - [15/Aug/2026:08:27:02 -0400] "GET /index.php?lokasie=%2Fopt%2Falt%2Falt-nodejs12%2Froot%2Fusr%2Flib%2Fnode_modules%2Fnpm%2Flib%2Futils%2Ffunding.js&loknya=%2Fopt%2Falt%2Falt-nodejs12%2Froot%2Fusr%2Flib%2Fnode_modules%2Fnpm%2Flib%2Futils HTTP/1.1" 404 - "-" "Mozilla/5.0 AppleWebKit/537.36 (KHTML, like Gecko; compatible; ClaudeBot/1.0; +claudebot@anthropic.com)"
3.213.85.234 - - [15/Aug/2026:08:27:02 -0400] "GET /wp-load.php?loknya=/opt/cpanel/libtidy/bin HTTP/1.1" 200 1981 "-" "Mozilla/5.0 AppleWebKit/537.36 (KHTML, like Gecko; compatible; Amazonbot/0.1; +https://developer.amazon.com/support/amazonbot) Chrome/119.0.6045.214 Safari/537.36"
216.73.216.153 - - [15/Aug/2026:08:27:02 -0400] "GET /index.php?lokasie=%2Fproc%2Fself%2Froot%2Flib64%2Fpython2.7%2Fencodings%2Fiso2022_jp.pyo&loknya=%2Fproc%2Fself%2Froot%2Flib64%2Fpython2.7%2Fencodings HTTP/1.1" 404 - "-" "Mozilla/5.0 AppleWebKit/537.36 (KHTML, like Gecko; compatible; ClaudeBot/1.0; +claudebot@anthropic.com)"
57.141.0.6 - - [15/Aug/2026:08:27:02 -0400] "GET /wp-blog-header.php?lokasie=/var/softaculous/moodle39//install.php&loknya=/var/softaculous/moodle39/ HTTP/1.1" 404 - "-" "Mozilla/5.0 (Windows NT 10.0; Win64; x64) AppleWebKit/537.36 (KHTML, like Gecko) Chrome/145.0.0.0 Safari/537.36 (compatible; meta-externalagent/1.1 (+https://developers.facebook.com/docs/sharing/webmasters/crawler))"
216.73.216.153 - - [15/Aug/2026:08:27:03 -0400] "GET /?lokasie=%2Fopt%2Falt%2Falt-nodejs8%2Froot%2Flib%2Fnode_modules%2Fnpm%2Flib%2Futils%2Fansi-trim.js&loknya=%2Fopt%2Falt%2Falt-nodejs8%2Froot%2Flib%2Fnode_modules%2Fnpm%2Flib%2Futils HTTP/1.1" 200 750 "-" "Mozilla/5.0 AppleWebKit/537.36 (KHTML, like Gecko; compatible; ClaudeBot/1.0; +claudebot@anthropic.com)"
216.73.216.153 - - [15/Aug/2026:08:27:03 -0400] "GET /?lokasie=%2Fopt%2Fcloudlinux%2Fvenv%2Flib64%2Fpython3.11%2Fsite-packages%2F%2Flvestat.py&loknya=%2Fopt%2Fcloudlinux%2Fvenv%2Flib64%2Fpython3.11%2Fsite-packages%2F HTTP/1.1" 200 750 "-" "Mozilla/5.0 AppleWebKit/537.36 (KHTML, like Gecko; compatible; ClaudeBot/1.0; +claudebot@anthropic.com)"
54.235.172.96 - - [15/Aug/2026:08:27:03 -0400] "GET /wp-trackback.php?lokasie=/home/dejavumk/wedder.dejavumkt.info/wp-content/plugins/elementor/core/logger/log-reporter.php&loknya=/home/dejavumk/wedder.dejavumkt.info/wp-content/plugins/elementor/core/logger HTTP/1.1" 200 2629 "-" "Mozilla/5.0 AppleWebKit/537.36 (KHTML, like Gecko; compatible; Amazonbot/0.1; +https://developer.amazon.com/support/amazonbot) Chrome/119.0.6045.214 Safari/537.36"
216.73.216.153 - - [15/Aug/2026:08:27:04 -0400] "GET /index.php?lokasie=%2Fproc%2Fself%2Froot%2Fproc%2Fself%2Froot%2Fusr%2Fshare%2Fzoneinfo%2FUS%2FMichigan&loknya=%2Fproc%2Fself%2Froot%2Fproc%2Fself%2Froot%2Fusr%2Fshare%2Fzoneinfo%2FUS HTTP/1.1" 404 - "-" "Mozilla/5.0 AppleWebKit/537.36 (KHTML, like Gecko; compatible; ClaudeBot/1.0; +claudebot@anthropic.com)"
54.225.181.161 - - [15/Aug/2026:08:27:03 -0400] "GET /wp-config.php?loknya=/home/dejavumk/nutricoach.dejavumkt.info/node_modules/postcss-convert-values HTTP/1.1" 200 2329 "-" "Mozilla/5.0 AppleWebKit/537.36 (KHTML, like Gecko; compatible; Amazonbot/0.1; +https://developer.amazon.com/support/amazonbot) Chrome/119.0.6045.214 Safari/537.36"
216.73.217.81 - - [15/Aug/2026:08:27:04 -0400] "GET /wp-trackback.php?lokasie=%2Fhome%2Fdejavumk%2Falliuz.com.mx%2Fwp-admin%2Fjs%2Ftheme.js&loknya=%2Fhome%2Fdejavumk%2Falliuz.com.mx%2Fwp-admin%2Fjs HTTP/1.1" 200 15896 "-" "Mozilla/5.0 AppleWebKit/537.36 (KHTML, like Gecko; compatible; ClaudeBot/1.0; +claudebot@anthropic.com)"
216.73.216.153 - - [15/Aug/2026:08:27:04 -0400] "GET /index.php?lokasie=%2Fproc%2Fself%2Froot%2Flib%2Fpython2.7%2Fsite-packages%2Fjinja2%2Ftestsuite%2Fext.pyo&loknya=%2Fproc%2Fself%2Froot%2Flib%2Fpython2.7%2Fsite-packages%2Fjinja2%2Ftestsuite HTTP/1.1" 404 - "-" "Mozilla/5.0 AppleWebKit/537.36 (KHTML, like Gecko; compatible; ClaudeBot/1.0; +claudebot@anthropic.com)"
216.73.216.153 - - [15/Aug/2026:08:27:05 -0400] "GET /index.php?lokasie=%2Fopt%2Falt%2Falt-nodejs10%2Froot%2Flib%2Fnode_modules%2Fnpm%2Fman%2Fman3%2FEVP_EncodeFinal.3ssl.gz&loknya=%2Fopt%2Falt%2Falt-nodejs10%2Froot%2Flib%2Fnode_modules%2Fnpm%2Fman%2Fman3 HTTP/1.1" 404 - "-" "Mozilla/5.0 AppleWebKit/537.36 (KHTML, like Gecko; compatible; ClaudeBot/1.0; +claudebot@anthropic.com)"
216.73.216.153 - - [15/Aug/2026:08:27:05 -0400] "GET /index.php?lokasie=%2Fproc%2Fself%2Froot%2Fusr%2Fshare%2Fgit-core%2Ftemplates%2F%2Fdescription&loknya=%2Fproc%2Fself%2Froot%2Fusr%2Fshare%2Fgit-core%2Ftemplates%2F HTTP/1.1" 404 - "-" "Mozilla/5.0 AppleWebKit/537.36 (KHTML, like Gecko; compatible; ClaudeBot/1.0; +claudebot@anthropic.com)"
216.73.216.153 - - [15/Aug/2026:08:27:06 -0400] "GET /index.php?lokasie=%2Fvar%2Fsoftaculous%2Ffirefly%2Fphp82%2Finstall.php&loknya=%2Fvar%2Fsoftaculous%2Ffirefly%2Fphp82 HTTP/1.1" 404 - "-" "Mozilla/5.0 AppleWebKit/537.36 (KHTML, like Gecko; compatible; ClaudeBot/1.0; +claudebot@anthropic.com)"
216.73.216.153 - - [15/Aug/2026:08:27:06 -0400] "GET /index.php?lokasie=%2Fproc%2Fself%2Froot%2Fproc%2Fself%2Froot%2Fusr%2Flib%2Ffirmware%2Famdgpu%2Ffiji_pfp.bin&loknya=%2Fproc%2Fself%2Froot%2Fproc%2Fself%2Froot%2Fusr%2Flib%2Ffirmware%2Famdgpu HTTP/1.1" 404 - "-" "Mozilla/5.0 AppleWebKit/537.36 (KHTML, like Gecko; compatible; ClaudeBot/1.0; +claudebot@anthropic.com)"
35.153.86.200 - - [15/Aug/2026:08:27:06 -0400] "GET /wp-signup.php?loknya=/proc/self/root/opt/alt/alt-nodejs14/root/usr/lib/node_modules/npm/node_modules/jsonparse/samplejson HTTP/1.1" 200 2155 "-" "Mozilla/5.0 AppleWebKit/537.36 (KHTML, like Gecko; compatible; Amazonbot/0.1; +https://developer.amazon.com/support/amazonbot) Chrome/119.0.6045.214 Safari/537.36"
57.141.0.7 - - [15/Aug/2026:08:27:06 -0400] "GET /wp-trackback.php?loknya=/home/dejavumk/nutricoach.dejavumkt.info/node_modules/glob-to-regexp HTTP/1.1" 200 2274 "-" "Mozilla/5.0 (Macintosh; Intel Mac OS X 10_15_7) AppleWebKit/537.36 (KHTML, like Gecko) Chrome/145.0.0.0 Safari/537.36 (compatible; meta-externalagent/1.1 (+https://developers.facebook.com/docs/sharing/webmasters/crawler))"
216.73.216.153 - - [15/Aug/2026:08:27:07 -0400] "GET /index.php?lokasie=%2Fopt%2Fcloudlinux%2Fvenv%2Flib64%2Fpython3.11%2Fsite-packages%2Fclcommon%2Flib%2Fcledition.py&loknya=%2Fopt%2Fcloudlinux%2Fvenv%2Flib64%2Fpython3.11%2Fsite-packages%2Fclcommon%2Flib HTTP/1.1" 404 - "-" "Mozilla/5.0 AppleWebKit/537.36 (KHTML, like Gecko; compatible; ClaudeBot/1.0; +claudebot@anthropic.com)"
216.73.217.81 - - [15/Aug/2026:08:27:07 -0400] "GET /wp-trackback.php?lokasie=%2Fhome%2Fdejavumk%2Falliuz.com.mx%2Fwp-admin%2Fcredits.php&loknya=%2Fhome%2Fdejavumk%2Falliuz.com.mx%2Fwp-admin HTTP/1.1" 200 2760 "-" "Mozilla/5.0 AppleWebKit/537.36 (KHTML, like Gecko; compatible; ClaudeBot/1.0; +claudebot@anthropic.com)"
216.73.216.153 - - [15/Aug/2026:08:27:07 -0400] "GET /index.php?lokasie=%2Fopt%2Falt%2Falt-nodejs11%2Froot%2Fusr%2Flib%2Fnode_modules%2Fnpm%2Fnode_modules%2Fmississippi%2Fchangelog.md&loknya=%2Fopt%2Falt%2Falt-nodejs11%2Froot%2Fusr%2Flib%2Fnode_modules%2Fnpm%2Fnode_modules%2Fmississippi HTTP/1.1" 404 - "-" "Mozilla/5.0 AppleWebKit/537.36 (KHTML, like Gecko; compatible; ClaudeBot/1.0; +claudebot@anthropic.com)"
44.221.180.179 - - [15/Aug/2026:08:27:08 -0400] "GET /wp-trackback.php?lokasie=/opt/imunify360/venv/lib64/python3.11/site-packages/babel/locale-data/ar_EG.dat&loknya=/opt/imunify360/venv/lib64/python3.11/site-packages/babel/locale-data HTTP/1.1" 200 1643 "-" "Mozilla/5.0 AppleWebKit/537.36 (KHTML, like Gecko; compatible; Amazonbot/0.1; +https://developer.amazon.com/support/amazonbot) Chrome/119.0.6045.214 Safari/537.36"
216.73.216.153 - - [15/Aug/2026:08:27:08 -0400] "GET /?lokasie=%2Fopt%2Fcloudlinux%2Falt-php74%2Froot%2Fetc%2Fpercona5.5%2Fpdo_mysql.so&loknya=%2Fopt%2Fcloudlinux%2Falt-php74%2Froot%2Fetc%2Fpercona5.5 HTTP/1.1" 200 750 "-" "Mozilla/5.0 AppleWebKit/537.36 (KHTML, like Gecko; compatible; ClaudeBot/1.0; +claudebot@anthropic.com)"
57.141.0.12 - - [15/Aug/2026:08:27:08 -0400] "GET /wp-admin/?loknya=/home/dejavumk/sarahyedgardo.dejavumkt.info/wp-includes/PHPMailer HTTP/1.1" 500 - "-" "Mozilla/5.0 (Windows NT 10.0; Win64; x64) AppleWebKit/537.36 (KHTML, like Gecko) Chrome/145.0.0.0 Safari/537.36 (compatible; meta-externalagent/1.1 (+https://developers.facebook.com/docs/sharing/webmasters/crawler))"
216.73.216.153 - - [15/Aug/2026:08:27:08 -0400] "GET /index.php?lokasie=%2Fproc%2Fself%2Froot%2Fopt%2Falt%2Falt-nodejs20%2Froot%2Flib%2Fnode_modules%2Fnpm%2Fnode_modules%2Flibnpmsearch%2FLICENSE&loknya=%2Fproc%2Fself%2Froot%2Fopt%2Falt%2Falt-nodejs20%2Froot%2Flib%2Fnode_modules%2Fnpm%2Fnode_modules%2Flibnpmsearch HTTP/1.1" 404 - "-" "Mozilla/5.0 AppleWebKit/537.36 (KHTML, like Gecko; compatible; ClaudeBot/1.0; +claudebot@anthropic.com)"
34.193.2.57 - - [15/Aug/2026:08:27:08 -0400] "GET /wp-config.php?lokasie=/var/softaculous/elgg/php81/import.php&loknya=/var/softaculous/elgg/php81 HTTP/1.1" 200 5652 "-" "Mozilla/5.0 AppleWebKit/537.36 (KHTML, like Gecko; compatible; Amazonbot/0.1; +https://developer.amazon.com/support/amazonbot) Chrome/119.0.6045.214 Safari/537.36"
216.73.216.153 - - [15/Aug/2026:08:27:09 -0400] "GET /?lokasie=%2Fopt%2Falt%2Falt-nodejs12%2Froot%2Fusr%2Flib%2Fnode_modules%2Fnpm%2Flib%2Fprefix.js&loknya=%2Fopt%2Falt%2Falt-nodejs12%2Froot%2Fusr%2Flib%2Fnode_modules%2Fnpm%2Flib HTTP/1.1" 200 750 "-" "Mozilla/5.0 AppleWebKit/537.36 (KHTML, like Gecko; compatible; ClaudeBot/1.0; +claudebot@anthropic.com)"
216.73.216.153 - - [15/Aug/2026:08:27:09 -0400] "GET /index.php?lokasie=%2Fvar%2Fsoftaculous%2Fops%2Fphp56%2Fclone.php&loknya=%2Fvar%2Fsoftaculous%2Fops%2Fphp56 HTTP/1.1" 404 - "-" "Mozilla/5.0 AppleWebKit/537.36 (KHTML, like Gecko; compatible; ClaudeBot/1.0; +claudebot@anthropic.com)"
216.73.216.153 - - [15/Aug/2026:08:27:10 -0400] "GET /index.php?lokasie=%2Fopt%2Fcloudlinux%2Falt-php53%2Froot%2Fetc%2Fmysql5.6%2Fmysqli.so&loknya=%2Fopt%2Fcloudlinux%2Falt-php53%2Froot%2Fetc%2Fmysql5.6 HTTP/1.1" 404 - "-" "Mozilla/5.0 AppleWebKit/537.36 (KHTML, like Gecko; compatible; ClaudeBot/1.0; +claudebot@anthropic.com)"
216.73.216.153 - - [15/Aug/2026:08:27:10 -0400] "GET /index.php?lokasie=%2Fproc%2Fself%2Froot%2Fopt%2Falt%2Fphp72%2Fusr%2Flib64%2Fphp-zts%2Fmodules%2Fphar.so&loknya=%2Fproc%2Fself%2Froot%2Fopt%2Falt%2Fphp72%2Fusr%2Flib64%2Fphp-zts%2Fmodules HTTP/1.1" 404 - "-" "Mozilla/5.0 AppleWebKit/537.36 (KHTML, like Gecko; compatible; ClaudeBot/1.0; +claudebot@anthropic.com)"
57.141.0.43 - - [15/Aug/2026:08:27:10 -0400] "GET /wp-blog-header.php?lokasie=/var/softaculous/xoops/php81/edit.php&loknya=/var/softaculous/xoops/php81 HTTP/1.1" 404 - "-" "Mozilla/5.0 (Macintosh; Intel Mac OS X 10_15_7) AppleWebKit/537.36 (KHTML, like Gecko) Chrome/145.0.0.0 Safari/537.36 (compatible; meta-externalagent/1.1 (+https://developers.facebook.com/docs/sharing/webmasters/crawler))"
57.141.0.46 - - [15/Aug/2026:08:27:11 -0400] "GET /wp-blog-header.php?lokasie=/var/softaculous/etano//install.js&loknya=/var/softaculous/etano/ HTTP/1.1" 404 - "-" "Mozilla/5.0 (Windows NT 10.0; Win64; x64) AppleWebKit/537.36 (KHTML, like Gecko) Chrome/145.0.0.0 Safari/537.36 (compatible; meta-externalagent/1.1 (+https://developers.facebook.com/docs/sharing/webmasters/crawler))"
216.73.216.153 - - [15/Aug/2026:08:27:11 -0400] "GET /?lokasie=%2Fopt%2Falt%2Falt-nodejs18%2Froot%2Flib%2Fnode_modules%2Fnpm%2Fnode_modules.bundled%2Fcross-spawn%2FLICENSE&loknya=%2Fopt%2Falt%2Falt-nodejs18%2Froot%2Flib%2Fnode_modules%2Fnpm%2Fnode_modules.bundled%2Fcross-spawn HTTP/1.1" 200 750 "-" "Mozilla/5.0 AppleWebKit/537.36 (KHTML, like Gecko; compatible; ClaudeBot/1.0; +claudebot@anthropic.com)"
216.73.217.81 - - [15/Aug/2026:08:27:11 -0400] "GET /wp-trackback.php?lokasie=%2Fhome%2Fdejavumk%2Fperbec.com%2Fwp-includes%2Fcss%2Fdist%2Fnux%2Fstyle.css&loknya=%2Fhome%2Fdejavumk%2Fperbec.com%2Fwp-includes%2Fcss%2Fdist%2Fnux HTTP/1.1" 200 2202 "-" "Mozilla/5.0 AppleWebKit/537.36 (KHTML, like Gecko; compatible; ClaudeBot/1.0; +claudebot@anthropic.com)"
216.73.216.153 - - [15/Aug/2026:08:27:11 -0400] "GET /?lokasie=%2Fopt%2Fcloudlinux%2Fvenv%2Flib64%2Fpython3.11%2Fsite-packages%2Fmock%2F%2Fmock.py&loknya=%2Fopt%2Fcloudlinux%2Fvenv%2Flib64%2Fpython3.11%2Fsite-packages%2Fmock%2F HTTP/1.1" 200 750 "-" "Mozilla/5.0 AppleWebKit/537.36 (KHTML, like Gecko; compatible; ClaudeBot/1.0; +claudebot@anthropic.com)"
52.204.71.8 - - [15/Aug/2026:08:27:11 -0400] "GET /wp-links-opml.php?lokasie=/usr/share/ghostscript/lib/Stc670pl.upp&loknya=/usr/share/ghostscript/lib HTTP/1.1" 200 2114 "-" "Mozilla/5.0 AppleWebKit/537.36 (KHTML, like Gecko; compatible; Amazonbot/0.1; +https://developer.amazon.com/support/amazonbot) Chrome/119.0.6045.214 Safari/537.36"
3.219.81.66 - - [15/Aug/2026:08:27:12 -0400] "GET /wp-trackback.php?lokasie=/opt/imunify360/venv/lib64/python3.11/site-packages/babel/locale-data/fr_BE.dat&loknya=/opt/imunify360/venv/lib64/python3.11/site-packages/babel/locale-data HTTP/1.1" 200 1641 "-" "Mozilla/5.0 AppleWebKit/537.36 (KHTML, like Gecko; compatible; Amazonbot/0.1; +https://developer.amazon.com/support/amazonbot) Chrome/119.0.6045.214 Safari/537.36"
216.73.216.153 - - [15/Aug/2026:08:27:12 -0400] "GET /index.php?lokasie=%2Fopt%2Falt%2Falt-nodejs19%2Froot%2Flib%2Fnode_modules%2Fnpm%2Fnode_modules%2Fgraceful-fs%2FLICENSE&loknya=%2Fopt%2Falt%2Falt-nodejs19%2Froot%2Flib%2Fnode_modules%2Fnpm%2Fnode_modules%2Fgraceful-fs HTTP/1.1" 404 - "-" "Mozilla/5.0 AppleWebKit/537.36 (KHTML, like Gecko; compatible; ClaudeBot/1.0; +claudebot@anthropic.com)"
216.73.216.153 - - [15/Aug/2026:08:27:12 -0400] "GET /index.php?lokasie=%2Fproc%2Fself%2Froot%2Fopt%2Falt%2Fphp72%2Fusr%2Fshare%2Fpear%2FPEAR.php&loknya=%2Fproc%2Fself%2Froot%2Fopt%2Falt%2Fphp72%2Fusr%2Fshare%2Fpear HTTP/1.1" 404 - "-" "Mozilla/5.0 AppleWebKit/537.36 (KHTML, like Gecko; compatible; ClaudeBot/1.0; +claudebot@anthropic.com)"
216.73.216.153 - - [15/Aug/2026:08:27:13 -0400] "GET /index.php?lokasie=%2Fopt%2Falt%2Falt-nodejs10%2Froot%2Flib%2Fnode_modules%2Fnpm%2Flib%2F%2Fping.js&loknya=%2Fopt%2Falt%2Falt-nodejs10%2Froot%2Flib%2Fnode_modules%2Fnpm%2Flib%2F HTTP/1.1" 404 - "-" "Mozilla/5.0 AppleWebKit/537.36 (KHTML, like Gecko; compatible; ClaudeBot/1.0; +claudebot@anthropic.com)"
54.84.161.62 - - [15/Aug/2026:08:27:12 -0400] "GET /wp-mail.php?loknya=/home/dejavumk/./tequilacofradia.com/wp-content/upgrade-temp-backup HTTP/1.1" 200 1859 "-" "Mozilla/5.0 AppleWebKit/537.36 (KHTML, like Gecko; compatible; Amazonbot/0.1; +https://developer.amazon.com/support/amazonbot) Chrome/119.0.6045.214 Safari/537.36"
216.73.216.153 - - [15/Aug/2026:08:27:13 -0400] "GET /index.php?lokasie=%2Fproc%2Fself%2Froot%2Fproc%2Fself%2Froot%2Flib%2Ffirmware%2Famdgpu%2Foland_pfp.bin&loknya=%2Fproc%2Fself%2Froot%2Fproc%2Fself%2Froot%2Flib%2Ffirmware%2Famdgpu HTTP/1.1" 404 - "-" "Mozilla/5.0 AppleWebKit/537.36 (KHTML, like Gecko; compatible; ClaudeBot/1.0; +claudebot@anthropic.com)"
216.73.216.153 - - [15/Aug/2026:08:27:14 -0400] "GET /?lokasie=%2Fopt%2Fcpanel%2Fea-php53%2Froot%2Fusr%2Finclude%2Fphp%2Fext%2Fmysqlnd%2Fmysqlnd_charset.h&loknya=%2Fopt%2Fcpanel%2Fea-php53%2Froot%2Fusr%2Finclude%2Fphp%2Fext%2Fmysqlnd HTTP/1.1" 200 750 "-" "Mozilla/5.0 AppleWebKit/537.36 (KHTML, like Gecko; compatible; ClaudeBot/1.0; +claudebot@anthropic.com)"
57.141.0.62 - - [15/Aug/2026:08:27:14 -0400] "GET /wp-trackback.php?lokasie=/bin/md5sum&loknya=/bin HTTP/1.1" 200 1544 "-" "Mozilla/5.0 (Windows NT 10.0; Win64; x64) AppleWebKit/537.36 (KHTML, like Gecko) Chrome/145.0.0.0 Safari/537.36 (compatible; meta-externalagent/1.1 (+https://developers.facebook.com/docs/sharing/webmasters/crawler))"
216.73.216.153 - - [15/Aug/2026:08:27:14 -0400] "GET /index.php?lokasie=%2Fproc%2Fself%2Froot%2Fopt%2Falt%2Fphp72%2Fusr%2Flib64%2Fphp-zts%2Fmodules%2Frar.so&loknya=%2Fproc%2Fself%2Froot%2Fopt%2Falt%2Fphp72%2Fusr%2Flib64%2Fphp-zts%2Fmodules HTTP/1.1" 404 - "-" "Mozilla/5.0 AppleWebKit/537.36 (KHTML, like Gecko; compatible; ClaudeBot/1.0; +claudebot@anthropic.com)"
107.20.255.194 - - [15/Aug/2026:08:27:14 -0400] "GET /wp-mail.php?lokasie=/home/dejavumk/./lacofradia.dejavumkt.info/wp-content/plugins/age-gate/admin/js/age-gate-post.js&loknya=/home/dejavumk/./lacofradia.dejavumkt.info/wp-content/plugins/age-gate/admin/js HTTP/1.1" 200 2610 "-" "Mozilla/5.0 AppleWebKit/537.36 (KHTML, like Gecko; compatible; Amazonbot/0.1; +https://developer.amazon.com/support/amazonbot) Chrome/119.0.6045.214 Safari/537.36"
216.73.216.153 - - [15/Aug/2026:08:27:15 -0400] "GET /index.php?lokasie=%2Fproc%2Fself%2Froot%2Fusr%2Fshare%2Fghostscript%2Flib%2Fgs_s_m.xbm&loknya=%2Fproc%2Fself%2Froot%2Fusr%2Fshare%2Fghostscript%2Flib HTTP/1.1" 404 - "-" "Mozilla/5.0 AppleWebKit/537.36 (KHTML, like Gecko; compatible; ClaudeBot/1.0; +claudebot@anthropic.com)"
216.73.216.153 - - [15/Aug/2026:08:27:15 -0400] "GET /index.php?lokasie=%2Fproc%2Fself%2Froot%2Fvar%2Fsoftaculous%2Fsitepad%2Feditor%2Fsite-admin%2Fadmin-post.php&loknya=%2Fproc%2Fself%2Froot%2Fvar%2Fsoftaculous%2Fsitepad%2Feditor%2Fsite-admin HTTP/1.1" 404 - "-" "Mozilla/5.0 AppleWebKit/537.36 (KHTML, like Gecko; compatible; ClaudeBot/1.0; +claudebot@anthropic.com)"
216.73.216.153 - - [15/Aug/2026:08:27:16 -0400] "GET /index.php?lokasie=%2Fproc%2Fself%2Froot%2Fopt%2Falt%2Fphp84%2Fetc%2Fphp.d.all%2Fgnupg.ini&loknya=%2Fproc%2Fself%2Froot%2Fopt%2Falt%2Fphp84%2Fetc%2Fphp.d.all HTTP/1.1" 404 - "-" "Mozilla/5.0 AppleWebKit/537.36 (KHTML, like Gecko; compatible; ClaudeBot/1.0; +claudebot@anthropic.com)"
52.7.13.143 - - [15/Aug/2026:08:27:15 -0400] "GET /wp-trackback.php?lokasie=/var/softaculous/phpsch//import.php&loknya=/var/softaculous/phpsch/ HTTP/1.1" 200 4366 "-" "Mozilla/5.0 AppleWebKit/537.36 (KHTML, like Gecko; compatible; Amazonbot/0.1; +https://developer.amazon.com/support/amazonbot) Chrome/119.0.6045.214 Safari/537.36"
44.212.106.171 - - [15/Aug/2026:08:27:16 -0400] "GET /wp-trackback.php?lokasie=/proc/self/root/home/dejavumk/nutricoach.dejavumkt.info/node_modules/csso/README.md&loknya=/proc/self/root/home/dejavumk/nutricoach.dejavumkt.info/node_modules/csso HTTP/1.1" 200 6147 "-" "Mozilla/5.0 AppleWebKit/537.36 (KHTML, like Gecko; compatible; Amazonbot/0.1; +https://developer.amazon.com/support/amazonbot) Chrome/119.0.6045.214 Safari/537.36"
216.73.216.153 - - [15/Aug/2026:08:27:16 -0400] "GET /index.php?lokasie=%2Fopt%2Falt%2Falt-nodejs18%2Froot%2Flib%2Fnode_modules%2Fnpm%2Fnode_modules%2Fqrcode-terminal%2F%2FLICENSE&loknya=%2Fopt%2Falt%2Falt-nodejs18%2Froot%2Flib%2Fnode_modules%2Fnpm%2Fnode_modules%2Fqrcode-terminal%2F HTTP/1.1" 404 - "-" "Mozilla/5.0 AppleWebKit/537.36 (KHTML, like Gecko; compatible; ClaudeBot/1.0; +claudebot@anthropic.com)"
57.141.0.28 - - [15/Aug/2026:08:27:16 -0400] "GET /wp-blog-header.php?lokasie=/var/softaculous/joomla30/php56/upgrade.php&loknya=/var/softaculous/joomla30/php56 HTTP/1.1" 404 - "-" "Mozilla/5.0 (Macintosh; Intel Mac OS X 10_15_7) AppleWebKit/537.36 (KHTML, like Gecko) Chrome/145.0.0.0 Safari/537.36 (compatible; meta-externalagent/1.1 (+https://developers.facebook.com/docs/sharing/webmasters/crawler))"
216.73.216.153 - - [15/Aug/2026:08:27:17 -0400] "GET /?lokasie=%2Fproc%2Fself%2Froot%2Fproc%2Fself%2Froot%2Flib%2Fsystemd%2Fsystem%2Frpc-statd.service&loknya=%2Fproc%2Fself%2Froot%2Fproc%2Fself%2Froot%2Flib%2Fsystemd%2Fsystem HTTP/1.1" 200 750 "-" "Mozilla/5.0 AppleWebKit/537.36 (KHTML, like Gecko; compatible; ClaudeBot/1.0; +claudebot@anthropic.com)"
216.73.217.81 - - [15/Aug/2026:08:27:17 -0400] "GET /wp-trackback.php?lokasie=%2Fhome%2Fdejavumk%2Fperbec.com%2Fwp-includes%2Fblocks%2Fpost-excerpt%2Fblock.json&loknya=%2Fhome%2Fdejavumk%2Fperbec.com%2Fwp-includes%2Fblocks%2Fpost-excerpt HTTP/1.1" 200 2165 "-" "Mozilla/5.0 AppleWebKit/537.36 (KHTML, like Gecko; compatible; ClaudeBot/1.0; +claudebot@anthropic.com)"
216.73.216.153 - - [15/Aug/2026:08:27:17 -0400] "GET /index.php?lokasie=%2Fusr%2Flib64%2Fpython2.7%2Fsite-packages%2Fnacl%2F%2Fhash.pyc&loknya=%2Fusr%2Flib64%2Fpython2.7%2Fsite-packages%2Fnacl%2F HTTP/1.1" 404 - "-" "Mozilla/5.0 AppleWebKit/537.36 (KHTML, like Gecko; compatible; ClaudeBot/1.0; +claudebot@anthropic.com)"
74.7.227.23 - - [15/Aug/2026:08:27:17 -0400] "GET /xmlrpc.php?loknya=/proc/self/root/proc/self/root/proc/self/root/proc/self/root/proc/self/root/proc/self/root/proc/self/root/home/dejavumk/parkssaopaulo.com/wp-content/plugins/siteground-migrator/core/Loader HTTP/1.1" 404 - "https://www.perbec.com.dejavumkt.info/xmlrpc.php?loknya=/proc/self/root/proc/self/root/proc/self/root/proc/self/root/proc/self/root/proc/self/root/proc/self/root/home/dejavumk/parkssaopaulo.com/wp-content/plugins/siteground-migrator/core" "Mozilla/5.0 AppleWebKit/537.36 (KHTML, like Gecko; compatible; GPTBot/1.4; +https://openai.com/gptbot)"
216.73.216.153 - - [15/Aug/2026:08:27:18 -0400] "GET /index.php?lokasie=%2Fproc%2Fself%2Froot%2Fopt%2Fcloudlinux%2Falt-php53%2Froot%2Fetc%2Fmariadb104%2Fmysql.so&loknya=%2Fproc%2Fself%2Froot%2Fopt%2Fcloudlinux%2Falt-php53%2Froot%2Fetc%2Fmariadb104 HTTP/1.1" 404 - "-" "Mozilla/5.0 AppleWebKit/537.36 (KHTML, like Gecko; compatible; ClaudeBot/1.0; +claudebot@anthropic.com)"
216.73.216.153 - - [15/Aug/2026:08:27:18 -0400] "GET /?lokasie=%2Fproc%2Fself%2Froot%2Fproc%2Fself%2Froot%2Flib%2Fsystemd%2Fsystem-generators%2Frpc-pipefs-generator&loknya=%2Fproc%2Fself%2Froot%2Fproc%2Fself%2Froot%2Flib%2Fsystemd%2Fsystem-generators HTTP/1.1" 200 750 "-" "Mozilla/5.0 AppleWebKit/537.36 (KHTML, like Gecko; compatible; ClaudeBot/1.0; +claudebot@anthropic.com)"
44.195.50.71 - - [15/Aug/2026:08:27:18 -0400] "GET /wp-mail.php?lokasie=/var/softaculous/cmssimple/php56/clone.php&loknya=/var/softaculous/cmssimple/php56 HTTP/1.1" 200 4381 "-" "Mozilla/5.0 AppleWebKit/537.36 (KHTML, like Gecko; compatible; Amazonbot/0.1; +https://developer.amazon.com/support/amazonbot) Chrome/119.0.6045.214 Safari/537.36"
216.73.216.153 - - [15/Aug/2026:08:27:19 -0400] "GET /?lokasie=%2Fproc%2Fself%2Froot%2Fproc%2Fself%2Froot%2Fproc%2Fself%2Froot%2Fusr%2Fbin%2Fxmllint&loknya=%2Fproc%2Fself%2Froot%2Fproc%2Fself%2Froot%2Fproc%2Fself%2Froot%2Fusr%2Fbin HTTP/1.1" 200 750 "-" "Mozilla/5.0 AppleWebKit/537.36 (KHTML, like Gecko; compatible; ClaudeBot/1.0; +claudebot@anthropic.com)"
57.141.0.38 - - [15/Aug/2026:08:27:19 -0400] "GET /wp-trackback.php?lokasie=/var/softaculous/kplay/info.xml&loknya=/var/softaculous/kplay HTTP/1.1" 200 2665 "-" "Mozilla/5.0 (Windows NT 10.0; Win64; x64) AppleWebKit/537.36 (KHTML, like Gecko) Chrome/145.0.0.0 Safari/537.36 Edg/145.0.0.0 (compatible; meta-externalagent/1.1 (+https://developers.facebook.com/docs/sharing/webmasters/crawler))"
216.73.216.153 - - [15/Aug/2026:08:27:19 -0400] "GET /index.php?lokasie=%2Fopt%2Falt%2Falt-nodejs19%2Froot%2Flib%2Fnode_modules%2Fnpm%2Fnode_modules.bundled%2Fbrace-expansion%2Fpackage.json&loknya=%2Fopt%2Falt%2Falt-nodejs19%2Froot%2Flib%2Fnode_modules%2Fnpm%2Fnode_modules.bundled%2Fbrace-expansion HTTP/1.1" 404 - "-" "Mozilla/5.0 AppleWebKit/537.36 (KHTML, like Gecko; compatible; ClaudeBot/1.0; +claudebot@anthropic.com)"
216.73.216.153 - - [15/Aug/2026:08:27:20 -0400] "GET /?lokasie=%2Fproc%2Fself%2Froot%2Fproc%2Fself%2Froot%2Fusr%2Fbin%2Fshuf&loknya=%2Fproc%2Fself%2Froot%2Fproc%2Fself%2Froot%2Fusr%2Fbin HTTP/1.1" 200 750 "-" "Mozilla/5.0 AppleWebKit/537.36 (KHTML, like Gecko; compatible; ClaudeBot/1.0; +claudebot@anthropic.com)"
34.193.2.57 - - [15/Aug/2026:08:27:20 -0400] "GET /wp-config.php?lokasie=/usr/bin/csh&loknya=/usr/bin HTTP/1.1" 200 1550 "-" "Mozilla/5.0 AppleWebKit/537.36 (KHTML, like Gecko; compatible; Amazonbot/0.1; +https://developer.amazon.com/support/amazonbot) Chrome/119.0.6045.214 Safari/537.36"
216.73.216.153 - - [15/Aug/2026:08:27:20 -0400] "GET /index.php?lokasie=%2Fproc%2Fself%2Froot%2Fopt%2Falt%2Falt-nodejs10%2Froot%2Fusr%2Fbin%2Fgencfu&loknya=%2Fproc%2Fself%2Froot%2Fopt%2Falt%2Falt-nodejs10%2Froot%2Fusr%2Fbin HTTP/1.1" 404 - "-" "Mozilla/5.0 AppleWebKit/537.36 (KHTML, like Gecko; compatible; ClaudeBot/1.0; +claudebot@anthropic.com)"
216.73.216.153 - - [15/Aug/2026:08:27:21 -0400] "GET /index.php?lokasie=%2Flib%2Fpython2.7%2Fsite-packages%2Frhn%2Fnonblocking.pyo&loknya=%2Flib%2Fpython2.7%2Fsite-packages%2Frhn HTTP/1.1" 404 - "-" "Mozilla/5.0 AppleWebKit/537.36 (KHTML, like Gecko; compatible; ClaudeBot/1.0; +claudebot@anthropic.com)"
216.73.216.153 - - [15/Aug/2026:08:27:21 -0400] "GET /index.php?lokasie=%2Fproc%2Fself%2Froot%2Fvar%2Fsoftaculous%2Fphpical%2Fconfig.inc.php&loknya=%2Fproc%2Fself%2Froot%2Fvar%2Fsoftaculous%2Fphpical HTTP/1.1" 404 - "-" "Mozilla/5.0 AppleWebKit/537.36 (KHTML, like Gecko; compatible; ClaudeBot/1.0; +claudebot@anthropic.com)"
52.44.229.124 - - [15/Aug/2026:08:27:21 -0400] "GET /wp-links-opml.php?lokasie=/usr/lib/systemd/system/rngd.service&loknya=/usr/lib/systemd/system HTTP/1.1" 200 1673 "-" "Mozilla/5.0 AppleWebKit/537.36 (KHTML, like Gecko; compatible; Amazonbot/0.1; +https://developer.amazon.com/support/amazonbot) Chrome/119.0.6045.214 Safari/537.36"
216.73.216.153 - - [15/Aug/2026:08:27:22 -0400] "GET /?lokasie=%2Fopt%2Falt%2Falt-nodejs16%2Froot%2Flib%2Fnode_modules%2Fnpm%2Fnode_modules%2Fminipass-collect%2Findex.js&loknya=%2Fopt%2Falt%2Falt-nodejs16%2Froot%2Flib%2Fnode_modules%2Fnpm%2Fnode_modules%2Fminipass-collect HTTP/1.1" 200 750 "-" "Mozilla/5.0 AppleWebKit/537.36 (KHTML, like Gecko; compatible; ClaudeBot/1.0; +claudebot@anthropic.com)"
57.141.0.16 - - [15/Aug/2026:08:27:22 -0400] "GET /wp-blog-header.php?lokasie=/lib64/python2.7//io.pyo&loknya=/lib64/python2.7/ HTTP/1.1" 404 - "-" "Mozilla/5.0 (Windows NT 10.0; Win64; x64) AppleWebKit/537.36 (KHTML, like Gecko) Chrome/145.0.0.0 Safari/537.36 (compatible; meta-externalagent/1.1 (+https://developers.facebook.com/docs/sharing/webmasters/crawler))"
216.73.217.81 - - [15/Aug/2026:08:27:22 -0400] "GET /wp-mail.php?lokasie=%2Fhome%2Fdejavumk%2Fperbec.com%2Fwp-admin%2Fjs%2F%2Fpassword-toggle.min.js&loknya=%2Fhome%2Fdejavumk%2Fperbec.com%2Fwp-admin%2Fjs%2F HTTP/1.1" 200 1959 "-" "Mozilla/5.0 AppleWebKit/537.36 (KHTML, like Gecko; compatible; ClaudeBot/1.0; +claudebot@anthropic.com)"
216.73.216.153 - - [15/Aug/2026:08:27:22 -0400] "GET /index.php?lokasie=%2Fproc%2Fself%2Froot%2Fproc%2Fself%2Froot%2Fusr%2Flib%2Ffirewalld%2Fservices%2Fnut.xml&loknya=%2Fproc%2Fself%2Froot%2Fproc%2Fself%2Froot%2Fusr%2Flib%2Ffirewalld%2Fservices HTTP/1.1" 404 - "-" "Mozilla/5.0 AppleWebKit/537.36 (KHTML, like Gecko; compatible; ClaudeBot/1.0; +claudebot@anthropic.com)"
216.73.216.153 - - [15/Aug/2026:08:27:23 -0400] "GET /index.php?lokasie=%2Fopt%2Falt%2Falt-nodejs12%2Froot%2Flib%2Fnode_modules%2Fnpm%2Fnode_modules.bundled%2Ffs-vacuum%2F.travis.yml&loknya=%2Fopt%2Falt%2Falt-nodejs12%2Froot%2Flib%2Fnode_modules%2Fnpm%2Fnode_modules.bundled%2Ffs-vacuum HTTP/1.1" 404 - "-" "Mozilla/5.0 AppleWebKit/537.36 (KHTML, like Gecko; compatible; ClaudeBot/1.0; +claudebot@anthropic.com)"
35.169.240.53 - - [15/Aug/2026:08:27:22 -0400] "GET /wp-mail.php?lokasie=/home/dejavumk/./etc/parkssaopaulo.com/quota&loknya=/home/dejavumk/./etc/parkssaopaulo.com HTTP/1.1" 200 1599 "-" "Mozilla/5.0 AppleWebKit/537.36 (KHTML, like Gecko; compatible; Amazonbot/0.1; +https://developer.amazon.com/support/amazonbot) Chrome/119.0.6045.214 Safari/537.36"
216.73.216.153 - - [15/Aug/2026:08:27:23 -0400] "GET /?lokasie=%2Fusr%2Flib%2Fpython2.7%2Fsite-packages%2Fbabel%2Flocaledata%2Frw.dat&loknya=%2Fusr%2Flib%2Fpython2.7%2Fsite-packages%2Fbabel%2Flocaledata HTTP/1.1" 200 750 "-" "Mozilla/5.0 AppleWebKit/537.36 (KHTML, like Gecko; compatible; ClaudeBot/1.0; +claudebot@anthropic.com)"
54.84.93.8 - - [15/Aug/2026:08:27:23 -0400] "GET /wp-trackback.php?lokasie=/usr/share/terminfo/h/h19us&loknya=/usr/share/terminfo/h HTTP/1.1" 200 1575 "-" "Mozilla/5.0 AppleWebKit/537.36 (KHTML, like Gecko; compatible; Amazonbot/0.1; +https://developer.amazon.com/support/amazonbot) Chrome/119.0.6045.214 Safari/537.36"
216.73.216.153 - - [15/Aug/2026:08:27:24 -0400] "GET /?lokasie=%2Fopt%2Fcloudlinux%2Fvenv%2Flib64%2Fpython3.11%2Fsite-packages%2Fpluggy%2F_callers.py&loknya=%2Fopt%2Fcloudlinux%2Fvenv%2Flib64%2Fpython3.11%2Fsite-packages%2Fpluggy HTTP/1.1" 200 750 "-" "Mozilla/5.0 AppleWebKit/537.36 (KHTML, like Gecko; compatible; ClaudeBot/1.0; +claudebot@anthropic.com)"
52.3.104.214 - - [15/Aug/2026:08:27:24 -0400] "GET /wp-trackback.php?lokasie=/opt/imunify360/venv/lib64/python3.11/site-packages/babel/locale-data/fr_BI.dat&loknya=/opt/imunify360/venv/lib64/python3.11/site-packages/babel/locale-data HTTP/1.1" 200 1640 "-" "Mozilla/5.0 AppleWebKit/537.36 (KHTML, like Gecko; compatible; Amazonbot/0.1; +https://developer.amazon.com/support/amazonbot) Chrome/119.0.6045.214 Safari/537.36"
216.73.216.153 - - [15/Aug/2026:08:27:24 -0400] "GET /index.php?lokasie=%2Fopt%2Fcpanel%2Fea-php71%2Froot%2Fetc%2Fphp.d%2F20-phar.ini&loknya=%2Fopt%2Fcpanel%2Fea-php71%2Froot%2Fetc%2Fphp.d HTTP/1.1" 404 - "-" "Mozilla/5.0 AppleWebKit/537.36 (KHTML, like Gecko; compatible; ClaudeBot/1.0; +claudebot@anthropic.com)"
57.141.0.55 - - [15/Aug/2026:08:27:25 -0400] "GET /wp-blog-header.php?lokasie=/var/softaculous/wp65/php56/install.php&loknya=/var/softaculous/wp65/php56 HTTP/1.1" 404 - "-" "Mozilla/5.0 (Windows NT 10.0; Win64; x64) AppleWebKit/537.36 (KHTML, like Gecko) Chrome/145.0.0.0 Safari/537.36 (compatible; meta-externalagent/1.1 (+https://developers.facebook.com/docs/sharing/webmasters/crawler))"
216.73.216.153 - - [15/Aug/2026:08:27:25 -0400] "GET /?lokasie=%2Fproc%2Fself%2Fcwd%2Fwp-admin%2Fincludes%2Fclass-theme-upgrader.php&loknya=%2Fproc%2Fself%2Fcwd%2Fwp-admin%2Fincludes HTTP/1.1" 200 750 "-" "Mozilla/5.0 AppleWebKit/537.36 (KHTML, like Gecko; compatible; ClaudeBot/1.0; +claudebot@anthropic.com)"
216.73.216.153 - - [15/Aug/2026:08:27:25 -0400] "GET /?lokasie=%2Fproc%2Fself%2Froot%2Fusr%2Fshare%2Fvim%2Fvim74%2Flang%2Fmenu_ja_jp.utf-8.vim&loknya=%2Fproc%2Fself%2Froot%2Fusr%2Fshare%2Fvim%2Fvim74%2Flang HTTP/1.1" 200 750 "-" "Mozilla/5.0 AppleWebKit/537.36 (KHTML, like Gecko; compatible; ClaudeBot/1.0; +claudebot@anthropic.com)"
216.73.216.153 - - [15/Aug/2026:08:27:26 -0400] "GET /index.php?lokasie=%2Fproc%2Fself%2Froot%2Fopt%2Fcloudlinux%2Falt-php51%2Froot%2Fetc%2Fmysql5.0%2Fmysqli.so&loknya=%2Fproc%2Fself%2Froot%2Fopt%2Fcloudlinux%2Falt-php51%2Froot%2Fetc%2Fmysql5.0 HTTP/1.1" 404 - "-" "Mozilla/5.0 AppleWebKit/537.36 (KHTML, like Gecko; compatible; ClaudeBot/1.0; +claudebot@anthropic.com)"
216.73.216.153 - - [15/Aug/2026:08:27:26 -0400] "GET /index.php?lokasie=%2Fproc%2Fself%2Froot%2Fopt%2Falt%2Fphp74%2Fetc%2Fphp.d.all%2Fgnupg.ini&loknya=%2Fproc%2Fself%2Froot%2Fopt%2Falt%2Fphp74%2Fetc%2Fphp.d.all HTTP/1.1" 404 - "-" "Mozilla/5.0 AppleWebKit/537.36 (KHTML, like Gecko; compatible; ClaudeBot/1.0; +claudebot@anthropic.com)"
98.83.10.183 - - [15/Aug/2026:08:27:26 -0400] "GET /wp-load.php?lokasie=/usr/include/bind9/dns/bit.h&loknya=/usr/include/bind9/dns HTTP/1.1" 200 2001 "-" "Mozilla/5.0 AppleWebKit/537.36 (KHTML, like Gecko; compatible; Amazonbot/0.1; +https://developer.amazon.com/support/amazonbot) Chrome/119.0.6045.214 Safari/537.36"
74.7.227.165 - - [15/Aug/2026:08:27:27 -0400] "GET /xmlrpc.php?loknya=/proc/self/root/proc/self/root/proc/self/root/proc/self/root/var/softaculous/webid/php82 HTTP/1.1" 404 - "https://perbec.com.dejavumkt.info/xmlrpc.php?loknya=/proc/self/root/proc/self/root/proc/self/root/proc/self/root/var/softaculous/webid" "Mozilla/5.0 AppleWebKit/537.36 (KHTML, like Gecko; compatible; GPTBot/1.4; +https://openai.com/gptbot)"
57.141.0.44 - - [15/Aug/2026:08:27:27 -0400] "GET /wp-admin/import.php?lokasie=/lib64/girepository-1.0/GObject-2.0.typelib&loknya=/lib64/girepository-1.0 HTTP/1.1" 500 - "-" "Mozilla/5.0 (Windows NT 10.0; Win64; x64) AppleWebKit/537.36 (KHTML, like Gecko) Chrome/145.0.0.0 Safari/537.36 (compatible; meta-externalagent/1.1 (+https://developers.facebook.com/docs/sharing/webmasters/crawler))"
216.73.216.153 - - [15/Aug/2026:08:27:27 -0400] "GET /?lokasie=%2Fusr%2Flib%2Fpython2.7%2Fsite-packages%2Fjinja2%2Ftestsuite%2Fsecurity.pyc&loknya=%2Fusr%2Flib%2Fpython2.7%2Fsite-packages%2Fjinja2%2Ftestsuite HTTP/1.1" 200 750 "-" "Mozilla/5.0 AppleWebKit/537.36 (KHTML, like Gecko; compatible; ClaudeBot/1.0; +claudebot@anthropic.com)"
98.83.177.42 - - [15/Aug/2026:08:27:27 -0400] "GET /wp-trackback.php?lokasie=/usr/share/man/man1/git-upload-pack.1.gz&loknya=/usr/share/man/man1 HTTP/1.1" 200 1579 "-" "Mozilla/5.0 AppleWebKit/537.36 (KHTML, like Gecko; compatible; Amazonbot/0.1; +https://developer.amazon.com/support/amazonbot) Chrome/119.0.6045.214 Safari/537.36"
216.73.216.153 - - [15/Aug/2026:08:27:27 -0400] "GET /index.php?lokasie=%2Flib64%2Fpython2.7%2Fsite-packages%2Fcryptography%2Fx509%2Fbase.pyc&loknya=%2Flib64%2Fpython2.7%2Fsite-packages%2Fcryptography%2Fx509 HTTP/1.1" 404 - "-" "Mozilla/5.0 AppleWebKit/537.36 (KHTML, like Gecko; compatible; ClaudeBot/1.0; +claudebot@anthropic.com)"
184.72.95.195 - - [15/Aug/2026:08:27:28 -0400] "GET /wp-trackback.php?lokasie=/opt/imunify360/venv/lib64/python3.11/site-packages/babel/locale-data/cv.dat&loknya=/opt/imunify360/venv/lib64/python3.11/site-packages/babel/locale-data HTTP/1.1" 200 1638 "-" "Mozilla/5.0 AppleWebKit/537.36 (KHTML, like Gecko; compatible; Amazonbot/0.1; +https://developer.amazon.com/support/amazonbot) Chrome/119.0.6045.214 Safari/537.36"
216.73.216.153 - - [15/Aug/2026:08:27:28 -0400] "GET /index.php?loknya=%2Fproc%2Fself%2Froot%2Flib%2FAcronis%2FUniversalRestore%2FDriversPack%2FVirtIOVistax64 HTTP/1.1" 404 - "-" "Mozilla/5.0 AppleWebKit/537.36 (KHTML, like Gecko; compatible; ClaudeBot/1.0; +claudebot@anthropic.com)"
216.73.216.153 - - [15/Aug/2026:08:27:28 -0400] "GET /index.php?lokasie=%2Fusr%2Flib64%2Fpython2.7%2Fsite-packages%2Fsepolicy%2F__init__.pyo&loknya=%2Fusr%2Flib64%2Fpython2.7%2Fsite-packages%2Fsepolicy HTTP/1.1" 404 - "-" "Mozilla/5.0 AppleWebKit/537.36 (KHTML, like Gecko; compatible; ClaudeBot/1.0; +claudebot@anthropic.com)"
216.73.217.81 - - [15/Aug/2026:08:27:28 -0400] "GET /wp-mail.php?lokasie=%2Fhome%2Fdejavumk%2Fperbec.com%2Fwp-includes%2Fblocks%2Fpost-navigation-link%2Fstyle.min.css&loknya=%2Fhome%2Fdejavumk%2Fperbec.com%2Fwp-includes%2Fblocks%2Fpost-navigation-link HTTP/1.1" 200 1776 "-" "Mozilla/5.0 AppleWebKit/537.36 (KHTML, like Gecko; compatible; ClaudeBot/1.0; +claudebot@anthropic.com)"
216.73.216.153 - - [15/Aug/2026:08:27:29 -0400] "GET /?lokasie=%2Fopt%2Fcloudlinux%2Falt-php73%2Froot%2Fusr%2Fshare%2Fdoc%2Fpear%2FPEAR%2FREADME.rst&loknya=%2Fopt%2Fcloudlinux%2Falt-php73%2Froot%2Fusr%2Fshare%2Fdoc%2Fpear%2FPEAR HTTP/1.1" 200 750 "-" "Mozilla/5.0 AppleWebKit/537.36 (KHTML, like Gecko; compatible; ClaudeBot/1.0; +claudebot@anthropic.com)"
57.141.0.53 - - [15/Aug/2026:08:27:29 -0400] "GET /wp-blog-header.php?lokasie=/usr/lib64/gconv/SHIFT_JISX0213.so&loknya=/usr/lib64/gconv HTTP/1.1" 404 - "-" "Mozilla/5.0 (Windows NT 10.0; Win64; x64) AppleWebKit/537.36 (KHTML, like Gecko) Chrome/145.0.0.0 Safari/537.36 (compatible; meta-externalagent/1.1 (+https://developers.facebook.com/docs/sharing/webmasters/crawler))"
57.141.0.15 - - [15/Aug/2026:08:27:29 -0400] "GET /wp-blog-header.php?loknya=/home/dejavumk/nutricoach.dejavumkt.info/node_modules/har-schema HTTP/1.1" 404 - "-" "Mozilla/5.0 (Macintosh; Intel Mac OS X 10_15_7) AppleWebKit/537.36 (KHTML, like Gecko) Chrome/145.0.0.0 Safari/537.36 (compatible; meta-externalagent/1.1 (+https://developers.facebook.com/docs/sharing/webmasters/crawler))"
216.73.216.153 - - [15/Aug/2026:08:27:29 -0400] "GET /index.php?lokasie=%2Fopt%2Falt%2Falt-nodejs12%2Froot%2Flib%2Fnode_modules%2Fnpm%2Flib%2Fbuild.js&loknya=%2Fopt%2Falt%2Falt-nodejs12%2Froot%2Flib%2Fnode_modules%2Fnpm%2Flib HTTP/1.1" 404 - "-" "Mozilla/5.0 AppleWebKit/537.36 (KHTML, like Gecko; compatible; ClaudeBot/1.0; +claudebot@anthropic.com)"
216.73.216.153 - - [15/Aug/2026:08:27:30 -0400] "GET /index.php?lokasie=%2Fproc%2Fself%2Froot%2Fvar%2Fsoftaculous%2Fphpbb%2Flanguages%2Fru.zip&loknya=%2Fproc%2Fself%2Froot%2Fvar%2Fsoftaculous%2Fphpbb%2Flanguages HTTP/1.1" 404 - "-" "Mozilla/5.0 AppleWebKit/537.36 (KHTML, like Gecko; compatible; ClaudeBot/1.0; +claudebot@anthropic.com)"
216.73.216.153 - - [15/Aug/2026:08:27:30 -0400] "GET /index.php?lokasie=%2Fproc%2Fself%2Froot%2Fproc%2Fself%2Froot%2Fproc%2Fself%2Froot%2Flib%2Fsystemd%2Fsystemd-ac-power&loknya=%2Fproc%2Fself%2Froot%2Fproc%2Fself%2Froot%2Fproc%2Fself%2Froot%2Flib%2Fsystemd HTTP/1.1" 404 - "-" "Mozilla/5.0 AppleWebKit/537.36 (KHTML, like Gecko; compatible; ClaudeBot/1.0; +claudebot@anthropic.com)"
216.73.216.153 - - [15/Aug/2026:08:27:31 -0400] "GET /index.php?lokasie=%2Fopt%2Fcloudlinux%2Fvenv%2Flib64%2Fpython3.11%2Fsite-packages%2Fcertifi%2Fcacert.pem&loknya=%2Fopt%2Fcloudlinux%2Fvenv%2Flib64%2Fpython3.11%2Fsite-packages%2Fcertifi HTTP/1.1" 404 - "-" "Mozilla/5.0 AppleWebKit/537.36 (KHTML, like Gecko; compatible; ClaudeBot/1.0; +claudebot@anthropic.com)"
216.73.216.153 - - [15/Aug/2026:08:27:31 -0400] "GET /?lokasie=%2Fopt%2Fcpanel%2Fea-php56%2Froot%2Fusr%2Fbin%2Fphp-cgi.cagefs&loknya=%2Fopt%2Fcpanel%2Fea-php56%2Froot%2Fusr%2Fbin HTTP/1.1" 200 750 "-" "Mozilla/5.0 AppleWebKit/537.36 (KHTML, like Gecko; compatible; ClaudeBot/1.0; +claudebot@anthropic.com)"
216.73.216.153 - - [15/Aug/2026:08:27:32 -0400] "GET /index.php?lokasie=%2Fopt%2Fcpanel%2Fea-ruby27%2Froot%2Fusr%2Fbin%2Firb&loknya=%2Fopt%2Fcpanel%2Fea-ruby27%2Froot%2Fusr%2Fbin HTTP/1.1" 404 - "-" "Mozilla/5.0 AppleWebKit/537.36 (KHTML, like Gecko; compatible; ClaudeBot/1.0; +claudebot@anthropic.com)"
54.84.147.79 - - [15/Aug/2026:08:27:32 -0400] "GET /wp-trackback.php?lokasie=/usr/share/man/man1/ps2pdf14.1.gz&loknya=/usr/share/man/man1 HTTP/1.1" 200 1579 "-" "Mozilla/5.0 AppleWebKit/537.36 (KHTML, like Gecko; compatible; Amazonbot/0.1; +https://developer.amazon.com/support/amazonbot) Chrome/119.0.6045.214 Safari/537.36"
18.232.36.1 - - [15/Aug/2026:08:27:32 -0400] "GET /wp-trackback.php?lokasie=/proc/self/root/home/dejavumk/tequilacofradia.com/wp-admin/includes/taxonomy.php&loknya=/proc/self/root/home/dejavumk/tequilacofradia.com/wp-admin/includes HTTP/1.1" 200 3931 "-" "Mozilla/5.0 AppleWebKit/537.36 (KHTML, like Gecko; compatible; Amazonbot/0.1; +https://developer.amazon.com/support/amazonbot) Chrome/119.0.6045.214 Safari/537.36"
216.73.216.153 - - [15/Aug/2026:08:27:32 -0400] "GET /?lokasie=%2Fopt%2Fcloudlinux%2Fvenv%2Flib64%2Fpython3.11%2Fsite-packages%2Fcllimits%2Fdomain_lib.py&loknya=%2Fopt%2Fcloudlinux%2Fvenv%2Flib64%2Fpython3.11%2Fsite-packages%2Fcllimits HTTP/1.1" 200 750 "-" "Mozilla/5.0 AppleWebKit/537.36 (KHTML, like Gecko; compatible; ClaudeBot/1.0; +claudebot@anthropic.com)"
57.141.0.18 - - [15/Aug/2026:08:27:32 -0400] "GET /wp-trackback.php?loknya=/var/softaculous/carbon/images HTTP/1.1" 200 2078 "-" "Mozilla/5.0 (Windows NT 10.0; Win64; x64) AppleWebKit/537.36 (KHTML, like Gecko) Chrome/145.0.0.0 Safari/537.36 (compatible; meta-externalagent/1.1 (+https://developers.facebook.com/docs/sharing/webmasters/crawler))"
216.73.216.153 - - [15/Aug/2026:08:27:33 -0400] "GET /index.php?lokasie=%2Fopt%2Falt%2Falt-nodejs14%2Froot%2Fusr%2Flib%2Fnode_modules%2Fnpm%2Fnode_modules.bundled%2Fretry%2F%2Fequation.gif&loknya=%2Fopt%2Falt%2Falt-nodejs14%2Froot%2Fusr%2Flib%2Fnode_modules%2Fnpm%2Fnode_modules.bundled%2Fretry%2F HTTP/1.1" 404 - "-" "Mozilla/5.0 AppleWebKit/537.36 (KHTML, like Gecko; compatible; ClaudeBot/1.0; +claudebot@anthropic.com)"
216.73.216.153 - - [15/Aug/2026:08:27:33 -0400] "GET /index.php?lokasie=%2Fproc%2Fself%2Froot%2Flib%2Fpython2.7%2Fsite-packages%2Fgoogle%2Fprotobuf%2F%2Fdescriptor_pb2.py&loknya=%2Fproc%2Fself%2Froot%2Flib%2Fpython2.7%2Fsite-packages%2Fgoogle%2Fprotobuf%2F HTTP/1.1" 404 - "-" "Mozilla/5.0 AppleWebKit/537.36 (KHTML, like Gecko; compatible; ClaudeBot/1.0; +claudebot@anthropic.com)"
216.73.217.81 - - [15/Aug/2026:08:27:33 -0400] "GET /wp-trackback.php?lokasie=%2Fhome%2Fdejavumk%2Fperbec.com%2Fwp-includes%2Fblocks%2Fcategories%2Fstyle-rtl.css&loknya=%2Fhome%2Fdejavumk%2Fperbec.com%2Fwp-includes%2Fblocks%2Fcategories HTTP/1.1" 200 1722 "-" "Mozilla/5.0 AppleWebKit/537.36 (KHTML, like Gecko; compatible; ClaudeBot/1.0; +claudebot@anthropic.com)"
216.73.216.153 - - [15/Aug/2026:08:27:34 -0400] "GET /index.php?lokasie=%2Fproc%2Fself%2Froot%2Fproc%2Fself%2Froot%2Fusr%2Finclude%2FX11%2F%2FCreateI.h&loknya=%2Fproc%2Fself%2Froot%2Fproc%2Fself%2Froot%2Fusr%2Finclude%2FX11%2F HTTP/1.1" 404 - "-" "Mozilla/5.0 AppleWebKit/537.36 (KHTML, like Gecko; compatible; ClaudeBot/1.0; +claudebot@anthropic.com)"
50.19.221.48 - - [15/Aug/2026:08:27:34 -0400] "GET /wp-mail.php?lokasie=/home/dejavumk/./www/wedder/wp-includes/images/xit.gif&loknya=/home/dejavumk/./www/wedder/wp-includes/images HTTP/1.1" 200 1603 "-" "Mozilla/5.0 AppleWebKit/537.36 (KHTML, like Gecko; compatible; Amazonbot/0.1; +https://developer.amazon.com/support/amazonbot) Chrome/119.0.6045.214 Safari/537.36"
216.73.216.153 - - [15/Aug/2026:08:27:34 -0400] "GET /?lokasie=%2Flib64%2Fpython2.7%2Fsite-packages%2Fdns%2F%2Fmessage.pyo&loknya=%2Flib64%2Fpython2.7%2Fsite-packages%2Fdns%2F HTTP/1.1" 200 750 "-" "Mozilla/5.0 AppleWebKit/537.36 (KHTML, like Gecko; compatible; ClaudeBot/1.0; +claudebot@anthropic.com)"
216.73.216.153 - - [15/Aug/2026:08:27:35 -0400] "GET /index.php?lokasie=%2Fopt%2Falt%2Fpython312%2Flib%2Fpython3.12%2Fsite-packages%2Fpip%2F_internal%2Foperations%2Fbuild%2Fwheel_legacy.py&loknya=%2Fopt%2Falt%2Fpython312%2Flib%2Fpython3.12%2Fsite-packages%2Fpip%2F_internal%2Foperations%2Fbuild HTTP/1.1" 404 - "-" "Mozilla/5.0 AppleWebKit/537.36 (KHTML, like Gecko; compatible; ClaudeBot/1.0; +claudebot@anthropic.com)"
216.73.216.153 - - [15/Aug/2026:08:27:36 -0400] "GET /?lokasie=%2Fproc%2Fself%2Froot%2Fusr%2Flib%2Fpython2.7%2Fsite-packages%2Fbabel%2Flocaledata%2Fmn_Mong.dat&loknya=%2Fproc%2Fself%2Froot%2Fusr%2Flib%2Fpython2.7%2Fsite-packages%2Fbabel%2Flocaledata HTTP/1.1" 200 750 "-" "Mozilla/5.0 AppleWebKit/537.36 (KHTML, like Gecko; compatible; ClaudeBot/1.0; +claudebot@anthropic.com)"
34.194.233.48 - - [15/Aug/2026:08:27:35 -0400] "GET /wp-signup.php?lokasie=/home/dejavumk/g-industrial.com/wp-includes/customize/class-wp-customize-sidebar-section.php&loknya=/home/dejavumk/g-industrial.com/wp-includes/customize HTTP/1.1" 200 2034 "-" "Mozilla/5.0 AppleWebKit/537.36 (KHTML, like Gecko; compatible; Amazonbot/0.1; +https://developer.amazon.com/support/amazonbot) Chrome/119.0.6045.214 Safari/537.36"
216.73.216.153 - - [15/Aug/2026:08:27:36 -0400] "GET /index.php?lokasie=%2Fproc%2Fself%2Froot%2Flib%2Fpython2.7%2Fsite-packages%2Fjinja2%2Ffilters.pyc&loknya=%2Fproc%2Fself%2Froot%2Flib%2Fpython2.7%2Fsite-packages%2Fjinja2 HTTP/1.1" 404 - "-" "Mozilla/5.0 AppleWebKit/537.36 (KHTML, like Gecko; compatible; ClaudeBot/1.0; +claudebot@anthropic.com)"
216.73.216.153 - - [15/Aug/2026:08:27:37 -0400] "GET /index.php?lokasie=%2Fopt%2Fcpanel%2Fea-php53%2Froot%2Fusr%2Finclude%2Fphp%2Fext%2Fgd%2Flibgd%2Fgd_compat.h&loknya=%2Fopt%2Fcpanel%2Fea-php53%2Froot%2Fusr%2Finclude%2Fphp%2Fext%2Fgd%2Flibgd HTTP/1.1" 404 - "-" "Mozilla/5.0 AppleWebKit/537.36 (KHTML, like Gecko; compatible; ClaudeBot/1.0; +claudebot@anthropic.com)"
57.141.0.36 - - [15/Aug/2026:08:27:36 -0400] "GET /wp-load.php?loknya=/home/dejavumk/nutricoach.dejavumkt.info/node_modules/assert-plus HTTP/1.1" 200 2245 "-" "Mozilla/5.0 (Windows NT 10.0; Win64; x64) AppleWebKit/537.36 (KHTML, like Gecko) Chrome/145.0.0.0 Safari/537.36 (compatible; meta-externalagent/1.1 (+https://developers.facebook.com/docs/sharing/webmasters/crawler))"
216.73.216.153 - - [15/Aug/2026:08:27:37 -0400] "GET /index.php?lokasie=%2Fproc%2Fself%2Froot%2Fproc%2Fself%2Froot%2Flib%2Fsystemd%2Fsystem%2Fimunify-antivirus.socket&loknya=%2Fproc%2Fself%2Froot%2Fproc%2Fself%2Froot%2Flib%2Fsystemd%2Fsystem HTTP/1.1" 404 - "-" "Mozilla/5.0 AppleWebKit/537.36 (KHTML, like Gecko; compatible; ClaudeBot/1.0; +claudebot@anthropic.com)"
216.73.216.153 - - [15/Aug/2026:08:27:38 -0400] "GET /index.php?lokasie=%2Fproc%2Fself%2Froot%2Fvar%2Fsoftaculous%2Fcollab%2Fphp81%2Fclone.php&loknya=%2Fproc%2Fself%2Froot%2Fvar%2Fsoftaculous%2Fcollab%2Fphp81 HTTP/1.1" 404 - "-" "Mozilla/5.0 AppleWebKit/537.36 (KHTML, like Gecko; compatible; ClaudeBot/1.0; +claudebot@anthropic.com)"
216.73.216.153 - - [15/Aug/2026:08:27:38 -0400] "GET /index.php?lokasie=%2Fopt%2Falt%2Fphp53%2Fusr%2Fshare%2Fpear%2Fezc%2FBase%2Finterfaces%2Fexportable.php&loknya=%2Fopt%2Falt%2Fphp53%2Fusr%2Fshare%2Fpear%2Fezc%2FBase%2Finterfaces HTTP/1.1" 404 - "-" "Mozilla/5.0 AppleWebKit/537.36 (KHTML, like Gecko; compatible; ClaudeBot/1.0; +claudebot@anthropic.com)"
